{"id":148,"date":"2021-03-24T20:45:47","date_gmt":"2021-03-24T19:45:47","guid":{"rendered":"https:\/\/innovexalgerie.com\/machines2\/?post_type=product&#038;p=148"},"modified":"2022-06-14T14:23:31","modified_gmt":"2022-06-14T13:23:31","slug":"tunnel-de-retraction-avec-refroidisseur-bse-5045a","status":"publish","type":"product","link":"https:\/\/innovexalgerie.com\/machines\/produit\/tunnel-de-retraction-avec-refroidisseur-bse-5045a\/","title":{"rendered":"Tunnel de r\u00e9traction avec refroidisseur BSE-5045A"},"content":{"rendered":"<p>Le tunnel de r\u00e9traction dot\u00e9 d\u2019un syst\u00e8me de refroidissement <strong>BSE-5045A<\/strong> peut \u00eatre combin\u00e9 aux soudeuses. Gr\u00e2ce a la bonne r\u00e9partition de chaleur le tunnel de r\u00e9traction avec refroidisseur permet de traiter efficacement des produits avec dimensions de 60\u00d750 cm sous film thermo-r\u00e9tractable, ce dernier s\u2019int\u00e8gre facilement dans des lignes de conditionnement et garantit un fonctionnement continu \u00e9nerg\u00e9tiquement efficace.<\/p>\n<ul>\n<li>Flux d&rsquo;air \u00e0 360 \u00b0 avec deux ventilateurs pour am\u00e9liorer le r\u00e9tr\u00e9cissement du film.<\/li>\n<li>Contr\u00f4le de temp\u00e9rature num\u00e9rique r\u00e9glable pour une vari\u00e9t\u00e9 de films.<\/li>\n<li>Syst\u00e8me de refroidissement compos\u00e9 de 03 ventilateurs puissants.<\/li>\n<li>Ventilateurs puissants pour la recirculation de l&rsquo;air dans le tunnel, en maintenant une r\u00e9partition uniforme de la chaleur et en augmentant l&rsquo;efficacit\u00e9.<\/li>\n<li>Tunnel enti\u00e8rement isol\u00e9 pour \u00e9viter les fuites de chaleur \u00e0 l&rsquo;ext\u00e9rieur.<\/li>\n<li>Vitesse r\u00e9glable de tapis transporteur par variateur de fr\u00e9quence.<\/li>\n<li>Pieds et roulettes pour mobilit\u00e9, stabilit\u00e9 et s\u00e9curit\u00e9 de la machine.<\/li>\n<li>Interrupteur d&rsquo;arr\u00eat d&rsquo;urgence en cas d&rsquo;urgence en cours d&rsquo;op\u00e9ration.<\/li>\n<li>Tapis transporteur \u00e0 rouleaux acier caoutchout\u00e9s.<\/li>\n<li>Double ventilation et optimisation du flux d&rsquo;air dans le tunnel.<\/li>\n<li>convoyeur \u00e0 rouleau recouvert de silicone de vitesse variable.<\/li>\n<li>Notre gamme de tunnel de r\u00e9traction vous permettra sans difficult\u00e9 de trouver celui qui vous conviendra.<\/li>\n<li>Nos tunnels s\u2019adaptent derri\u00e8re toute la gamme de nos soudeuses, mais bien \u00e9videmment des soudeuses de marques diff\u00e9rentes, quel que soit le film que vous utilisez la technologie de nos tunnels vous permettra de r\u00e9tracter vos colis sans difficult\u00e9.<\/li>\n<li>Machine conforme aux normes CE.<\/li>\n<\/ul>\n","protected":false},"excerpt":{"rendered":"<p>Tunnel de r\u00e9traction dot\u00e9 d\u2019un syst\u00e8me de refroidissement peut \u00eatre combin\u00e9 aux soudeuses, qui permet de traiter efficacement des produits parfaitement r\u00e9tract\u00e9 avec dimensions de 50 x\u00a0 45 cm sous film thermo-r\u00e9tractable.<img loading=\"lazy\" decoding=\"async\" class=\"alignnone size-full wp-image-30647\" src=\"https:\/\/innovexalgerie.com\/machines\/wp-content\/uploads\/2021\/10\/icon-tunnel-de-retraction-rs-5-innovex-machine.jpg\" alt=\"icon-tunnel-de-retraction-rs-5-innovex-machine\" width=\"891\" height=\"217\" srcset=\"https:\/\/innovexalgerie.com\/machines\/wp-content\/uploads\/2021\/10\/icon-tunnel-de-retraction-rs-5-innovex-machine.jpg 891w, https:\/\/innovexalgerie.com\/machines\/wp-content\/uploads\/2021\/10\/icon-tunnel-de-retraction-rs-5-innovex-machine-300x73.jpg 300w, https:\/\/innovexalgerie.com\/machines\/wp-content\/uploads\/2021\/10\/icon-tunnel-de-retraction-rs-5-innovex-machine-768x187.jpg 768w, https:\/\/innovexalgerie.com\/machines\/wp-content\/uploads\/2021\/10\/icon-tunnel-de-retraction-rs-5-innovex-machine-600x146.jpg 600w\" sizes=\"auto, (max-width: 891px) 100vw, 891px\" \/><\/p>\n","protected":false},"featured_media":233,"template":"","meta":{"_monsterinsights_skip_tracking":false,"_monsterinsights_sitenote_active":false,"_monsterinsights_sitenote_note":"","_monsterinsights_sitenote_category":0},"product_cat":[35,213],"product_tag":[31,63,64,65],"class_list":["post-148","product","type-product","status-publish","has-post-thumbnail","hentry","product_cat-fardeleuse-et-cellophaneuse","product_cat-tunnel-de-retraction","product_tag-fardeleuse","product_tag-four","product_tag-four-de-retraction","product_tag-tunnel-de-retraction"],"yoast_head":"<!-- This site is optimized with the Yoast SEO Premium plugin v16.2 (Yoast SEO v16.7) - https:\/\/yoast.com\/wordpress\/plugins\/seo\/ -->\n<title>Tunnel de r\u00e9traction avec refroidisseur BSE-5045A - Innovex Machines | Innovex Algerie<\/title>\n<meta name=\"description\" content=\"Gr\u00e2ce \u00e0 la bonne r\u00e9partition de chaleur le tunnel bse5045a de r\u00e9traction avec refroidisseur permet de traiter efficacement les produits.\" \/>\n<meta name=\"robots\" content=\"index, follow, max-snippet:-1, max-image-preview:large, max-video-preview:-1\" \/>\n<link rel=\"canonical\" href=\"https:\/\/innovexalgerie.com\/machines\/produit\/tunnel-de-retraction-avec-refroidisseur-bse-5045a\/\" \/>\n<meta property=\"og:locale\" content=\"fr_FR\" \/>\n<meta property=\"og:type\" content=\"article\" \/>\n<meta property=\"og:title\" content=\"Tunnel de r\u00e9traction avec refroidisseur BSE-5045A - Innovex Machines | Innovex Algerie\" \/>\n<meta property=\"og:description\" content=\"Gr\u00e2ce \u00e0 la bonne r\u00e9partition de chaleur le tunnel bse5045a de r\u00e9traction avec refroidisseur permet de traiter efficacement les produits.\" \/>\n<meta property=\"og:url\" content=\"https:\/\/innovexalgerie.com\/machines\/produit\/tunnel-de-retraction-avec-refroidisseur-bse-5045a\/\" \/>\n<meta property=\"og:site_name\" content=\"Innovex Machines | Innovex Algerie\" \/>\n<meta property=\"article:publisher\" content=\"https:\/\/www.facebook.com\/innovexmachine1\" \/>\n<meta property=\"article:modified_time\" content=\"2022-06-14T13:23:31+00:00\" \/>\n<meta property=\"og:image\" content=\"https:\/\/innovexalgerie.com\/machines\/wp-content\/uploads\/2021\/03\/tunnel-grand2.jpg\" \/>\n\t<meta property=\"og:image:width\" content=\"1000\" \/>\n\t<meta property=\"og:image:height\" content=\"1000\" \/>\n<meta name=\"twitter:card\" content=\"summary_large_image\" \/>\n<meta name=\"twitter:label1\" content=\"Dur\u00e9e de lecture est.\" \/>\n\t<meta name=\"twitter:data1\" content=\"2 minutes\" \/>\n<script type=\"application\/ld+json\" class=\"yoast-schema-graph\">{\"@context\":\"https:\/\/schema.org\",\"@graph\":[{\"@type\":\"WebSite\",\"@id\":\"https:\/\/innovexalgerie.com\/machines\/#website\",\"url\":\"https:\/\/innovexalgerie.com\/machines\/\",\"name\":\"Innovex Machines | Innovex Algerie\",\"description\":\"Fournisseur de machines d&#039;emballage et d&#039;imprimerie\",\"potentialAction\":[{\"@type\":\"SearchAction\",\"target\":{\"@type\":\"EntryPoint\",\"urlTemplate\":\"https:\/\/innovexalgerie.com\/machines\/?s={search_term_string}\"},\"query-input\":\"required name=search_term_string\"}],\"inLanguage\":\"fr-FR\"},{\"@type\":\"ImageObject\",\"@id\":\"https:\/\/innovexalgerie.com\/machines\/produit\/tunnel-de-retraction-avec-refroidisseur-bse-5045a\/#primaryimage\",\"inLanguage\":\"fr-FR\",\"url\":\"https:\/\/innovexalgerie.com\/machines\/wp-content\/uploads\/2021\/03\/tunnel-grand2.jpg\",\"contentUrl\":\"https:\/\/innovexalgerie.com\/machines\/wp-content\/uploads\/2021\/03\/tunnel-grand2.jpg\",\"width\":1000,\"height\":1000},{\"@type\":\"WebPage\",\"@id\":\"https:\/\/innovexalgerie.com\/machines\/produit\/tunnel-de-retraction-avec-refroidisseur-bse-5045a\/#webpage\",\"url\":\"https:\/\/innovexalgerie.com\/machines\/produit\/tunnel-de-retraction-avec-refroidisseur-bse-5045a\/\",\"name\":\"Tunnel de r\\u00e9traction avec refroidisseur BSE-5045A - Innovex Machines | Innovex Algerie\",\"isPartOf\":{\"@id\":\"https:\/\/innovexalgerie.com\/machines\/#website\"},\"primaryImageOfPage\":{\"@id\":\"https:\/\/innovexalgerie.com\/machines\/produit\/tunnel-de-retraction-avec-refroidisseur-bse-5045a\/#primaryimage\"},\"datePublished\":\"2021-03-24T19:45:47+00:00\",\"dateModified\":\"2022-06-14T13:23:31+00:00\",\"description\":\"Gr\\u00e2ce \\u00e0 la bonne r\\u00e9partition de chaleur le tunnel bse5045a de r\\u00e9traction avec refroidisseur permet de traiter efficacement les produits.\",\"breadcrumb\":{\"@id\":\"https:\/\/innovexalgerie.com\/machines\/produit\/tunnel-de-retraction-avec-refroidisseur-bse-5045a\/#breadcrumb\"},\"inLanguage\":\"fr-FR\",\"potentialAction\":[{\"@type\":\"ReadAction\",\"target\":[\"https:\/\/innovexalgerie.com\/machines\/produit\/tunnel-de-retraction-avec-refroidisseur-bse-5045a\/\"]}]},{\"@type\":\"BreadcrumbList\",\"@id\":\"https:\/\/innovexalgerie.com\/machines\/produit\/tunnel-de-retraction-avec-refroidisseur-bse-5045a\/#breadcrumb\",\"itemListElement\":[{\"@type\":\"ListItem\",\"position\":1,\"name\":\"Accueil\",\"item\":\"https:\/\/innovexalgerie.com\/machines\/\"},{\"@type\":\"ListItem\",\"position\":2,\"name\":\"Produits\",\"item\":\"https:\/\/innovexalgerie.com\/machines\/boutique\/\"},{\"@type\":\"ListItem\",\"position\":3,\"name\":\"Tunnel de r\\u00e9traction avec refroidisseur BSE-5045A\"}]}]}<\/script>\n<!-- \/ Yoast SEO Premium plugin. -->","yoast_head_json":{"title":"Tunnel de r\u00e9traction avec refroidisseur BSE-5045A - Innovex Machines | Innovex Algerie","description":"Gr\u00e2ce \u00e0 la bonne r\u00e9partition de chaleur le tunnel bse5045a de r\u00e9traction avec refroidisseur permet de traiter efficacement les produits.","robots":{"index":"index","follow":"follow","max-snippet":"max-snippet:-1","max-image-preview":"max-image-preview:large","max-video-preview":"max-video-preview:-1"},"canonical":"https:\/\/innovexalgerie.com\/machines\/produit\/tunnel-de-retraction-avec-refroidisseur-bse-5045a\/","og_locale":"fr_FR","og_type":"article","og_title":"Tunnel de r\u00e9traction avec refroidisseur BSE-5045A - Innovex Machines | Innovex Algerie","og_description":"Gr\u00e2ce \u00e0 la bonne r\u00e9partition de chaleur le tunnel bse5045a de r\u00e9traction avec refroidisseur permet de traiter efficacement les produits.","og_url":"https:\/\/innovexalgerie.com\/machines\/produit\/tunnel-de-retraction-avec-refroidisseur-bse-5045a\/","og_site_name":"Innovex Machines | Innovex Algerie","article_publisher":"https:\/\/www.facebook.com\/innovexmachine1","article_modified_time":"2022-06-14T13:23:31+00:00","og_image":[{"width":1000,"height":1000,"url":"https:\/\/innovexalgerie.com\/machines\/wp-content\/uploads\/2021\/03\/tunnel-grand2.jpg","path":"\/home\/inovex\/public_html\/machines\/wp-content\/uploads\/2021\/03\/tunnel-grand2.jpg","size":"full","id":233,"alt":"","pixels":1000000,"type":"image\/jpeg"}],"twitter_card":"summary_large_image","twitter_misc":{"Dur\u00e9e de lecture est.":"2 minutes"},"schema":{"@context":"https:\/\/schema.org","@graph":[{"@type":"WebSite","@id":"https:\/\/innovexalgerie.com\/machines\/#website","url":"https:\/\/innovexalgerie.com\/machines\/","name":"Innovex Machines | Innovex Algerie","description":"Fournisseur de machines d&#039;emballage et d&#039;imprimerie","potentialAction":[{"@type":"SearchAction","target":{"@type":"EntryPoint","urlTemplate":"https:\/\/innovexalgerie.com\/machines\/?s={search_term_string}"},"query-input":"required name=search_term_string"}],"inLanguage":"fr-FR"},{"@type":"ImageObject","@id":"https:\/\/innovexalgerie.com\/machines\/produit\/tunnel-de-retraction-avec-refroidisseur-bse-5045a\/#primaryimage","inLanguage":"fr-FR","url":"https:\/\/innovexalgerie.com\/machines\/wp-content\/uploads\/2021\/03\/tunnel-grand2.jpg","contentUrl":"https:\/\/innovexalgerie.com\/machines\/wp-content\/uploads\/2021\/03\/tunnel-grand2.jpg","width":1000,"height":1000},{"@type":"WebPage","@id":"https:\/\/innovexalgerie.com\/machines\/produit\/tunnel-de-retraction-avec-refroidisseur-bse-5045a\/#webpage","url":"https:\/\/innovexalgerie.com\/machines\/produit\/tunnel-de-retraction-avec-refroidisseur-bse-5045a\/","name":"Tunnel de r\u00e9traction avec refroidisseur BSE-5045A - Innovex Machines | Innovex Algerie","isPartOf":{"@id":"https:\/\/innovexalgerie.com\/machines\/#website"},"primaryImageOfPage":{"@id":"https:\/\/innovexalgerie.com\/machines\/produit\/tunnel-de-retraction-avec-refroidisseur-bse-5045a\/#primaryimage"},"datePublished":"2021-03-24T19:45:47+00:00","dateModified":"2022-06-14T13:23:31+00:00","description":"Gr\u00e2ce \u00e0 la bonne r\u00e9partition de chaleur le tunnel bse5045a de r\u00e9traction avec refroidisseur permet de traiter efficacement les produits.","breadcrumb":{"@id":"https:\/\/innovexalgerie.com\/machines\/produit\/tunnel-de-retraction-avec-refroidisseur-bse-5045a\/#breadcrumb"},"inLanguage":"fr-FR","potentialAction":[{"@type":"ReadAction","target":["https:\/\/innovexalgerie.com\/machines\/produit\/tunnel-de-retraction-avec-refroidisseur-bse-5045a\/"]}]},{"@type":"BreadcrumbList","@id":"https:\/\/innovexalgerie.com\/machines\/produit\/tunnel-de-retraction-avec-refroidisseur-bse-5045a\/#breadcrumb","itemListElement":[{"@type":"ListItem","position":1,"name":"Accueil","item":"https:\/\/innovexalgerie.com\/machines\/"},{"@type":"ListItem","position":2,"name":"Produits","item":"https:\/\/innovexalgerie.com\/machines\/boutique\/"},{"@type":"ListItem","position":3,"name":"Tunnel de r\u00e9traction avec refroidisseur BSE-5045A"}]}]}},"_links":{"self":[{"href":"https:\/\/innovexalgerie.com\/machines\/wp-json\/wp\/v2\/product\/148","targetHints":{"allow":["GET"]}}],"collection":[{"href":"https:\/\/innovexalgerie.com\/machines\/wp-json\/wp\/v2\/product"}],"about":[{"href":"https:\/\/innovexalgerie.com\/machines\/wp-json\/wp\/v2\/types\/product"}],"version-history":[{"count":6,"href":"https:\/\/innovexalgerie.com\/machines\/wp-json\/wp\/v2\/product\/148\/revisions"}],"predecessor-version":[{"id":30663,"href":"https:\/\/innovexalgerie.com\/machines\/wp-json\/wp\/v2\/product\/148\/revisions\/30663"}],"wp:featuredmedia":[{"embeddable":true,"href":"https:\/\/innovexalgerie.com\/machines\/wp-json\/wp\/v2\/media\/233"}],"wp:attachment":[{"href":"https:\/\/innovexalgerie.com\/machines\/wp-json\/wp\/v2\/media?parent=148"}],"wp:term":[{"taxonomy":"product_cat","embeddable":true,"href":"https:\/\/innovexalgerie.com\/machines\/wp-json\/wp\/v2\/product_cat?post=148"},{"taxonomy":"product_tag","embeddable":true,"href":"https:\/\/innovexalgerie.com\/machines\/wp-json\/wp\/v2\/product_tag?post=148"}],"curies":[{"name":"wp","href":"https:\/\/api.w.org\/{rel}","templated":true}]}}