{"id":192,"date":"2021-03-24T20:46:09","date_gmt":"2021-03-24T19:46:09","guid":{"rendered":"https:\/\/innovexalgerie.com\/machines2\/?post_type=product&#038;p=192"},"modified":"2022-06-21T11:45:21","modified_gmt":"2022-06-21T10:45:21","slug":"soudeuse-continue-avec-systeme-de-marquage-a-encre-solide-frbm-810ii","status":"publish","type":"product","link":"https:\/\/innovexalgerie.com\/machines\/produit\/soudeuse-continue-avec-systeme-de-marquage-a-encre-solide-frbm-810ii\/","title":{"rendered":"Soudeuse continue avec syst\u00e8me de marquage \u00e0 encre solide FRBM-810II"},"content":{"rendered":"<p>La machine soudeuse de sacs verticale <strong>FRBM-810II<\/strong> assure la fermeture de tous les mat\u00e9riaux thermoplastiques comprenait des PE et des PP de droite \u00e0 gauche et le marqueur est plac\u00e9 \u00e0 la fin de la machine. La prise de gaufrage permet d&rsquo;imprimer sur la ligne d&rsquo;\u00e9tanch\u00e9it\u00e9 avec un marqueur solide toute \u00e9criture sur le sachet. Id\u00e9ale pour les petites et moyennes productions, elle dispose d\u2019un convoyeur de 180 mm de largeur qui permet le passage des petits sacs en continue.<\/p>\n<p>La machine est \u00e9quip\u00e9e de marqueurs rotatif solide \u00e0 chaud et \u00e0 caract\u00e8res interchangeables pour mettre date de fabrication et d\u2019expiration ainsi que le num\u00e9ro de lot.<\/p>\n<ul>\n<li>Structure durable en acier inoxydable id\u00e9al pour les produits alimentaires.<\/li>\n<li>Marqueurs rotatif solide \u00e0 chaud\u00a0et \u00e0 caract\u00e8res interchangeables.<\/li>\n<li>La machine est \u00e9quip\u00e9e des lettres et des chiffres d\u2019\u00e9criture.<\/li>\n<li>Contr\u00f4le de temp\u00e9rature\u00a0num\u00e9rique.<\/li>\n<li>La t\u00eate de soudage est r\u00e9glable en hauteur.<\/li>\n<li>Convoyeur rotative de vitesse r\u00e9glable .<\/li>\n<li>\u00c9quip\u00e9e d&rsquo;un bouton Arr\u00eat d\u2019urgence.<\/li>\n<li>La machine soude les sacs de gauche \u00e0 droite et le marqueur est plac\u00e9 \u00e0 la fin de la machine.<\/li>\n<li>Machine conforme aux normes CE.<\/li>\n<\/ul>\n<div style=\"width: 800px;\" class=\"wp-video\"><video class=\"wp-video-shortcode\" id=\"video-192-1\" width=\"800\" height=\"450\" preload=\"metadata\" controls=\"controls\"><source type=\"video\/mp4\" src=\"https:\/\/innovexalgerie.com\/machines\/wp-content\/uploads\/2021\/03\/Soudeuse-continue.mp4?_=1\" \/><a href=\"https:\/\/innovexalgerie.com\/machines\/wp-content\/uploads\/2021\/03\/Soudeuse-continue.mp4\">https:\/\/innovexalgerie.com\/machines\/wp-content\/uploads\/2021\/03\/Soudeuse-continue.mp4<\/a><\/video><\/div>\n","protected":false},"excerpt":{"rendered":"<p>La soudeuse en continue de sacs verticale assure la soudure des sacs en plastique en verticale. Dot\u00e9e d&rsquo;un syst\u00e8me de marquage rotatif solide \u00e0 chaud est \u00e9galement pour toute \u00e9criture.<img loading=\"lazy\" decoding=\"async\" class=\"alignnone size-full wp-image-30757\" src=\"https:\/\/innovexalgerie.com\/machines\/wp-content\/uploads\/2021\/03\/icon-soudeuse-vertical-avec-systeme-de-marquage.jpg\" alt=\"icon-soudeuse-vertical-avec-syst\u00e8me-de-marquage\" width=\"856\" height=\"204\" srcset=\"https:\/\/innovexalgerie.com\/machines\/wp-content\/uploads\/2021\/03\/icon-soudeuse-vertical-avec-systeme-de-marquage.jpg 856w, https:\/\/innovexalgerie.com\/machines\/wp-content\/uploads\/2021\/03\/icon-soudeuse-vertical-avec-systeme-de-marquage-300x71.jpg 300w, https:\/\/innovexalgerie.com\/machines\/wp-content\/uploads\/2021\/03\/icon-soudeuse-vertical-avec-systeme-de-marquage-768x183.jpg 768w, https:\/\/innovexalgerie.com\/machines\/wp-content\/uploads\/2021\/03\/icon-soudeuse-vertical-avec-systeme-de-marquage-600x143.jpg 600w\" sizes=\"auto, (max-width: 856px) 100vw, 856px\" \/><\/p>\n","protected":false},"featured_media":263,"template":"","meta":{"_monsterinsights_skip_tracking":false,"_monsterinsights_sitenote_active":false,"_monsterinsights_sitenote_note":"","_monsterinsights_sitenote_category":0},"product_cat":[66,223],"product_tag":[67,68,44,69],"class_list":["post-192","product","type-product","status-publish","has-post-thumbnail","hentry","product_cat-soudeuses","product_cat-soudeuses-continue","product_tag-dateur","product_tag-dateuse","product_tag-soudeuse","product_tag-soudeuse-contenue"],"yoast_head":"<!-- This site is optimized with the Yoast SEO Premium plugin v16.2 (Yoast SEO v16.7) - https:\/\/yoast.com\/wordpress\/plugins\/seo\/ -->\n<title>Soudeuse continue avec syst\u00e8me de marquage \u00e0 encre solide FRBM-810II - Innovex Machines | Innovex Algerie<\/title>\n<meta name=\"description\" content=\"La soudeuse en continue de sacs vertical assure la soudure des sacs en plastique en vertical. Dot\u00e9e d&#039;un syst\u00e8me de marquage rotatif solide.\" \/>\n<meta name=\"robots\" content=\"index, follow, max-snippet:-1, max-image-preview:large, max-video-preview:-1\" \/>\n<link rel=\"canonical\" href=\"https:\/\/innovexalgerie.com\/machines\/produit\/soudeuse-continue-avec-systeme-de-marquage-a-encre-solide-frbm-810ii\/\" \/>\n<meta property=\"og:locale\" content=\"fr_FR\" \/>\n<meta property=\"og:type\" content=\"article\" \/>\n<meta property=\"og:title\" content=\"Soudeuse continue avec syst\u00e8me de marquage \u00e0 encre solide FRBM-810II - Innovex Machines | Innovex Algerie\" \/>\n<meta property=\"og:description\" content=\"La soudeuse en continue de sacs vertical assure la soudure des sacs en plastique en vertical. Dot\u00e9e d&#039;un syst\u00e8me de marquage rotatif solide.\" \/>\n<meta property=\"og:url\" content=\"https:\/\/innovexalgerie.com\/machines\/produit\/soudeuse-continue-avec-systeme-de-marquage-a-encre-solide-frbm-810ii\/\" \/>\n<meta property=\"og:site_name\" content=\"Innovex Machines | Innovex Algerie\" \/>\n<meta property=\"article:publisher\" content=\"https:\/\/www.facebook.com\/innovexmachine1\" \/>\n<meta property=\"article:modified_time\" content=\"2022-06-21T10:45:21+00:00\" \/>\n<meta property=\"og:image\" content=\"https:\/\/innovexalgerie.com\/machines\/wp-content\/uploads\/2021\/03\/FRBM-810II.jpg\" \/>\n\t<meta property=\"og:image:width\" content=\"1000\" \/>\n\t<meta property=\"og:image:height\" content=\"1000\" \/>\n<meta name=\"twitter:card\" content=\"summary_large_image\" \/>\n<meta name=\"twitter:label1\" content=\"Dur\u00e9e de lecture est.\" \/>\n\t<meta name=\"twitter:data1\" content=\"1 minute\" \/>\n<script type=\"application\/ld+json\" class=\"yoast-schema-graph\">{\"@context\":\"https:\/\/schema.org\",\"@graph\":[{\"@type\":\"WebSite\",\"@id\":\"https:\/\/innovexalgerie.com\/machines\/#website\",\"url\":\"https:\/\/innovexalgerie.com\/machines\/\",\"name\":\"Innovex Machines | Innovex Algerie\",\"description\":\"Fournisseur de machines d&#039;emballage et d&#039;imprimerie\",\"potentialAction\":[{\"@type\":\"SearchAction\",\"target\":{\"@type\":\"EntryPoint\",\"urlTemplate\":\"https:\/\/innovexalgerie.com\/machines\/?s={search_term_string}\"},\"query-input\":\"required name=search_term_string\"}],\"inLanguage\":\"fr-FR\"},{\"@type\":\"ImageObject\",\"@id\":\"https:\/\/innovexalgerie.com\/machines\/produit\/soudeuse-continue-avec-systeme-de-marquage-a-encre-solide-frbm-810ii\/#primaryimage\",\"inLanguage\":\"fr-FR\",\"url\":\"https:\/\/innovexalgerie.com\/machines\/wp-content\/uploads\/2021\/03\/FRBM-810II.jpg\",\"contentUrl\":\"https:\/\/innovexalgerie.com\/machines\/wp-content\/uploads\/2021\/03\/FRBM-810II.jpg\",\"width\":1000,\"height\":1000,\"caption\":\"Soudeuse continue\"},{\"@type\":\"WebPage\",\"@id\":\"https:\/\/innovexalgerie.com\/machines\/produit\/soudeuse-continue-avec-systeme-de-marquage-a-encre-solide-frbm-810ii\/#webpage\",\"url\":\"https:\/\/innovexalgerie.com\/machines\/produit\/soudeuse-continue-avec-systeme-de-marquage-a-encre-solide-frbm-810ii\/\",\"name\":\"Soudeuse continue avec syst\\u00e8me de marquage \\u00e0 encre solide FRBM-810II - Innovex Machines | Innovex Algerie\",\"isPartOf\":{\"@id\":\"https:\/\/innovexalgerie.com\/machines\/#website\"},\"primaryImageOfPage\":{\"@id\":\"https:\/\/innovexalgerie.com\/machines\/produit\/soudeuse-continue-avec-systeme-de-marquage-a-encre-solide-frbm-810ii\/#primaryimage\"},\"datePublished\":\"2021-03-24T19:46:09+00:00\",\"dateModified\":\"2022-06-21T10:45:21+00:00\",\"description\":\"La soudeuse en continue de sacs vertical assure la soudure des sacs en plastique en vertical. Dot\\u00e9e d'un syst\\u00e8me de marquage rotatif solide.\",\"breadcrumb\":{\"@id\":\"https:\/\/innovexalgerie.com\/machines\/produit\/soudeuse-continue-avec-systeme-de-marquage-a-encre-solide-frbm-810ii\/#breadcrumb\"},\"inLanguage\":\"fr-FR\",\"potentialAction\":[{\"@type\":\"ReadAction\",\"target\":[\"https:\/\/innovexalgerie.com\/machines\/produit\/soudeuse-continue-avec-systeme-de-marquage-a-encre-solide-frbm-810ii\/\"]}]},{\"@type\":\"BreadcrumbList\",\"@id\":\"https:\/\/innovexalgerie.com\/machines\/produit\/soudeuse-continue-avec-systeme-de-marquage-a-encre-solide-frbm-810ii\/#breadcrumb\",\"itemListElement\":[{\"@type\":\"ListItem\",\"position\":1,\"name\":\"Accueil\",\"item\":\"https:\/\/innovexalgerie.com\/machines\/\"},{\"@type\":\"ListItem\",\"position\":2,\"name\":\"Produits\",\"item\":\"https:\/\/innovexalgerie.com\/machines\/boutique\/\"},{\"@type\":\"ListItem\",\"position\":3,\"name\":\"Soudeuse continue avec syst\\u00e8me de marquage \\u00e0 encre solide FRBM-810II\"}]}]}<\/script>\n<!-- \/ Yoast SEO Premium plugin. -->","yoast_head_json":{"title":"Soudeuse continue avec syst\u00e8me de marquage \u00e0 encre solide FRBM-810II - Innovex Machines | Innovex Algerie","description":"La soudeuse en continue de sacs vertical assure la soudure des sacs en plastique en vertical. Dot\u00e9e d'un syst\u00e8me de marquage rotatif solide.","robots":{"index":"index","follow":"follow","max-snippet":"max-snippet:-1","max-image-preview":"max-image-preview:large","max-video-preview":"max-video-preview:-1"},"canonical":"https:\/\/innovexalgerie.com\/machines\/produit\/soudeuse-continue-avec-systeme-de-marquage-a-encre-solide-frbm-810ii\/","og_locale":"fr_FR","og_type":"article","og_title":"Soudeuse continue avec syst\u00e8me de marquage \u00e0 encre solide FRBM-810II - Innovex Machines | Innovex Algerie","og_description":"La soudeuse en continue de sacs vertical assure la soudure des sacs en plastique en vertical. Dot\u00e9e d'un syst\u00e8me de marquage rotatif solide.","og_url":"https:\/\/innovexalgerie.com\/machines\/produit\/soudeuse-continue-avec-systeme-de-marquage-a-encre-solide-frbm-810ii\/","og_site_name":"Innovex Machines | Innovex Algerie","article_publisher":"https:\/\/www.facebook.com\/innovexmachine1","article_modified_time":"2022-06-21T10:45:21+00:00","og_image":[{"width":1000,"height":1000,"url":"https:\/\/innovexalgerie.com\/machines\/wp-content\/uploads\/2021\/03\/FRBM-810II.jpg","path":"\/home\/inovex\/public_html\/machines\/wp-content\/uploads\/2021\/03\/FRBM-810II.jpg","size":"full","id":263,"alt":"Soudeuse continue","pixels":1000000,"type":"image\/jpeg"}],"twitter_card":"summary_large_image","twitter_misc":{"Dur\u00e9e de lecture est.":"1 minute"},"schema":{"@context":"https:\/\/schema.org","@graph":[{"@type":"WebSite","@id":"https:\/\/innovexalgerie.com\/machines\/#website","url":"https:\/\/innovexalgerie.com\/machines\/","name":"Innovex Machines | Innovex Algerie","description":"Fournisseur de machines d&#039;emballage et d&#039;imprimerie","potentialAction":[{"@type":"SearchAction","target":{"@type":"EntryPoint","urlTemplate":"https:\/\/innovexalgerie.com\/machines\/?s={search_term_string}"},"query-input":"required name=search_term_string"}],"inLanguage":"fr-FR"},{"@type":"ImageObject","@id":"https:\/\/innovexalgerie.com\/machines\/produit\/soudeuse-continue-avec-systeme-de-marquage-a-encre-solide-frbm-810ii\/#primaryimage","inLanguage":"fr-FR","url":"https:\/\/innovexalgerie.com\/machines\/wp-content\/uploads\/2021\/03\/FRBM-810II.jpg","contentUrl":"https:\/\/innovexalgerie.com\/machines\/wp-content\/uploads\/2021\/03\/FRBM-810II.jpg","width":1000,"height":1000,"caption":"Soudeuse continue"},{"@type":"WebPage","@id":"https:\/\/innovexalgerie.com\/machines\/produit\/soudeuse-continue-avec-systeme-de-marquage-a-encre-solide-frbm-810ii\/#webpage","url":"https:\/\/innovexalgerie.com\/machines\/produit\/soudeuse-continue-avec-systeme-de-marquage-a-encre-solide-frbm-810ii\/","name":"Soudeuse continue avec syst\u00e8me de marquage \u00e0 encre solide FRBM-810II - Innovex Machines | Innovex Algerie","isPartOf":{"@id":"https:\/\/innovexalgerie.com\/machines\/#website"},"primaryImageOfPage":{"@id":"https:\/\/innovexalgerie.com\/machines\/produit\/soudeuse-continue-avec-systeme-de-marquage-a-encre-solide-frbm-810ii\/#primaryimage"},"datePublished":"2021-03-24T19:46:09+00:00","dateModified":"2022-06-21T10:45:21+00:00","description":"La soudeuse en continue de sacs vertical assure la soudure des sacs en plastique en vertical. Dot\u00e9e d'un syst\u00e8me de marquage rotatif solide.","breadcrumb":{"@id":"https:\/\/innovexalgerie.com\/machines\/produit\/soudeuse-continue-avec-systeme-de-marquage-a-encre-solide-frbm-810ii\/#breadcrumb"},"inLanguage":"fr-FR","potentialAction":[{"@type":"ReadAction","target":["https:\/\/innovexalgerie.com\/machines\/produit\/soudeuse-continue-avec-systeme-de-marquage-a-encre-solide-frbm-810ii\/"]}]},{"@type":"BreadcrumbList","@id":"https:\/\/innovexalgerie.com\/machines\/produit\/soudeuse-continue-avec-systeme-de-marquage-a-encre-solide-frbm-810ii\/#breadcrumb","itemListElement":[{"@type":"ListItem","position":1,"name":"Accueil","item":"https:\/\/innovexalgerie.com\/machines\/"},{"@type":"ListItem","position":2,"name":"Produits","item":"https:\/\/innovexalgerie.com\/machines\/boutique\/"},{"@type":"ListItem","position":3,"name":"Soudeuse continue avec syst\u00e8me de marquage \u00e0 encre solide FRBM-810II"}]}]}},"_links":{"self":[{"href":"https:\/\/innovexalgerie.com\/machines\/wp-json\/wp\/v2\/product\/192","targetHints":{"allow":["GET"]}}],"collection":[{"href":"https:\/\/innovexalgerie.com\/machines\/wp-json\/wp\/v2\/product"}],"about":[{"href":"https:\/\/innovexalgerie.com\/machines\/wp-json\/wp\/v2\/types\/product"}],"version-history":[{"count":11,"href":"https:\/\/innovexalgerie.com\/machines\/wp-json\/wp\/v2\/product\/192\/revisions"}],"predecessor-version":[{"id":30760,"href":"https:\/\/innovexalgerie.com\/machines\/wp-json\/wp\/v2\/product\/192\/revisions\/30760"}],"wp:featuredmedia":[{"embeddable":true,"href":"https:\/\/innovexalgerie.com\/machines\/wp-json\/wp\/v2\/media\/263"}],"wp:attachment":[{"href":"https:\/\/innovexalgerie.com\/machines\/wp-json\/wp\/v2\/media?parent=192"}],"wp:term":[{"taxonomy":"product_cat","embeddable":true,"href":"https:\/\/innovexalgerie.com\/machines\/wp-json\/wp\/v2\/product_cat?post=192"},{"taxonomy":"product_tag","embeddable":true,"href":"https:\/\/innovexalgerie.com\/machines\/wp-json\/wp\/v2\/product_tag?post=192"}],"curies":[{"name":"wp","href":"https:\/\/api.w.org\/{rel}","templated":true}]}}