{"id":201,"date":"2021-03-24T20:46:09","date_gmt":"2021-03-24T19:46:09","guid":{"rendered":"https:\/\/innovexalgerie.com\/machines2\/?post_type=product&#038;p=201"},"modified":"2022-04-03T14:08:17","modified_gmt":"2022-04-03T13:08:17","slug":"banderoleuse-filmeuse-a-plateau-tournant-en-forme-w-mh-fg-2000bw","status":"publish","type":"product","link":"https:\/\/innovexalgerie.com\/machines\/produit\/banderoleuse-filmeuse-a-plateau-tournant-en-forme-w-mh-fg-2000bw\/","title":{"rendered":"Banderoleuse filmeuse \u00e0 plateau tournant en forme W MH-FG-2000BW"},"content":{"rendered":"<p>La banderoleuse automatique <strong>MH-FG-2000BW<\/strong> avec plateau tournant en forme de W est adapt\u00e9e pour les transpalettes et chariots \u00e9l\u00e9vateurs, ce qui signifie qu&rsquo;il n&rsquo;a pas besoin d&rsquo;une rampe pour aller \u00e0 la table tournante. La machine repr\u00e9sente la solution id\u00e9ale pour l\u2019emballage automatique des palettes pesant jusqu\u2019\u00e0 2 tonnes sur plateau tournant avec du film \u00e9tirable. Elle est \u00e9quip\u00e9e d\u2019un capteur qui mesure de fa\u00e7on automatique la hauteur de la palette, elle d\u00e9marre et s\u2019arr\u00eate en douceur et retourne automatiquement \u00e0 la position de d\u00e9part.<\/p>\n<ul>\n<li>Capacit\u00e9 2000kg<\/li>\n<li>Plateau tournante avec place de fourches de la transpalette.<\/li>\n<li>D\u00e9marrage progressif pour prot\u00e9ger\u00a0 les charges instables ou l\u00e9g\u00e8res.<\/li>\n<li>Programmation de la vitesse de rotation du plateau.<\/li>\n<li>Programmation du nombre de tours en haut et en\u00a0 bas .<\/li>\n<li>Programmation de la vitesse de mont\u00e9e\/ descente du chariot porte bobine .<\/li>\n<li>Tendeur du film par un moteur r\u00e9ducteur.<\/li>\n<li>Retour automatique \u00e0 la position de d\u00e9part .<\/li>\n<li>Capteur qui mesure la hauteur de la palette automatiquement .<\/li>\n<li>Tendeur du film \u00e9lectrique \u00e9lectrique.<\/li>\n<li>Machine conforme aux normes CE.<\/li>\n<\/ul>\n<ul>\n<li style=\"list-style-type: none;\"><\/li>\n<\/ul>\n<p>&nbsp;<\/p>\n","protected":false},"excerpt":{"rendered":"<p>La banderoleuse \/ filmeuse automatique\u00a0 avec plateau tournant en forme de W est adapt\u00e9e pour les transpalettes et chariots \u00e9l\u00e9vateurs, la machine repr\u00e9sente la solution id\u00e9ale pour l\u2019emballage automatique des palettes pesant jusqu\u2019\u00e0 2 tonnes sur plateau tournant avec du film \u00e9tirable.<\/p>\n<p><img loading=\"lazy\" decoding=\"async\" class=\"alignnone size-full wp-image-29992\" src=\"https:\/\/innovexalgerie.com\/machines\/wp-content\/uploads\/2021\/03\/icon-banderoleuse-en-forme-w.jpg\" alt=\"icon-banderoleuse-en-forme-w\" width=\"856\" height=\"197\" srcset=\"https:\/\/innovexalgerie.com\/machines\/wp-content\/uploads\/2021\/03\/icon-banderoleuse-en-forme-w.jpg 856w, https:\/\/innovexalgerie.com\/machines\/wp-content\/uploads\/2021\/03\/icon-banderoleuse-en-forme-w-300x69.jpg 300w, https:\/\/innovexalgerie.com\/machines\/wp-content\/uploads\/2021\/03\/icon-banderoleuse-en-forme-w-768x177.jpg 768w, https:\/\/innovexalgerie.com\/machines\/wp-content\/uploads\/2021\/03\/icon-banderoleuse-en-forme-w-600x138.jpg 600w\" sizes=\"auto, (max-width: 856px) 100vw, 856px\" \/><\/p>\n","protected":false},"featured_media":299,"template":"","meta":{"_monsterinsights_skip_tracking":false,"_monsterinsights_sitenote_active":false,"_monsterinsights_sitenote_note":"","_monsterinsights_sitenote_category":0},"product_cat":[20],"product_tag":[21],"class_list":["post-201","product","type-product","status-publish","has-post-thumbnail","hentry","product_cat-banderollage","product_tag-banderoleuse"],"yoast_head":"<!-- This site is optimized with the Yoast SEO Premium plugin v16.2 (Yoast SEO v16.7) - https:\/\/yoast.com\/wordpress\/plugins\/seo\/ -->\n<title>Banderoleuse filmeuse \u00e0 plateau tournant en forme W MH-FG-2000BW - Innovex Machines | Innovex Algerie<\/title>\n<meta name=\"description\" content=\"Banderoleuse \/ filmeuse \u00e0 plateau tournant en forme W \u00e0 pre \u00e9tirage motoris\u00e9 pour filmage de palettes par film \u00e9tirable.\" \/>\n<meta name=\"robots\" content=\"index, follow, max-snippet:-1, max-image-preview:large, max-video-preview:-1\" \/>\n<link rel=\"canonical\" href=\"https:\/\/innovexalgerie.com\/machines\/produit\/banderoleuse-filmeuse-a-plateau-tournant-en-forme-w-mh-fg-2000bw\/\" \/>\n<meta property=\"og:locale\" content=\"fr_FR\" \/>\n<meta property=\"og:type\" content=\"article\" \/>\n<meta property=\"og:title\" content=\"Banderoleuse filmeuse \u00e0 plateau tournant en forme W MH-FG-2000BW - Innovex Machines | Innovex Algerie\" \/>\n<meta property=\"og:description\" content=\"Banderoleuse \/ filmeuse \u00e0 plateau tournant en forme W \u00e0 pre \u00e9tirage motoris\u00e9 pour filmage de palettes par film \u00e9tirable.\" \/>\n<meta property=\"og:url\" content=\"https:\/\/innovexalgerie.com\/machines\/produit\/banderoleuse-filmeuse-a-plateau-tournant-en-forme-w-mh-fg-2000bw\/\" \/>\n<meta property=\"og:site_name\" content=\"Innovex Machines | Innovex Algerie\" \/>\n<meta property=\"article:publisher\" content=\"https:\/\/www.facebook.com\/innovexmachine1\" \/>\n<meta property=\"article:modified_time\" content=\"2022-04-03T13:08:17+00:00\" \/>\n<meta property=\"og:image\" content=\"https:\/\/innovexalgerie.com\/machines\/wp-content\/uploads\/2021\/03\/mh-fg-2000bw.jpg\" \/>\n\t<meta property=\"og:image:width\" content=\"1000\" \/>\n\t<meta property=\"og:image:height\" content=\"1000\" \/>\n<meta name=\"twitter:card\" content=\"summary_large_image\" \/>\n<meta name=\"twitter:label1\" content=\"Dur\u00e9e de lecture est.\" \/>\n\t<meta name=\"twitter:data1\" content=\"1 minute\" \/>\n<script type=\"application\/ld+json\" class=\"yoast-schema-graph\">{\"@context\":\"https:\/\/schema.org\",\"@graph\":[{\"@type\":\"WebSite\",\"@id\":\"https:\/\/innovexalgerie.com\/machines\/#website\",\"url\":\"https:\/\/innovexalgerie.com\/machines\/\",\"name\":\"Innovex Machines | Innovex Algerie\",\"description\":\"Fournisseur de machines d&#039;emballage et d&#039;imprimerie\",\"potentialAction\":[{\"@type\":\"SearchAction\",\"target\":{\"@type\":\"EntryPoint\",\"urlTemplate\":\"https:\/\/innovexalgerie.com\/machines\/?s={search_term_string}\"},\"query-input\":\"required name=search_term_string\"}],\"inLanguage\":\"fr-FR\"},{\"@type\":\"ImageObject\",\"@id\":\"https:\/\/innovexalgerie.com\/machines\/produit\/banderoleuse-filmeuse-a-plateau-tournant-en-forme-w-mh-fg-2000bw\/#primaryimage\",\"inLanguage\":\"fr-FR\",\"url\":\"https:\/\/innovexalgerie.com\/machines\/wp-content\/uploads\/2021\/03\/mh-fg-2000bw.jpg\",\"contentUrl\":\"https:\/\/innovexalgerie.com\/machines\/wp-content\/uploads\/2021\/03\/mh-fg-2000bw.jpg\",\"width\":1000,\"height\":1000},{\"@type\":\"WebPage\",\"@id\":\"https:\/\/innovexalgerie.com\/machines\/produit\/banderoleuse-filmeuse-a-plateau-tournant-en-forme-w-mh-fg-2000bw\/#webpage\",\"url\":\"https:\/\/innovexalgerie.com\/machines\/produit\/banderoleuse-filmeuse-a-plateau-tournant-en-forme-w-mh-fg-2000bw\/\",\"name\":\"Banderoleuse filmeuse \\u00e0 plateau tournant en forme W MH-FG-2000BW - Innovex Machines | Innovex Algerie\",\"isPartOf\":{\"@id\":\"https:\/\/innovexalgerie.com\/machines\/#website\"},\"primaryImageOfPage\":{\"@id\":\"https:\/\/innovexalgerie.com\/machines\/produit\/banderoleuse-filmeuse-a-plateau-tournant-en-forme-w-mh-fg-2000bw\/#primaryimage\"},\"datePublished\":\"2021-03-24T19:46:09+00:00\",\"dateModified\":\"2022-04-03T13:08:17+00:00\",\"description\":\"Banderoleuse \/ filmeuse \\u00e0 plateau tournant en forme W \\u00e0 pre \\u00e9tirage motoris\\u00e9 pour filmage de palettes par film \\u00e9tirable.\",\"breadcrumb\":{\"@id\":\"https:\/\/innovexalgerie.com\/machines\/produit\/banderoleuse-filmeuse-a-plateau-tournant-en-forme-w-mh-fg-2000bw\/#breadcrumb\"},\"inLanguage\":\"fr-FR\",\"potentialAction\":[{\"@type\":\"ReadAction\",\"target\":[\"https:\/\/innovexalgerie.com\/machines\/produit\/banderoleuse-filmeuse-a-plateau-tournant-en-forme-w-mh-fg-2000bw\/\"]}]},{\"@type\":\"BreadcrumbList\",\"@id\":\"https:\/\/innovexalgerie.com\/machines\/produit\/banderoleuse-filmeuse-a-plateau-tournant-en-forme-w-mh-fg-2000bw\/#breadcrumb\",\"itemListElement\":[{\"@type\":\"ListItem\",\"position\":1,\"name\":\"Accueil\",\"item\":\"https:\/\/innovexalgerie.com\/machines\/\"},{\"@type\":\"ListItem\",\"position\":2,\"name\":\"Produits\",\"item\":\"https:\/\/innovexalgerie.com\/machines\/boutique\/\"},{\"@type\":\"ListItem\",\"position\":3,\"name\":\"Banderoleuse filmeuse \\u00e0 plateau tournant en forme W MH-FG-2000BW\"}]}]}<\/script>\n<!-- \/ Yoast SEO Premium plugin. -->","yoast_head_json":{"title":"Banderoleuse filmeuse \u00e0 plateau tournant en forme W MH-FG-2000BW - Innovex Machines | Innovex Algerie","description":"Banderoleuse \/ filmeuse \u00e0 plateau tournant en forme W \u00e0 pre \u00e9tirage motoris\u00e9 pour filmage de palettes par film \u00e9tirable.","robots":{"index":"index","follow":"follow","max-snippet":"max-snippet:-1","max-image-preview":"max-image-preview:large","max-video-preview":"max-video-preview:-1"},"canonical":"https:\/\/innovexalgerie.com\/machines\/produit\/banderoleuse-filmeuse-a-plateau-tournant-en-forme-w-mh-fg-2000bw\/","og_locale":"fr_FR","og_type":"article","og_title":"Banderoleuse filmeuse \u00e0 plateau tournant en forme W MH-FG-2000BW - Innovex Machines | Innovex Algerie","og_description":"Banderoleuse \/ filmeuse \u00e0 plateau tournant en forme W \u00e0 pre \u00e9tirage motoris\u00e9 pour filmage de palettes par film \u00e9tirable.","og_url":"https:\/\/innovexalgerie.com\/machines\/produit\/banderoleuse-filmeuse-a-plateau-tournant-en-forme-w-mh-fg-2000bw\/","og_site_name":"Innovex Machines | Innovex Algerie","article_publisher":"https:\/\/www.facebook.com\/innovexmachine1","article_modified_time":"2022-04-03T13:08:17+00:00","og_image":[{"width":1000,"height":1000,"url":"https:\/\/innovexalgerie.com\/machines\/wp-content\/uploads\/2021\/03\/mh-fg-2000bw.jpg","path":"\/home\/inovex\/public_html\/machines\/wp-content\/uploads\/2021\/03\/mh-fg-2000bw.jpg","size":"full","id":299,"alt":"","pixels":1000000,"type":"image\/jpeg"}],"twitter_card":"summary_large_image","twitter_misc":{"Dur\u00e9e de lecture est.":"1 minute"},"schema":{"@context":"https:\/\/schema.org","@graph":[{"@type":"WebSite","@id":"https:\/\/innovexalgerie.com\/machines\/#website","url":"https:\/\/innovexalgerie.com\/machines\/","name":"Innovex Machines | Innovex Algerie","description":"Fournisseur de machines d&#039;emballage et d&#039;imprimerie","potentialAction":[{"@type":"SearchAction","target":{"@type":"EntryPoint","urlTemplate":"https:\/\/innovexalgerie.com\/machines\/?s={search_term_string}"},"query-input":"required name=search_term_string"}],"inLanguage":"fr-FR"},{"@type":"ImageObject","@id":"https:\/\/innovexalgerie.com\/machines\/produit\/banderoleuse-filmeuse-a-plateau-tournant-en-forme-w-mh-fg-2000bw\/#primaryimage","inLanguage":"fr-FR","url":"https:\/\/innovexalgerie.com\/machines\/wp-content\/uploads\/2021\/03\/mh-fg-2000bw.jpg","contentUrl":"https:\/\/innovexalgerie.com\/machines\/wp-content\/uploads\/2021\/03\/mh-fg-2000bw.jpg","width":1000,"height":1000},{"@type":"WebPage","@id":"https:\/\/innovexalgerie.com\/machines\/produit\/banderoleuse-filmeuse-a-plateau-tournant-en-forme-w-mh-fg-2000bw\/#webpage","url":"https:\/\/innovexalgerie.com\/machines\/produit\/banderoleuse-filmeuse-a-plateau-tournant-en-forme-w-mh-fg-2000bw\/","name":"Banderoleuse filmeuse \u00e0 plateau tournant en forme W MH-FG-2000BW - Innovex Machines | Innovex Algerie","isPartOf":{"@id":"https:\/\/innovexalgerie.com\/machines\/#website"},"primaryImageOfPage":{"@id":"https:\/\/innovexalgerie.com\/machines\/produit\/banderoleuse-filmeuse-a-plateau-tournant-en-forme-w-mh-fg-2000bw\/#primaryimage"},"datePublished":"2021-03-24T19:46:09+00:00","dateModified":"2022-04-03T13:08:17+00:00","description":"Banderoleuse \/ filmeuse \u00e0 plateau tournant en forme W \u00e0 pre \u00e9tirage motoris\u00e9 pour filmage de palettes par film \u00e9tirable.","breadcrumb":{"@id":"https:\/\/innovexalgerie.com\/machines\/produit\/banderoleuse-filmeuse-a-plateau-tournant-en-forme-w-mh-fg-2000bw\/#breadcrumb"},"inLanguage":"fr-FR","potentialAction":[{"@type":"ReadAction","target":["https:\/\/innovexalgerie.com\/machines\/produit\/banderoleuse-filmeuse-a-plateau-tournant-en-forme-w-mh-fg-2000bw\/"]}]},{"@type":"BreadcrumbList","@id":"https:\/\/innovexalgerie.com\/machines\/produit\/banderoleuse-filmeuse-a-plateau-tournant-en-forme-w-mh-fg-2000bw\/#breadcrumb","itemListElement":[{"@type":"ListItem","position":1,"name":"Accueil","item":"https:\/\/innovexalgerie.com\/machines\/"},{"@type":"ListItem","position":2,"name":"Produits","item":"https:\/\/innovexalgerie.com\/machines\/boutique\/"},{"@type":"ListItem","position":3,"name":"Banderoleuse filmeuse \u00e0 plateau tournant en forme W MH-FG-2000BW"}]}]}},"_links":{"self":[{"href":"https:\/\/innovexalgerie.com\/machines\/wp-json\/wp\/v2\/product\/201","targetHints":{"allow":["GET"]}}],"collection":[{"href":"https:\/\/innovexalgerie.com\/machines\/wp-json\/wp\/v2\/product"}],"about":[{"href":"https:\/\/innovexalgerie.com\/machines\/wp-json\/wp\/v2\/types\/product"}],"version-history":[{"count":4,"href":"https:\/\/innovexalgerie.com\/machines\/wp-json\/wp\/v2\/product\/201\/revisions"}],"predecessor-version":[{"id":29067,"href":"https:\/\/innovexalgerie.com\/machines\/wp-json\/wp\/v2\/product\/201\/revisions\/29067"}],"wp:featuredmedia":[{"embeddable":true,"href":"https:\/\/innovexalgerie.com\/machines\/wp-json\/wp\/v2\/media\/299"}],"wp:attachment":[{"href":"https:\/\/innovexalgerie.com\/machines\/wp-json\/wp\/v2\/media?parent=201"}],"wp:term":[{"taxonomy":"product_cat","embeddable":true,"href":"https:\/\/innovexalgerie.com\/machines\/wp-json\/wp\/v2\/product_cat?post=201"},{"taxonomy":"product_tag","embeddable":true,"href":"https:\/\/innovexalgerie.com\/machines\/wp-json\/wp\/v2\/product_tag?post=201"}],"curies":[{"name":"wp","href":"https:\/\/api.w.org\/{rel}","templated":true}]}}