{"id":241,"date":"2021-03-24T20:46:33","date_gmt":"2021-03-24T19:46:33","guid":{"rendered":"https:\/\/innovexalgerie.com\/machines2\/?post_type=product&#038;p=241"},"modified":"2022-04-06T12:33:19","modified_gmt":"2022-04-06T11:33:19","slug":"robot-de-banderolage-filmage-de-palette-ctp-600b","status":"publish","type":"product","link":"https:\/\/innovexalgerie.com\/machines\/produit\/robot-de-banderolage-filmage-de-palette-ctp-600b\/","title":{"rendered":"Robot de banderolage filmage de palette CTP-600B"},"content":{"rendered":"<p>Le robot de banderolage\/ filmage <strong>CTP-600B<\/strong> repr\u00e9sente la solution parfaite pour l\u2019emballage automatique des palettes d\u2019un poids et d\u2019une taille non limit\u00e9s dans des espaces de travail tr\u00e8s vastes.<\/p>\n<ul>\n<li>Pre-\u00e9tirage de film \u00e9lectrom\u00e9canique.<\/li>\n<li>Marche avant\/arri\u00e8re \u00e9lectrique par boutons.<\/li>\n<li>Ecran couleur tactile avec 10 programmes de fonctionnement.<\/li>\n<li>Autonomie de batterie jusqu&rsquo;au 7h.<\/li>\n<li>Freinage par un embrayage \u00e9lectromagn\u00e9tique.<\/li>\n<li>D\u00e9tection de la hauteur de la palette par photocellule.<\/li>\n<li>Machine conforme aux normes CE.<\/li>\n<\/ul>\n<p>&nbsp;<\/p>\n<div style=\"width: 800px;\" class=\"wp-video\"><video class=\"wp-video-shortcode\" id=\"video-241-1\" width=\"800\" height=\"450\" preload=\"metadata\" controls=\"controls\"><source type=\"video\/mp4\" src=\"https:\/\/innovexalgerie.com\/machines\/wp-content\/uploads\/2021\/03\/wikkelrobot-ctp-600-palletwikkelaar-de-witt-evs.mp4?_=1\" \/><a href=\"https:\/\/innovexalgerie.com\/machines\/wp-content\/uploads\/2021\/03\/wikkelrobot-ctp-600-palletwikkelaar-de-witt-evs.mp4\">https:\/\/innovexalgerie.com\/machines\/wp-content\/uploads\/2021\/03\/wikkelrobot-ctp-600-palletwikkelaar-de-witt-evs.mp4<\/a><\/video><\/div>\n","protected":false},"excerpt":{"rendered":"<p>Le robot de banderolage automatique repr\u00e9sente la solution parfaite pour l\u2019emballage automatique des palettes d\u2019un poids et d\u2019une taille non limit\u00e9s dans des espaces de travail tr\u00e8s vastes.<\/p>\n<p><img loading=\"lazy\" decoding=\"async\" class=\"alignnone size-full wp-image-30015\" src=\"https:\/\/innovexalgerie.com\/machines\/wp-content\/uploads\/2021\/03\/icon-Robot-de-banderolage-innovex-machine.jpg\" alt=\"icon-Robot-de-banderolage-innovex-machine\" width=\"869\" height=\"197\" srcset=\"https:\/\/innovexalgerie.com\/machines\/wp-content\/uploads\/2021\/03\/icon-Robot-de-banderolage-innovex-machine.jpg 869w, https:\/\/innovexalgerie.com\/machines\/wp-content\/uploads\/2021\/03\/icon-Robot-de-banderolage-innovex-machine-300x68.jpg 300w, https:\/\/innovexalgerie.com\/machines\/wp-content\/uploads\/2021\/03\/icon-Robot-de-banderolage-innovex-machine-768x174.jpg 768w, https:\/\/innovexalgerie.com\/machines\/wp-content\/uploads\/2021\/03\/icon-Robot-de-banderolage-innovex-machine-600x136.jpg 600w\" sizes=\"auto, (max-width: 869px) 100vw, 869px\" \/><\/p>\n","protected":false},"featured_media":304,"template":"","meta":{"_monsterinsights_skip_tracking":false,"_monsterinsights_sitenote_active":false,"_monsterinsights_sitenote_note":"","_monsterinsights_sitenote_category":0},"product_cat":[20],"product_tag":[73,74],"class_list":["post-241","product","type-product","status-publish","has-post-thumbnail","hentry","product_cat-banderollage","product_tag-benderoleuse","product_tag-robot-banderolage"],"yoast_head":"<!-- This site is optimized with the Yoast SEO Premium plugin v16.2 (Yoast SEO v16.7) - https:\/\/yoast.com\/wordpress\/plugins\/seo\/ -->\n<title>Robot de banderolage filmage de palette CTP-600B - Innovex Machines | Innovex Algerie<\/title>\n<meta name=\"description\" content=\"Robot de banderolage\/ filmage pour l\u2019emballage des palettes d\u2019un poids et d\u2019une taille non limit\u00e9s dans des espaces de travail tr\u00e8s vastes\" \/>\n<meta name=\"robots\" content=\"index, follow, max-snippet:-1, max-image-preview:large, max-video-preview:-1\" \/>\n<link rel=\"canonical\" href=\"https:\/\/innovexalgerie.com\/machines\/produit\/robot-de-banderolage-filmage-de-palette-ctp-600b\/\" \/>\n<meta property=\"og:locale\" content=\"fr_FR\" \/>\n<meta property=\"og:type\" content=\"article\" \/>\n<meta property=\"og:title\" content=\"Robot de banderolage filmage de palette CTP-600B - Innovex Machines | Innovex Algerie\" \/>\n<meta property=\"og:description\" content=\"Robot de banderolage\/ filmage pour l\u2019emballage des palettes d\u2019un poids et d\u2019une taille non limit\u00e9s dans des espaces de travail tr\u00e8s vastes\" \/>\n<meta property=\"og:url\" content=\"https:\/\/innovexalgerie.com\/machines\/produit\/robot-de-banderolage-filmage-de-palette-ctp-600b\/\" \/>\n<meta property=\"og:site_name\" content=\"Innovex Machines | Innovex Algerie\" \/>\n<meta property=\"article:publisher\" content=\"https:\/\/www.facebook.com\/innovexmachine1\" \/>\n<meta property=\"article:modified_time\" content=\"2022-04-06T11:33:19+00:00\" \/>\n<meta property=\"og:image\" content=\"https:\/\/innovexalgerie.com\/machines\/wp-content\/uploads\/2021\/03\/CTP-600.jpg\" \/>\n\t<meta property=\"og:image:width\" content=\"1000\" \/>\n\t<meta property=\"og:image:height\" content=\"1000\" \/>\n<meta name=\"twitter:card\" content=\"summary_large_image\" \/>\n<meta name=\"twitter:label1\" content=\"Dur\u00e9e de lecture est.\" \/>\n\t<meta name=\"twitter:data1\" content=\"1 minute\" \/>\n<script type=\"application\/ld+json\" class=\"yoast-schema-graph\">{\"@context\":\"https:\/\/schema.org\",\"@graph\":[{\"@type\":\"WebSite\",\"@id\":\"https:\/\/innovexalgerie.com\/machines\/#website\",\"url\":\"https:\/\/innovexalgerie.com\/machines\/\",\"name\":\"Innovex Machines | Innovex Algerie\",\"description\":\"Fournisseur de machines d&#039;emballage et d&#039;imprimerie\",\"potentialAction\":[{\"@type\":\"SearchAction\",\"target\":{\"@type\":\"EntryPoint\",\"urlTemplate\":\"https:\/\/innovexalgerie.com\/machines\/?s={search_term_string}\"},\"query-input\":\"required name=search_term_string\"}],\"inLanguage\":\"fr-FR\"},{\"@type\":\"ImageObject\",\"@id\":\"https:\/\/innovexalgerie.com\/machines\/produit\/robot-de-banderolage-filmage-de-palette-ctp-600b\/#primaryimage\",\"inLanguage\":\"fr-FR\",\"url\":\"https:\/\/innovexalgerie.com\/machines\/wp-content\/uploads\/2021\/03\/CTP-600.jpg\",\"contentUrl\":\"https:\/\/innovexalgerie.com\/machines\/wp-content\/uploads\/2021\/03\/CTP-600.jpg\",\"width\":1000,\"height\":1000},{\"@type\":\"WebPage\",\"@id\":\"https:\/\/innovexalgerie.com\/machines\/produit\/robot-de-banderolage-filmage-de-palette-ctp-600b\/#webpage\",\"url\":\"https:\/\/innovexalgerie.com\/machines\/produit\/robot-de-banderolage-filmage-de-palette-ctp-600b\/\",\"name\":\"Robot de banderolage filmage de palette CTP-600B - Innovex Machines | Innovex Algerie\",\"isPartOf\":{\"@id\":\"https:\/\/innovexalgerie.com\/machines\/#website\"},\"primaryImageOfPage\":{\"@id\":\"https:\/\/innovexalgerie.com\/machines\/produit\/robot-de-banderolage-filmage-de-palette-ctp-600b\/#primaryimage\"},\"datePublished\":\"2021-03-24T19:46:33+00:00\",\"dateModified\":\"2022-04-06T11:33:19+00:00\",\"description\":\"Robot de banderolage\/ filmage pour l\\u2019emballage des palettes d\\u2019un poids et d\\u2019une taille non limit\\u00e9s dans des espaces de travail tr\\u00e8s vastes\",\"breadcrumb\":{\"@id\":\"https:\/\/innovexalgerie.com\/machines\/produit\/robot-de-banderolage-filmage-de-palette-ctp-600b\/#breadcrumb\"},\"inLanguage\":\"fr-FR\",\"potentialAction\":[{\"@type\":\"ReadAction\",\"target\":[\"https:\/\/innovexalgerie.com\/machines\/produit\/robot-de-banderolage-filmage-de-palette-ctp-600b\/\"]}]},{\"@type\":\"BreadcrumbList\",\"@id\":\"https:\/\/innovexalgerie.com\/machines\/produit\/robot-de-banderolage-filmage-de-palette-ctp-600b\/#breadcrumb\",\"itemListElement\":[{\"@type\":\"ListItem\",\"position\":1,\"name\":\"Accueil\",\"item\":\"https:\/\/innovexalgerie.com\/machines\/\"},{\"@type\":\"ListItem\",\"position\":2,\"name\":\"Produits\",\"item\":\"https:\/\/innovexalgerie.com\/machines\/boutique\/\"},{\"@type\":\"ListItem\",\"position\":3,\"name\":\"Robot de banderolage filmage de palette CTP-600B\"}]}]}<\/script>\n<!-- \/ Yoast SEO Premium plugin. -->","yoast_head_json":{"title":"Robot de banderolage filmage de palette CTP-600B - Innovex Machines | Innovex Algerie","description":"Robot de banderolage\/ filmage pour l\u2019emballage des palettes d\u2019un poids et d\u2019une taille non limit\u00e9s dans des espaces de travail tr\u00e8s vastes","robots":{"index":"index","follow":"follow","max-snippet":"max-snippet:-1","max-image-preview":"max-image-preview:large","max-video-preview":"max-video-preview:-1"},"canonical":"https:\/\/innovexalgerie.com\/machines\/produit\/robot-de-banderolage-filmage-de-palette-ctp-600b\/","og_locale":"fr_FR","og_type":"article","og_title":"Robot de banderolage filmage de palette CTP-600B - Innovex Machines | Innovex Algerie","og_description":"Robot de banderolage\/ filmage pour l\u2019emballage des palettes d\u2019un poids et d\u2019une taille non limit\u00e9s dans des espaces de travail tr\u00e8s vastes","og_url":"https:\/\/innovexalgerie.com\/machines\/produit\/robot-de-banderolage-filmage-de-palette-ctp-600b\/","og_site_name":"Innovex Machines | Innovex Algerie","article_publisher":"https:\/\/www.facebook.com\/innovexmachine1","article_modified_time":"2022-04-06T11:33:19+00:00","og_image":[{"width":1000,"height":1000,"url":"https:\/\/innovexalgerie.com\/machines\/wp-content\/uploads\/2021\/03\/CTP-600.jpg","path":"\/home\/inovex\/public_html\/machines\/wp-content\/uploads\/2021\/03\/CTP-600.jpg","size":"full","id":304,"alt":"","pixels":1000000,"type":"image\/jpeg"}],"twitter_card":"summary_large_image","twitter_misc":{"Dur\u00e9e de lecture est.":"1 minute"},"schema":{"@context":"https:\/\/schema.org","@graph":[{"@type":"WebSite","@id":"https:\/\/innovexalgerie.com\/machines\/#website","url":"https:\/\/innovexalgerie.com\/machines\/","name":"Innovex Machines | Innovex Algerie","description":"Fournisseur de machines d&#039;emballage et d&#039;imprimerie","potentialAction":[{"@type":"SearchAction","target":{"@type":"EntryPoint","urlTemplate":"https:\/\/innovexalgerie.com\/machines\/?s={search_term_string}"},"query-input":"required name=search_term_string"}],"inLanguage":"fr-FR"},{"@type":"ImageObject","@id":"https:\/\/innovexalgerie.com\/machines\/produit\/robot-de-banderolage-filmage-de-palette-ctp-600b\/#primaryimage","inLanguage":"fr-FR","url":"https:\/\/innovexalgerie.com\/machines\/wp-content\/uploads\/2021\/03\/CTP-600.jpg","contentUrl":"https:\/\/innovexalgerie.com\/machines\/wp-content\/uploads\/2021\/03\/CTP-600.jpg","width":1000,"height":1000},{"@type":"WebPage","@id":"https:\/\/innovexalgerie.com\/machines\/produit\/robot-de-banderolage-filmage-de-palette-ctp-600b\/#webpage","url":"https:\/\/innovexalgerie.com\/machines\/produit\/robot-de-banderolage-filmage-de-palette-ctp-600b\/","name":"Robot de banderolage filmage de palette CTP-600B - Innovex Machines | Innovex Algerie","isPartOf":{"@id":"https:\/\/innovexalgerie.com\/machines\/#website"},"primaryImageOfPage":{"@id":"https:\/\/innovexalgerie.com\/machines\/produit\/robot-de-banderolage-filmage-de-palette-ctp-600b\/#primaryimage"},"datePublished":"2021-03-24T19:46:33+00:00","dateModified":"2022-04-06T11:33:19+00:00","description":"Robot de banderolage\/ filmage pour l\u2019emballage des palettes d\u2019un poids et d\u2019une taille non limit\u00e9s dans des espaces de travail tr\u00e8s vastes","breadcrumb":{"@id":"https:\/\/innovexalgerie.com\/machines\/produit\/robot-de-banderolage-filmage-de-palette-ctp-600b\/#breadcrumb"},"inLanguage":"fr-FR","potentialAction":[{"@type":"ReadAction","target":["https:\/\/innovexalgerie.com\/machines\/produit\/robot-de-banderolage-filmage-de-palette-ctp-600b\/"]}]},{"@type":"BreadcrumbList","@id":"https:\/\/innovexalgerie.com\/machines\/produit\/robot-de-banderolage-filmage-de-palette-ctp-600b\/#breadcrumb","itemListElement":[{"@type":"ListItem","position":1,"name":"Accueil","item":"https:\/\/innovexalgerie.com\/machines\/"},{"@type":"ListItem","position":2,"name":"Produits","item":"https:\/\/innovexalgerie.com\/machines\/boutique\/"},{"@type":"ListItem","position":3,"name":"Robot de banderolage filmage de palette CTP-600B"}]}]}},"_links":{"self":[{"href":"https:\/\/innovexalgerie.com\/machines\/wp-json\/wp\/v2\/product\/241","targetHints":{"allow":["GET"]}}],"collection":[{"href":"https:\/\/innovexalgerie.com\/machines\/wp-json\/wp\/v2\/product"}],"about":[{"href":"https:\/\/innovexalgerie.com\/machines\/wp-json\/wp\/v2\/types\/product"}],"version-history":[{"count":4,"href":"https:\/\/innovexalgerie.com\/machines\/wp-json\/wp\/v2\/product\/241\/revisions"}],"predecessor-version":[{"id":29000,"href":"https:\/\/innovexalgerie.com\/machines\/wp-json\/wp\/v2\/product\/241\/revisions\/29000"}],"wp:featuredmedia":[{"embeddable":true,"href":"https:\/\/innovexalgerie.com\/machines\/wp-json\/wp\/v2\/media\/304"}],"wp:attachment":[{"href":"https:\/\/innovexalgerie.com\/machines\/wp-json\/wp\/v2\/media?parent=241"}],"wp:term":[{"taxonomy":"product_cat","embeddable":true,"href":"https:\/\/innovexalgerie.com\/machines\/wp-json\/wp\/v2\/product_cat?post=241"},{"taxonomy":"product_tag","embeddable":true,"href":"https:\/\/innovexalgerie.com\/machines\/wp-json\/wp\/v2\/product_tag?post=241"}],"curies":[{"name":"wp","href":"https:\/\/api.w.org\/{rel}","templated":true}]}}