{"id":28694,"date":"2021-09-28T14:01:54","date_gmt":"2021-09-28T13:01:54","guid":{"rendered":"https:\/\/innovexalgerie.com\/machines\/?post_type=product&#038;p=28694"},"modified":"2025-07-02T14:25:59","modified_gmt":"2025-07-02T13:25:59","slug":"soudeuse-a-impulsion-manuelle-fs-300al","status":"publish","type":"product","link":"https:\/\/innovexalgerie.com\/machines\/produit\/soudeuse-a-impulsion-manuelle-fs-300al\/","title":{"rendered":"Soudeuse \u00e0 impulsion manuelle FS-300 \/ FS-400"},"content":{"rendered":"<p>Soudeuse portative \u00e0 impulsion \u00e9lectrique<strong> FS-300 \/ FS-400<\/strong>\u00a0l\u00e9g\u00e8re et ergonomique pour les mati\u00e8res thermo-soudables, elle fait la soudure sur plastique, aluminium, papier thermo-soudable&#8230;. jusqu&rsquo;\u00e0 30cm de largeur.<\/p>\n<ul>\n<li>Longueur de soudure 30cm jusqu&rsquo;\u00e0 40cm.<\/li>\n<li>Largeur de soudure 3mm.<\/li>\n<li>Descente manuelle de la barre de soudure.<\/li>\n<li>Facile \u00e0 utiliser et durable, chauffe rapidement pour travailler au plus vite.<\/li>\n<li>Soudeuse dot\u00e9e des tubes r\u00e9sistances sur un m\u00e9canisme de soudure en cuivre qui assure une longue dur\u00e9e de vie et une qualit\u00e9 de soudure stable.<\/li>\n<li>R\u00e9glage de la temp\u00e9rature de chauffe par potentiom\u00e8tre.<\/li>\n<li>Structure en aluminium durable.<\/li>\n<\/ul>\n","protected":false},"excerpt":{"rendered":"<p>Soudeuse portative \u00e0 impulsion \u00e9lectrique l\u00e9g\u00e8re et ergonomique, con\u00e7ue pour les mati\u00e8res thermo-soudables, elle fait la soudure sur plastique, aluminium, papier thermo-soudable&#8230;. jusqu&rsquo;\u00e0 40cm de largeur.<img loading=\"lazy\" decoding=\"async\" class=\"alignnone size-full wp-image-30844\" src=\"https:\/\/innovexalgerie.com\/machines\/wp-content\/uploads\/2021\/09\/icon-soudeuse-manuelle-innovex-machine.jpg\" alt=\"icon-soudeuse-manuelle-innovex-machine\" width=\"922\" height=\"217\" srcset=\"https:\/\/innovexalgerie.com\/machines\/wp-content\/uploads\/2021\/09\/icon-soudeuse-manuelle-innovex-machine.jpg 922w, https:\/\/innovexalgerie.com\/machines\/wp-content\/uploads\/2021\/09\/icon-soudeuse-manuelle-innovex-machine-300x71.jpg 300w, https:\/\/innovexalgerie.com\/machines\/wp-content\/uploads\/2021\/09\/icon-soudeuse-manuelle-innovex-machine-768x181.jpg 768w, https:\/\/innovexalgerie.com\/machines\/wp-content\/uploads\/2021\/09\/icon-soudeuse-manuelle-innovex-machine-600x141.jpg 600w\" sizes=\"auto, (max-width: 922px) 100vw, 922px\" \/><\/p>\n","protected":false},"featured_media":33432,"template":"","meta":{"_monsterinsights_skip_tracking":false,"_monsterinsights_sitenote_active":false,"_monsterinsights_sitenote_note":"","_monsterinsights_sitenote_category":0},"product_cat":[66,220],"product_tag":[44,195,196],"class_list":["post-28694","product","type-product","status-publish","has-post-thumbnail","hentry","product_cat-soudeuses","product_cat-soudeuses-a-impulsion-manuelle","product_tag-soudeuse","product_tag-soudeuse-a-impulsion","product_tag-soudeuse-manuelle"],"yoast_head":"<!-- This site is optimized with the Yoast SEO Premium plugin v16.2 (Yoast SEO v16.7) - https:\/\/yoast.com\/wordpress\/plugins\/seo\/ -->\n<title>Soudeuse \u00e0 impulsion manuelle FS-300 \/ FS-400 - Innovex Machines | Innovex Algerie<\/title>\n<meta name=\"robots\" content=\"index, follow, max-snippet:-1, max-image-preview:large, max-video-preview:-1\" \/>\n<link rel=\"canonical\" href=\"https:\/\/innovexalgerie.com\/machines\/produit\/soudeuse-a-impulsion-manuelle-fs-300al\/\" \/>\n<meta property=\"og:locale\" content=\"fr_FR\" \/>\n<meta property=\"og:type\" content=\"article\" \/>\n<meta property=\"og:title\" content=\"Soudeuse \u00e0 impulsion manuelle FS-300 \/ FS-400 - Innovex Machines | Innovex Algerie\" \/>\n<meta property=\"og:description\" content=\"Soudeuse portative \u00e0 impulsion \u00e9lectrique l\u00e9g\u00e8re et ergonomique, con\u00e7ue pour les mati\u00e8res thermo-soudables, elle fait la soudure sur plastique, aluminium, papier thermo-soudable.... jusqu&#039;\u00e0 40cm de largeur.\" \/>\n<meta property=\"og:url\" content=\"https:\/\/innovexalgerie.com\/machines\/produit\/soudeuse-a-impulsion-manuelle-fs-300al\/\" \/>\n<meta property=\"og:site_name\" content=\"Innovex Machines | Innovex Algerie\" \/>\n<meta property=\"article:publisher\" content=\"https:\/\/www.facebook.com\/innovexmachine1\" \/>\n<meta property=\"article:modified_time\" content=\"2025-07-02T13:25:59+00:00\" \/>\n<meta property=\"og:image\" content=\"https:\/\/innovexalgerie.com\/machines\/wp-content\/uploads\/2021\/09\/Soudeuse-a-impulsion-manuelle-FS300-FS400.jpg\" \/>\n\t<meta property=\"og:image:width\" content=\"1000\" \/>\n\t<meta property=\"og:image:height\" content=\"1000\" \/>\n<meta name=\"twitter:card\" content=\"summary_large_image\" \/>\n<meta name=\"twitter:label1\" content=\"Dur\u00e9e de lecture est.\" \/>\n\t<meta name=\"twitter:data1\" content=\"1 minute\" \/>\n<script type=\"application\/ld+json\" class=\"yoast-schema-graph\">{\"@context\":\"https:\/\/schema.org\",\"@graph\":[{\"@type\":\"WebSite\",\"@id\":\"https:\/\/innovexalgerie.com\/machines\/#website\",\"url\":\"https:\/\/innovexalgerie.com\/machines\/\",\"name\":\"Innovex Machines | Innovex Algerie\",\"description\":\"Fournisseur de machines d&#039;emballage et d&#039;imprimerie\",\"potentialAction\":[{\"@type\":\"SearchAction\",\"target\":{\"@type\":\"EntryPoint\",\"urlTemplate\":\"https:\/\/innovexalgerie.com\/machines\/?s={search_term_string}\"},\"query-input\":\"required name=search_term_string\"}],\"inLanguage\":\"fr-FR\"},{\"@type\":\"ImageObject\",\"@id\":\"https:\/\/innovexalgerie.com\/machines\/produit\/soudeuse-a-impulsion-manuelle-fs-300al\/#primaryimage\",\"inLanguage\":\"fr-FR\",\"url\":\"https:\/\/innovexalgerie.com\/machines\/wp-content\/uploads\/2021\/09\/Soudeuse-a-impulsion-manuelle-FS300-FS400.jpg\",\"contentUrl\":\"https:\/\/innovexalgerie.com\/machines\/wp-content\/uploads\/2021\/09\/Soudeuse-a-impulsion-manuelle-FS300-FS400.jpg\",\"width\":1000,\"height\":1000,\"caption\":\"Soudeuse manuelle-FS300 - FS400 INNOVEX ALGERIE\"},{\"@type\":\"WebPage\",\"@id\":\"https:\/\/innovexalgerie.com\/machines\/produit\/soudeuse-a-impulsion-manuelle-fs-300al\/#webpage\",\"url\":\"https:\/\/innovexalgerie.com\/machines\/produit\/soudeuse-a-impulsion-manuelle-fs-300al\/\",\"name\":\"Soudeuse \\u00e0 impulsion manuelle FS-300 \/ FS-400 - Innovex Machines | Innovex Algerie\",\"isPartOf\":{\"@id\":\"https:\/\/innovexalgerie.com\/machines\/#website\"},\"primaryImageOfPage\":{\"@id\":\"https:\/\/innovexalgerie.com\/machines\/produit\/soudeuse-a-impulsion-manuelle-fs-300al\/#primaryimage\"},\"datePublished\":\"2021-09-28T13:01:54+00:00\",\"dateModified\":\"2025-07-02T13:25:59+00:00\",\"breadcrumb\":{\"@id\":\"https:\/\/innovexalgerie.com\/machines\/produit\/soudeuse-a-impulsion-manuelle-fs-300al\/#breadcrumb\"},\"inLanguage\":\"fr-FR\",\"potentialAction\":[{\"@type\":\"ReadAction\",\"target\":[\"https:\/\/innovexalgerie.com\/machines\/produit\/soudeuse-a-impulsion-manuelle-fs-300al\/\"]}]},{\"@type\":\"BreadcrumbList\",\"@id\":\"https:\/\/innovexalgerie.com\/machines\/produit\/soudeuse-a-impulsion-manuelle-fs-300al\/#breadcrumb\",\"itemListElement\":[{\"@type\":\"ListItem\",\"position\":1,\"name\":\"Accueil\",\"item\":\"https:\/\/innovexalgerie.com\/machines\/\"},{\"@type\":\"ListItem\",\"position\":2,\"name\":\"Produits\",\"item\":\"https:\/\/innovexalgerie.com\/machines\/boutique\/\"},{\"@type\":\"ListItem\",\"position\":3,\"name\":\"Soudeuse \\u00e0 impulsion manuelle FS-300 \/ FS-400\"}]}]}<\/script>\n<!-- \/ Yoast SEO Premium plugin. -->","yoast_head_json":{"title":"Soudeuse \u00e0 impulsion manuelle FS-300 \/ FS-400 - Innovex Machines | Innovex Algerie","robots":{"index":"index","follow":"follow","max-snippet":"max-snippet:-1","max-image-preview":"max-image-preview:large","max-video-preview":"max-video-preview:-1"},"canonical":"https:\/\/innovexalgerie.com\/machines\/produit\/soudeuse-a-impulsion-manuelle-fs-300al\/","og_locale":"fr_FR","og_type":"article","og_title":"Soudeuse \u00e0 impulsion manuelle FS-300 \/ FS-400 - Innovex Machines | Innovex Algerie","og_description":"Soudeuse portative \u00e0 impulsion \u00e9lectrique l\u00e9g\u00e8re et ergonomique, con\u00e7ue pour les mati\u00e8res thermo-soudables, elle fait la soudure sur plastique, aluminium, papier thermo-soudable.... jusqu'\u00e0 40cm de largeur.","og_url":"https:\/\/innovexalgerie.com\/machines\/produit\/soudeuse-a-impulsion-manuelle-fs-300al\/","og_site_name":"Innovex Machines | Innovex Algerie","article_publisher":"https:\/\/www.facebook.com\/innovexmachine1","article_modified_time":"2025-07-02T13:25:59+00:00","og_image":[{"width":1000,"height":1000,"filesize":151722,"url":"https:\/\/innovexalgerie.com\/machines\/wp-content\/uploads\/2021\/09\/Soudeuse-a-impulsion-manuelle-FS300-FS400.jpg","path":"\/home\/inovex\/public_html\/machines\/wp-content\/uploads\/2021\/09\/Soudeuse-a-impulsion-manuelle-FS300-FS400.jpg","size":"full","id":33432,"alt":"Soudeuse manuelle-FS300 - FS400 INNOVEX ALGERIE","pixels":1000000,"type":"image\/jpeg"}],"twitter_card":"summary_large_image","twitter_misc":{"Dur\u00e9e de lecture est.":"1 minute"},"schema":{"@context":"https:\/\/schema.org","@graph":[{"@type":"WebSite","@id":"https:\/\/innovexalgerie.com\/machines\/#website","url":"https:\/\/innovexalgerie.com\/machines\/","name":"Innovex Machines | Innovex Algerie","description":"Fournisseur de machines d&#039;emballage et d&#039;imprimerie","potentialAction":[{"@type":"SearchAction","target":{"@type":"EntryPoint","urlTemplate":"https:\/\/innovexalgerie.com\/machines\/?s={search_term_string}"},"query-input":"required name=search_term_string"}],"inLanguage":"fr-FR"},{"@type":"ImageObject","@id":"https:\/\/innovexalgerie.com\/machines\/produit\/soudeuse-a-impulsion-manuelle-fs-300al\/#primaryimage","inLanguage":"fr-FR","url":"https:\/\/innovexalgerie.com\/machines\/wp-content\/uploads\/2021\/09\/Soudeuse-a-impulsion-manuelle-FS300-FS400.jpg","contentUrl":"https:\/\/innovexalgerie.com\/machines\/wp-content\/uploads\/2021\/09\/Soudeuse-a-impulsion-manuelle-FS300-FS400.jpg","width":1000,"height":1000,"caption":"Soudeuse manuelle-FS300 - FS400 INNOVEX ALGERIE"},{"@type":"WebPage","@id":"https:\/\/innovexalgerie.com\/machines\/produit\/soudeuse-a-impulsion-manuelle-fs-300al\/#webpage","url":"https:\/\/innovexalgerie.com\/machines\/produit\/soudeuse-a-impulsion-manuelle-fs-300al\/","name":"Soudeuse \u00e0 impulsion manuelle FS-300 \/ FS-400 - Innovex Machines | Innovex Algerie","isPartOf":{"@id":"https:\/\/innovexalgerie.com\/machines\/#website"},"primaryImageOfPage":{"@id":"https:\/\/innovexalgerie.com\/machines\/produit\/soudeuse-a-impulsion-manuelle-fs-300al\/#primaryimage"},"datePublished":"2021-09-28T13:01:54+00:00","dateModified":"2025-07-02T13:25:59+00:00","breadcrumb":{"@id":"https:\/\/innovexalgerie.com\/machines\/produit\/soudeuse-a-impulsion-manuelle-fs-300al\/#breadcrumb"},"inLanguage":"fr-FR","potentialAction":[{"@type":"ReadAction","target":["https:\/\/innovexalgerie.com\/machines\/produit\/soudeuse-a-impulsion-manuelle-fs-300al\/"]}]},{"@type":"BreadcrumbList","@id":"https:\/\/innovexalgerie.com\/machines\/produit\/soudeuse-a-impulsion-manuelle-fs-300al\/#breadcrumb","itemListElement":[{"@type":"ListItem","position":1,"name":"Accueil","item":"https:\/\/innovexalgerie.com\/machines\/"},{"@type":"ListItem","position":2,"name":"Produits","item":"https:\/\/innovexalgerie.com\/machines\/boutique\/"},{"@type":"ListItem","position":3,"name":"Soudeuse \u00e0 impulsion manuelle FS-300 \/ FS-400"}]}]}},"_links":{"self":[{"href":"https:\/\/innovexalgerie.com\/machines\/wp-json\/wp\/v2\/product\/28694","targetHints":{"allow":["GET"]}}],"collection":[{"href":"https:\/\/innovexalgerie.com\/machines\/wp-json\/wp\/v2\/product"}],"about":[{"href":"https:\/\/innovexalgerie.com\/machines\/wp-json\/wp\/v2\/types\/product"}],"version-history":[{"count":8,"href":"https:\/\/innovexalgerie.com\/machines\/wp-json\/wp\/v2\/product\/28694\/revisions"}],"predecessor-version":[{"id":33444,"href":"https:\/\/innovexalgerie.com\/machines\/wp-json\/wp\/v2\/product\/28694\/revisions\/33444"}],"wp:featuredmedia":[{"embeddable":true,"href":"https:\/\/innovexalgerie.com\/machines\/wp-json\/wp\/v2\/media\/33432"}],"wp:attachment":[{"href":"https:\/\/innovexalgerie.com\/machines\/wp-json\/wp\/v2\/media?parent=28694"}],"wp:term":[{"taxonomy":"product_cat","embeddable":true,"href":"https:\/\/innovexalgerie.com\/machines\/wp-json\/wp\/v2\/product_cat?post=28694"},{"taxonomy":"product_tag","embeddable":true,"href":"https:\/\/innovexalgerie.com\/machines\/wp-json\/wp\/v2\/product_tag?post=28694"}],"curies":[{"name":"wp","href":"https:\/\/api.w.org\/{rel}","templated":true}]}}