{"id":28700,"date":"2021-09-28T14:11:23","date_gmt":"2021-09-28T13:11:23","guid":{"rendered":"https:\/\/innovexalgerie.com\/machines\/?post_type=product&#038;p=28700"},"modified":"2022-06-22T11:20:26","modified_gmt":"2022-06-22T10:20:26","slug":"soudeuse-a-pedale-directe-a-tete-verticale-ks-dd400","status":"publish","type":"product","link":"https:\/\/innovexalgerie.com\/machines\/produit\/soudeuse-a-pedale-directe-a-tete-verticale-ks-dd400\/","title":{"rendered":"Soudeuse \u00e0 p\u00e9dale directe \u00e0 t\u00eate verticale KS-DD400"},"content":{"rendered":"<p>Soudeuse \u00e0 p\u00e9dale directe \u00e0 t\u00eate verticale <strong>KS-DD400<\/strong> pour des sacs thermosoudable, elle fait le scellage verticale sur sacs en plastique et aluminium PVC, PP, PE jusqu&rsquo;\u00e0 45cm de largeur.<\/p>\n<p>Machine dot\u00e9e des tubes r\u00e9sistances sur un m\u00e9canisme de soudure en cuivre qui assure une longue dur\u00e9e de vie et une qualit\u00e9 de soudure stable.<\/p>\n<ul>\n<li>Longueur de soudure 45cm.<\/li>\n<li>Largeur de soudure 11-14mm.<\/li>\n<li>t\u00eate de soudure verticale.<\/li>\n<li>Descente de la barre de soudure par p\u00e9dale.<\/li>\n<li>Scellage rapide et haute efficacit\u00e9.<\/li>\n<li>R\u00e9gulateur de temp\u00e9rature \u00e9lectronique.<\/li>\n<li>Structure solide et durable.<\/li>\n<li>Machine conforme aux normes CE.<\/li>\n<\/ul>\n","protected":false},"excerpt":{"rendered":"<p>Soudeuse \u00e0 p\u00e9dale directe \u00e0 t\u00eate verticale, pour sacs thermosoudables de nature diff\u00e9rente. Effectue un scellage par chaleur avec une qualit\u00e9 de soudure stable et durable.<img loading=\"lazy\" decoding=\"async\" class=\"alignnone size-full wp-image-30796\" src=\"https:\/\/innovexalgerie.com\/machines\/wp-content\/uploads\/2021\/03\/icon-soudeuse-a-pedale-innovex-machine.jpg\" alt=\"icon-soudeuse-\u00e0-p\u00e9dale-innovex-machine\" width=\"913\" height=\"217\" srcset=\"https:\/\/innovexalgerie.com\/machines\/wp-content\/uploads\/2021\/03\/icon-soudeuse-a-pedale-innovex-machine.jpg 913w, https:\/\/innovexalgerie.com\/machines\/wp-content\/uploads\/2021\/03\/icon-soudeuse-a-pedale-innovex-machine-300x71.jpg 300w, https:\/\/innovexalgerie.com\/machines\/wp-content\/uploads\/2021\/03\/icon-soudeuse-a-pedale-innovex-machine-768x183.jpg 768w, https:\/\/innovexalgerie.com\/machines\/wp-content\/uploads\/2021\/03\/icon-soudeuse-a-pedale-innovex-machine-600x143.jpg 600w\" sizes=\"auto, (max-width: 913px) 100vw, 913px\" \/><\/p>\n","protected":false},"featured_media":28667,"template":"","meta":{"_monsterinsights_skip_tracking":false,"_monsterinsights_sitenote_active":false,"_monsterinsights_sitenote_note":"","_monsterinsights_sitenote_category":0},"product_cat":[66,221],"product_tag":[44,70,238],"class_list":["post-28700","product","type-product","status-publish","has-post-thumbnail","hentry","product_cat-soudeuses","product_cat-soudeuses-a-pedale","product_tag-soudeuse","product_tag-soudeuse-pedale","product_tag-soudeuse-tete-verticale"],"yoast_head":"<!-- This site is optimized with the Yoast SEO Premium plugin v16.2 (Yoast SEO v16.7) - https:\/\/yoast.com\/wordpress\/plugins\/seo\/ -->\n<title>Soudeuse \u00e0 p\u00e9dale directe \u00e0 t\u00eate verticale KS-DD400 - Innovex Machines | Innovex Algerie<\/title>\n<meta name=\"description\" content=\"Soudeuse \u00e0 p\u00e9dale directe \u00e0 t\u00eate verticale kd-dd44, pour sacs thermosoudables de nature diff\u00e9rente. innovex machine.\" \/>\n<meta name=\"robots\" content=\"index, follow, max-snippet:-1, max-image-preview:large, max-video-preview:-1\" \/>\n<link rel=\"canonical\" href=\"https:\/\/innovexalgerie.com\/machines\/produit\/soudeuse-a-pedale-directe-a-tete-verticale-ks-dd400\/\" \/>\n<meta property=\"og:locale\" content=\"fr_FR\" \/>\n<meta property=\"og:type\" content=\"article\" \/>\n<meta property=\"og:title\" content=\"Soudeuse \u00e0 p\u00e9dale directe \u00e0 t\u00eate verticale KS-DD400 - Innovex Machines | Innovex Algerie\" \/>\n<meta property=\"og:description\" content=\"Soudeuse \u00e0 p\u00e9dale directe \u00e0 t\u00eate verticale kd-dd44, pour sacs thermosoudables de nature diff\u00e9rente. innovex machine.\" \/>\n<meta property=\"og:url\" content=\"https:\/\/innovexalgerie.com\/machines\/produit\/soudeuse-a-pedale-directe-a-tete-verticale-ks-dd400\/\" \/>\n<meta property=\"og:site_name\" content=\"Innovex Machines | Innovex Algerie\" \/>\n<meta property=\"article:publisher\" content=\"https:\/\/www.facebook.com\/innovexmachine1\" \/>\n<meta property=\"article:modified_time\" content=\"2022-06-22T10:20:26+00:00\" \/>\n<meta property=\"og:image\" content=\"https:\/\/innovexalgerie.com\/machines\/wp-content\/uploads\/2021\/09\/KS-DD400.jpg\" \/>\n\t<meta property=\"og:image:width\" content=\"369\" \/>\n\t<meta property=\"og:image:height\" content=\"369\" \/>\n<meta name=\"twitter:card\" content=\"summary_large_image\" \/>\n<meta name=\"twitter:label1\" content=\"Dur\u00e9e de lecture est.\" \/>\n\t<meta name=\"twitter:data1\" content=\"1 minute\" \/>\n<script type=\"application\/ld+json\" class=\"yoast-schema-graph\">{\"@context\":\"https:\/\/schema.org\",\"@graph\":[{\"@type\":\"WebSite\",\"@id\":\"https:\/\/innovexalgerie.com\/machines\/#website\",\"url\":\"https:\/\/innovexalgerie.com\/machines\/\",\"name\":\"Innovex Machines | Innovex Algerie\",\"description\":\"Fournisseur de machines d&#039;emballage et d&#039;imprimerie\",\"potentialAction\":[{\"@type\":\"SearchAction\",\"target\":{\"@type\":\"EntryPoint\",\"urlTemplate\":\"https:\/\/innovexalgerie.com\/machines\/?s={search_term_string}\"},\"query-input\":\"required name=search_term_string\"}],\"inLanguage\":\"fr-FR\"},{\"@type\":\"ImageObject\",\"@id\":\"https:\/\/innovexalgerie.com\/machines\/produit\/soudeuse-a-pedale-directe-a-tete-verticale-ks-dd400\/#primaryimage\",\"inLanguage\":\"fr-FR\",\"url\":\"https:\/\/innovexalgerie.com\/machines\/wp-content\/uploads\/2021\/09\/KS-DD400.jpg\",\"contentUrl\":\"https:\/\/innovexalgerie.com\/machines\/wp-content\/uploads\/2021\/09\/KS-DD400.jpg\",\"width\":369,\"height\":369},{\"@type\":\"WebPage\",\"@id\":\"https:\/\/innovexalgerie.com\/machines\/produit\/soudeuse-a-pedale-directe-a-tete-verticale-ks-dd400\/#webpage\",\"url\":\"https:\/\/innovexalgerie.com\/machines\/produit\/soudeuse-a-pedale-directe-a-tete-verticale-ks-dd400\/\",\"name\":\"Soudeuse \\u00e0 p\\u00e9dale directe \\u00e0 t\\u00eate verticale KS-DD400 - Innovex Machines | Innovex Algerie\",\"isPartOf\":{\"@id\":\"https:\/\/innovexalgerie.com\/machines\/#website\"},\"primaryImageOfPage\":{\"@id\":\"https:\/\/innovexalgerie.com\/machines\/produit\/soudeuse-a-pedale-directe-a-tete-verticale-ks-dd400\/#primaryimage\"},\"datePublished\":\"2021-09-28T13:11:23+00:00\",\"dateModified\":\"2022-06-22T10:20:26+00:00\",\"description\":\"Soudeuse \\u00e0 p\\u00e9dale directe \\u00e0 t\\u00eate verticale kd-dd44, pour sacs thermosoudables de nature diff\\u00e9rente. innovex machine.\",\"breadcrumb\":{\"@id\":\"https:\/\/innovexalgerie.com\/machines\/produit\/soudeuse-a-pedale-directe-a-tete-verticale-ks-dd400\/#breadcrumb\"},\"inLanguage\":\"fr-FR\",\"potentialAction\":[{\"@type\":\"ReadAction\",\"target\":[\"https:\/\/innovexalgerie.com\/machines\/produit\/soudeuse-a-pedale-directe-a-tete-verticale-ks-dd400\/\"]}]},{\"@type\":\"BreadcrumbList\",\"@id\":\"https:\/\/innovexalgerie.com\/machines\/produit\/soudeuse-a-pedale-directe-a-tete-verticale-ks-dd400\/#breadcrumb\",\"itemListElement\":[{\"@type\":\"ListItem\",\"position\":1,\"name\":\"Accueil\",\"item\":\"https:\/\/innovexalgerie.com\/machines\/\"},{\"@type\":\"ListItem\",\"position\":2,\"name\":\"Produits\",\"item\":\"https:\/\/innovexalgerie.com\/machines\/boutique\/\"},{\"@type\":\"ListItem\",\"position\":3,\"name\":\"Soudeuse \\u00e0 p\\u00e9dale directe \\u00e0 t\\u00eate verticale KS-DD400\"}]}]}<\/script>\n<!-- \/ Yoast SEO Premium plugin. -->","yoast_head_json":{"title":"Soudeuse \u00e0 p\u00e9dale directe \u00e0 t\u00eate verticale KS-DD400 - Innovex Machines | Innovex Algerie","description":"Soudeuse \u00e0 p\u00e9dale directe \u00e0 t\u00eate verticale kd-dd44, pour sacs thermosoudables de nature diff\u00e9rente. innovex machine.","robots":{"index":"index","follow":"follow","max-snippet":"max-snippet:-1","max-image-preview":"max-image-preview:large","max-video-preview":"max-video-preview:-1"},"canonical":"https:\/\/innovexalgerie.com\/machines\/produit\/soudeuse-a-pedale-directe-a-tete-verticale-ks-dd400\/","og_locale":"fr_FR","og_type":"article","og_title":"Soudeuse \u00e0 p\u00e9dale directe \u00e0 t\u00eate verticale KS-DD400 - Innovex Machines | Innovex Algerie","og_description":"Soudeuse \u00e0 p\u00e9dale directe \u00e0 t\u00eate verticale kd-dd44, pour sacs thermosoudables de nature diff\u00e9rente. innovex machine.","og_url":"https:\/\/innovexalgerie.com\/machines\/produit\/soudeuse-a-pedale-directe-a-tete-verticale-ks-dd400\/","og_site_name":"Innovex Machines | Innovex Algerie","article_publisher":"https:\/\/www.facebook.com\/innovexmachine1","article_modified_time":"2022-06-22T10:20:26+00:00","og_image":[{"width":369,"height":369,"url":"https:\/\/innovexalgerie.com\/machines\/wp-content\/uploads\/2021\/09\/KS-DD400.jpg","path":"\/home\/inovex\/public_html\/machines\/wp-content\/uploads\/2021\/09\/KS-DD400.jpg","size":"full","id":28667,"alt":"","pixels":136161,"type":"image\/jpeg"}],"twitter_card":"summary_large_image","twitter_misc":{"Dur\u00e9e de lecture est.":"1 minute"},"schema":{"@context":"https:\/\/schema.org","@graph":[{"@type":"WebSite","@id":"https:\/\/innovexalgerie.com\/machines\/#website","url":"https:\/\/innovexalgerie.com\/machines\/","name":"Innovex Machines | Innovex Algerie","description":"Fournisseur de machines d&#039;emballage et d&#039;imprimerie","potentialAction":[{"@type":"SearchAction","target":{"@type":"EntryPoint","urlTemplate":"https:\/\/innovexalgerie.com\/machines\/?s={search_term_string}"},"query-input":"required name=search_term_string"}],"inLanguage":"fr-FR"},{"@type":"ImageObject","@id":"https:\/\/innovexalgerie.com\/machines\/produit\/soudeuse-a-pedale-directe-a-tete-verticale-ks-dd400\/#primaryimage","inLanguage":"fr-FR","url":"https:\/\/innovexalgerie.com\/machines\/wp-content\/uploads\/2021\/09\/KS-DD400.jpg","contentUrl":"https:\/\/innovexalgerie.com\/machines\/wp-content\/uploads\/2021\/09\/KS-DD400.jpg","width":369,"height":369},{"@type":"WebPage","@id":"https:\/\/innovexalgerie.com\/machines\/produit\/soudeuse-a-pedale-directe-a-tete-verticale-ks-dd400\/#webpage","url":"https:\/\/innovexalgerie.com\/machines\/produit\/soudeuse-a-pedale-directe-a-tete-verticale-ks-dd400\/","name":"Soudeuse \u00e0 p\u00e9dale directe \u00e0 t\u00eate verticale KS-DD400 - Innovex Machines | Innovex Algerie","isPartOf":{"@id":"https:\/\/innovexalgerie.com\/machines\/#website"},"primaryImageOfPage":{"@id":"https:\/\/innovexalgerie.com\/machines\/produit\/soudeuse-a-pedale-directe-a-tete-verticale-ks-dd400\/#primaryimage"},"datePublished":"2021-09-28T13:11:23+00:00","dateModified":"2022-06-22T10:20:26+00:00","description":"Soudeuse \u00e0 p\u00e9dale directe \u00e0 t\u00eate verticale kd-dd44, pour sacs thermosoudables de nature diff\u00e9rente. innovex machine.","breadcrumb":{"@id":"https:\/\/innovexalgerie.com\/machines\/produit\/soudeuse-a-pedale-directe-a-tete-verticale-ks-dd400\/#breadcrumb"},"inLanguage":"fr-FR","potentialAction":[{"@type":"ReadAction","target":["https:\/\/innovexalgerie.com\/machines\/produit\/soudeuse-a-pedale-directe-a-tete-verticale-ks-dd400\/"]}]},{"@type":"BreadcrumbList","@id":"https:\/\/innovexalgerie.com\/machines\/produit\/soudeuse-a-pedale-directe-a-tete-verticale-ks-dd400\/#breadcrumb","itemListElement":[{"@type":"ListItem","position":1,"name":"Accueil","item":"https:\/\/innovexalgerie.com\/machines\/"},{"@type":"ListItem","position":2,"name":"Produits","item":"https:\/\/innovexalgerie.com\/machines\/boutique\/"},{"@type":"ListItem","position":3,"name":"Soudeuse \u00e0 p\u00e9dale directe \u00e0 t\u00eate verticale KS-DD400"}]}]}},"_links":{"self":[{"href":"https:\/\/innovexalgerie.com\/machines\/wp-json\/wp\/v2\/product\/28700","targetHints":{"allow":["GET"]}}],"collection":[{"href":"https:\/\/innovexalgerie.com\/machines\/wp-json\/wp\/v2\/product"}],"about":[{"href":"https:\/\/innovexalgerie.com\/machines\/wp-json\/wp\/v2\/types\/product"}],"version-history":[{"count":7,"href":"https:\/\/innovexalgerie.com\/machines\/wp-json\/wp\/v2\/product\/28700\/revisions"}],"predecessor-version":[{"id":30805,"href":"https:\/\/innovexalgerie.com\/machines\/wp-json\/wp\/v2\/product\/28700\/revisions\/30805"}],"wp:featuredmedia":[{"embeddable":true,"href":"https:\/\/innovexalgerie.com\/machines\/wp-json\/wp\/v2\/media\/28667"}],"wp:attachment":[{"href":"https:\/\/innovexalgerie.com\/machines\/wp-json\/wp\/v2\/media?parent=28700"}],"wp:term":[{"taxonomy":"product_cat","embeddable":true,"href":"https:\/\/innovexalgerie.com\/machines\/wp-json\/wp\/v2\/product_cat?post=28700"},{"taxonomy":"product_tag","embeddable":true,"href":"https:\/\/innovexalgerie.com\/machines\/wp-json\/wp\/v2\/product_tag?post=28700"}],"curies":[{"name":"wp","href":"https:\/\/api.w.org\/{rel}","templated":true}]}}