{"id":28704,"date":"2021-09-28T14:18:08","date_gmt":"2021-09-28T13:18:08","guid":{"rendered":"https:\/\/innovexalgerie.com\/machines\/?post_type=product&#038;p=28704"},"modified":"2022-06-23T11:51:48","modified_gmt":"2022-06-23T10:51:48","slug":"soudeuse-a-impulsion-manuelle-a-gaines-sp-450-sp-650","status":"publish","type":"product","link":"https:\/\/innovexalgerie.com\/machines\/produit\/soudeuse-a-impulsion-manuelle-a-gaines-sp-450-sp-650\/","title":{"rendered":"Soudeuse \u00e0 impulsion manuelle \u00e0 gaines SP-450 \/ SP-600"},"content":{"rendered":"<p>Soudeuse \u00e0 impulsion manuelle \u00e0 gaines <strong>SP-450 \/ SP-600<\/strong> \u00e9lectrique avec une barre de soudage dispos\u00e9e sur table de travail \u00e9quip\u00e9e d&rsquo;un port-rouleau pour un d\u00e9roulement facile du film pour les mati\u00e8res thermo-soudables, elle fait la soudure sur gaine transparente en plastique, film thermo-r\u00e9tractable poly\u00e9thyl\u00e8ne doubl\u00e9 POF jusqu\u2019a 600mm de largeur.<\/p>\n<ul>\n<li>Longueur de soudure 45cm jusqua 60cm.<\/li>\n<li>Largeur de soudure 3mm.<\/li>\n<li>La conception de la soudeuse est sp\u00e9cialement con\u00e7ue pour le travail avec des mat\u00e9riaux d&#8217;emballage en rouleau.<\/li>\n<li>Equip\u00e9e de rouleaux d\u00e9roulant le film.<\/li>\n<li>Id\u00e9al pour les petits businesses et e-commerce.<\/li>\n<li>Dur\u00e9e de la soudure r\u00e9glable.<\/li>\n<li>Soudure par coupure.<\/li>\n<li>Le fil de soudage permet de souder et couper les sacs en une seule op\u00e9ration.<\/li>\n<li>Emballage directement \u00e0 partir d&rsquo;un rouleau de film plac\u00e9 sur la machine.<\/li>\n<li>le support de rouleau int\u00e9gr\u00e9 permet de d\u00e9rouler facilement le film et simplifie le travail de l&rsquo;op\u00e9rateur.<\/li>\n<\/ul>\n","protected":false},"excerpt":{"rendered":"<p>Soudeuse \u00e0 impulsion manuelle \u00e0 gaines \u00e9lectrique avec une barre de soudage dispos\u00e9e sur table de travail, \u00e9quip\u00e9e d&rsquo;un port-rouleau pour un d\u00e9roulement facile du film pour les mati\u00e8res thermo-soudables jusqu&rsquo;\u00e0 60cm de largeur.<img loading=\"lazy\" decoding=\"async\" class=\"alignnone size-full wp-image-30867\" src=\"https:\/\/innovexalgerie.com\/machines\/wp-content\/uploads\/2021\/09\/icon-soudeuse-manu-a-gaine-sp-450-600-innovex-machine.jpg\" alt=\"icon-soudeuse-manu-\u00e0-gaine-sp-450-600-innovex-machine\" width=\"922\" height=\"217\" srcset=\"https:\/\/innovexalgerie.com\/machines\/wp-content\/uploads\/2021\/09\/icon-soudeuse-manu-a-gaine-sp-450-600-innovex-machine.jpg 922w, https:\/\/innovexalgerie.com\/machines\/wp-content\/uploads\/2021\/09\/icon-soudeuse-manu-a-gaine-sp-450-600-innovex-machine-300x71.jpg 300w, https:\/\/innovexalgerie.com\/machines\/wp-content\/uploads\/2021\/09\/icon-soudeuse-manu-a-gaine-sp-450-600-innovex-machine-768x181.jpg 768w, https:\/\/innovexalgerie.com\/machines\/wp-content\/uploads\/2021\/09\/icon-soudeuse-manu-a-gaine-sp-450-600-innovex-machine-600x141.jpg 600w\" sizes=\"auto, (max-width: 922px) 100vw, 922px\" \/><\/p>\n","protected":false},"featured_media":28661,"template":"","meta":{"_monsterinsights_skip_tracking":false,"_monsterinsights_sitenote_active":false,"_monsterinsights_sitenote_note":"","_monsterinsights_sitenote_category":0},"product_cat":[253],"product_tag":[44,195,196],"class_list":["post-28704","product","type-product","status-publish","has-post-thumbnail","hentry","product_cat-soudeuse-avec-porte-rouleau","product_tag-soudeuse","product_tag-soudeuse-a-impulsion","product_tag-soudeuse-manuelle"],"yoast_head":"<!-- This site is optimized with the Yoast SEO Premium plugin v16.2 (Yoast SEO v16.7) - https:\/\/yoast.com\/wordpress\/plugins\/seo\/ -->\n<title>Soudeuse \u00e0 impulsion manuelle \u00e0 gaines SP-450 \/ SP-600 - Innovex Machines | Innovex Algerie<\/title>\n<meta name=\"description\" content=\"Soudeuse \u00e0 impulsion manuelle \u00e0 gaines SP-450 \u00e9lectrique avec table support rouleau, id\u00e9al pour les petits businesses et e-commerce\" \/>\n<meta name=\"robots\" content=\"index, follow, max-snippet:-1, max-image-preview:large, max-video-preview:-1\" \/>\n<link rel=\"canonical\" href=\"https:\/\/innovexalgerie.com\/machines\/produit\/soudeuse-a-impulsion-manuelle-a-gaines-sp-450-sp-650\/\" \/>\n<meta property=\"og:locale\" content=\"fr_FR\" \/>\n<meta property=\"og:type\" content=\"article\" \/>\n<meta property=\"og:title\" content=\"Soudeuse \u00e0 impulsion manuelle \u00e0 gaines SP-450 \/ SP-600 - Innovex Machines | Innovex Algerie\" \/>\n<meta property=\"og:description\" content=\"Soudeuse \u00e0 impulsion manuelle \u00e0 gaines SP-450 \u00e9lectrique avec table support rouleau, id\u00e9al pour les petits businesses et e-commerce\" \/>\n<meta property=\"og:url\" content=\"https:\/\/innovexalgerie.com\/machines\/produit\/soudeuse-a-impulsion-manuelle-a-gaines-sp-450-sp-650\/\" \/>\n<meta property=\"og:site_name\" content=\"Innovex Machines | Innovex Algerie\" \/>\n<meta property=\"article:publisher\" content=\"https:\/\/www.facebook.com\/innovexmachine1\" \/>\n<meta property=\"article:modified_time\" content=\"2022-06-23T10:51:48+00:00\" \/>\n<meta property=\"og:image\" content=\"https:\/\/innovexalgerie.com\/machines\/wp-content\/uploads\/2021\/09\/SP450-SP600.jpg\" \/>\n\t<meta property=\"og:image:width\" content=\"369\" \/>\n\t<meta property=\"og:image:height\" content=\"369\" \/>\n<meta name=\"twitter:card\" content=\"summary_large_image\" \/>\n<meta name=\"twitter:label1\" content=\"Dur\u00e9e de lecture est.\" \/>\n\t<meta name=\"twitter:data1\" content=\"1 minute\" \/>\n<script type=\"application\/ld+json\" class=\"yoast-schema-graph\">{\"@context\":\"https:\/\/schema.org\",\"@graph\":[{\"@type\":\"WebSite\",\"@id\":\"https:\/\/innovexalgerie.com\/machines\/#website\",\"url\":\"https:\/\/innovexalgerie.com\/machines\/\",\"name\":\"Innovex Machines | Innovex Algerie\",\"description\":\"Fournisseur de machines d&#039;emballage et d&#039;imprimerie\",\"potentialAction\":[{\"@type\":\"SearchAction\",\"target\":{\"@type\":\"EntryPoint\",\"urlTemplate\":\"https:\/\/innovexalgerie.com\/machines\/?s={search_term_string}\"},\"query-input\":\"required name=search_term_string\"}],\"inLanguage\":\"fr-FR\"},{\"@type\":\"ImageObject\",\"@id\":\"https:\/\/innovexalgerie.com\/machines\/produit\/soudeuse-a-impulsion-manuelle-a-gaines-sp-450-sp-650\/#primaryimage\",\"inLanguage\":\"fr-FR\",\"url\":\"https:\/\/innovexalgerie.com\/machines\/wp-content\/uploads\/2021\/09\/SP450-SP600.jpg\",\"contentUrl\":\"https:\/\/innovexalgerie.com\/machines\/wp-content\/uploads\/2021\/09\/SP450-SP600.jpg\",\"width\":369,\"height\":369},{\"@type\":\"WebPage\",\"@id\":\"https:\/\/innovexalgerie.com\/machines\/produit\/soudeuse-a-impulsion-manuelle-a-gaines-sp-450-sp-650\/#webpage\",\"url\":\"https:\/\/innovexalgerie.com\/machines\/produit\/soudeuse-a-impulsion-manuelle-a-gaines-sp-450-sp-650\/\",\"name\":\"Soudeuse \\u00e0 impulsion manuelle \\u00e0 gaines SP-450 \/ SP-600 - Innovex Machines | Innovex Algerie\",\"isPartOf\":{\"@id\":\"https:\/\/innovexalgerie.com\/machines\/#website\"},\"primaryImageOfPage\":{\"@id\":\"https:\/\/innovexalgerie.com\/machines\/produit\/soudeuse-a-impulsion-manuelle-a-gaines-sp-450-sp-650\/#primaryimage\"},\"datePublished\":\"2021-09-28T13:18:08+00:00\",\"dateModified\":\"2022-06-23T10:51:48+00:00\",\"description\":\"Soudeuse \\u00e0 impulsion manuelle \\u00e0 gaines SP-450 \\u00e9lectrique avec table support rouleau, id\\u00e9al pour les petits businesses et e-commerce\",\"breadcrumb\":{\"@id\":\"https:\/\/innovexalgerie.com\/machines\/produit\/soudeuse-a-impulsion-manuelle-a-gaines-sp-450-sp-650\/#breadcrumb\"},\"inLanguage\":\"fr-FR\",\"potentialAction\":[{\"@type\":\"ReadAction\",\"target\":[\"https:\/\/innovexalgerie.com\/machines\/produit\/soudeuse-a-impulsion-manuelle-a-gaines-sp-450-sp-650\/\"]}]},{\"@type\":\"BreadcrumbList\",\"@id\":\"https:\/\/innovexalgerie.com\/machines\/produit\/soudeuse-a-impulsion-manuelle-a-gaines-sp-450-sp-650\/#breadcrumb\",\"itemListElement\":[{\"@type\":\"ListItem\",\"position\":1,\"name\":\"Accueil\",\"item\":\"https:\/\/innovexalgerie.com\/machines\/\"},{\"@type\":\"ListItem\",\"position\":2,\"name\":\"Produits\",\"item\":\"https:\/\/innovexalgerie.com\/machines\/boutique\/\"},{\"@type\":\"ListItem\",\"position\":3,\"name\":\"Soudeuse \\u00e0 impulsion manuelle \\u00e0 gaines SP-450 \/ SP-600\"}]}]}<\/script>\n<!-- \/ Yoast SEO Premium plugin. -->","yoast_head_json":{"title":"Soudeuse \u00e0 impulsion manuelle \u00e0 gaines SP-450 \/ SP-600 - Innovex Machines | Innovex Algerie","description":"Soudeuse \u00e0 impulsion manuelle \u00e0 gaines SP-450 \u00e9lectrique avec table support rouleau, id\u00e9al pour les petits businesses et e-commerce","robots":{"index":"index","follow":"follow","max-snippet":"max-snippet:-1","max-image-preview":"max-image-preview:large","max-video-preview":"max-video-preview:-1"},"canonical":"https:\/\/innovexalgerie.com\/machines\/produit\/soudeuse-a-impulsion-manuelle-a-gaines-sp-450-sp-650\/","og_locale":"fr_FR","og_type":"article","og_title":"Soudeuse \u00e0 impulsion manuelle \u00e0 gaines SP-450 \/ SP-600 - Innovex Machines | Innovex Algerie","og_description":"Soudeuse \u00e0 impulsion manuelle \u00e0 gaines SP-450 \u00e9lectrique avec table support rouleau, id\u00e9al pour les petits businesses et e-commerce","og_url":"https:\/\/innovexalgerie.com\/machines\/produit\/soudeuse-a-impulsion-manuelle-a-gaines-sp-450-sp-650\/","og_site_name":"Innovex Machines | Innovex Algerie","article_publisher":"https:\/\/www.facebook.com\/innovexmachine1","article_modified_time":"2022-06-23T10:51:48+00:00","og_image":[{"width":369,"height":369,"url":"https:\/\/innovexalgerie.com\/machines\/wp-content\/uploads\/2021\/09\/SP450-SP600.jpg","path":"\/home\/inovex\/public_html\/machines\/wp-content\/uploads\/2021\/09\/SP450-SP600.jpg","size":"full","id":28661,"alt":"","pixels":136161,"type":"image\/jpeg"}],"twitter_card":"summary_large_image","twitter_misc":{"Dur\u00e9e de lecture est.":"1 minute"},"schema":{"@context":"https:\/\/schema.org","@graph":[{"@type":"WebSite","@id":"https:\/\/innovexalgerie.com\/machines\/#website","url":"https:\/\/innovexalgerie.com\/machines\/","name":"Innovex Machines | Innovex Algerie","description":"Fournisseur de machines d&#039;emballage et d&#039;imprimerie","potentialAction":[{"@type":"SearchAction","target":{"@type":"EntryPoint","urlTemplate":"https:\/\/innovexalgerie.com\/machines\/?s={search_term_string}"},"query-input":"required name=search_term_string"}],"inLanguage":"fr-FR"},{"@type":"ImageObject","@id":"https:\/\/innovexalgerie.com\/machines\/produit\/soudeuse-a-impulsion-manuelle-a-gaines-sp-450-sp-650\/#primaryimage","inLanguage":"fr-FR","url":"https:\/\/innovexalgerie.com\/machines\/wp-content\/uploads\/2021\/09\/SP450-SP600.jpg","contentUrl":"https:\/\/innovexalgerie.com\/machines\/wp-content\/uploads\/2021\/09\/SP450-SP600.jpg","width":369,"height":369},{"@type":"WebPage","@id":"https:\/\/innovexalgerie.com\/machines\/produit\/soudeuse-a-impulsion-manuelle-a-gaines-sp-450-sp-650\/#webpage","url":"https:\/\/innovexalgerie.com\/machines\/produit\/soudeuse-a-impulsion-manuelle-a-gaines-sp-450-sp-650\/","name":"Soudeuse \u00e0 impulsion manuelle \u00e0 gaines SP-450 \/ SP-600 - Innovex Machines | Innovex Algerie","isPartOf":{"@id":"https:\/\/innovexalgerie.com\/machines\/#website"},"primaryImageOfPage":{"@id":"https:\/\/innovexalgerie.com\/machines\/produit\/soudeuse-a-impulsion-manuelle-a-gaines-sp-450-sp-650\/#primaryimage"},"datePublished":"2021-09-28T13:18:08+00:00","dateModified":"2022-06-23T10:51:48+00:00","description":"Soudeuse \u00e0 impulsion manuelle \u00e0 gaines SP-450 \u00e9lectrique avec table support rouleau, id\u00e9al pour les petits businesses et e-commerce","breadcrumb":{"@id":"https:\/\/innovexalgerie.com\/machines\/produit\/soudeuse-a-impulsion-manuelle-a-gaines-sp-450-sp-650\/#breadcrumb"},"inLanguage":"fr-FR","potentialAction":[{"@type":"ReadAction","target":["https:\/\/innovexalgerie.com\/machines\/produit\/soudeuse-a-impulsion-manuelle-a-gaines-sp-450-sp-650\/"]}]},{"@type":"BreadcrumbList","@id":"https:\/\/innovexalgerie.com\/machines\/produit\/soudeuse-a-impulsion-manuelle-a-gaines-sp-450-sp-650\/#breadcrumb","itemListElement":[{"@type":"ListItem","position":1,"name":"Accueil","item":"https:\/\/innovexalgerie.com\/machines\/"},{"@type":"ListItem","position":2,"name":"Produits","item":"https:\/\/innovexalgerie.com\/machines\/boutique\/"},{"@type":"ListItem","position":3,"name":"Soudeuse \u00e0 impulsion manuelle \u00e0 gaines SP-450 \/ SP-600"}]}]}},"_links":{"self":[{"href":"https:\/\/innovexalgerie.com\/machines\/wp-json\/wp\/v2\/product\/28704","targetHints":{"allow":["GET"]}}],"collection":[{"href":"https:\/\/innovexalgerie.com\/machines\/wp-json\/wp\/v2\/product"}],"about":[{"href":"https:\/\/innovexalgerie.com\/machines\/wp-json\/wp\/v2\/types\/product"}],"version-history":[{"count":8,"href":"https:\/\/innovexalgerie.com\/machines\/wp-json\/wp\/v2\/product\/28704\/revisions"}],"predecessor-version":[{"id":30859,"href":"https:\/\/innovexalgerie.com\/machines\/wp-json\/wp\/v2\/product\/28704\/revisions\/30859"}],"wp:featuredmedia":[{"embeddable":true,"href":"https:\/\/innovexalgerie.com\/machines\/wp-json\/wp\/v2\/media\/28661"}],"wp:attachment":[{"href":"https:\/\/innovexalgerie.com\/machines\/wp-json\/wp\/v2\/media?parent=28704"}],"wp:term":[{"taxonomy":"product_cat","embeddable":true,"href":"https:\/\/innovexalgerie.com\/machines\/wp-json\/wp\/v2\/product_cat?post=28704"},{"taxonomy":"product_tag","embeddable":true,"href":"https:\/\/innovexalgerie.com\/machines\/wp-json\/wp\/v2\/product_tag?post=28704"}],"curies":[{"name":"wp","href":"https:\/\/api.w.org\/{rel}","templated":true}]}}