{"id":30870,"date":"2022-06-23T12:07:16","date_gmt":"2022-06-23T11:07:16","guid":{"rendered":"https:\/\/innovexalgerie.com\/machines\/?post_type=product&#038;p=30870"},"modified":"2022-06-26T15:21:59","modified_gmt":"2022-06-26T14:21:59","slug":"machine-pelliplacage-skin-pack-tb-390","status":"publish","type":"product","link":"https:\/\/innovexalgerie.com\/machines\/produit\/machine-pelliplacage-skin-pack-tb-390\/","title":{"rendered":"Machine pelliplacage \u00a0\u00bb SKIN PACK \u00a0\u00bb TB-390"},"content":{"rendered":"<p>Machine de pelliplacage automatique <strong>TB-390<\/strong> offre une protection et un emballage pr\u00e9sentable sans moule, les r\u00e9sistances avancent et chauffent le film, le film descend<br \/>\nautomatiquement sur la plaque, l\u2019air est aspir\u00e9e \u00e0 travers ce carton gr\u00e2ce \u00e0 une pompe \u00e0 vide, le film prend la forme des pi\u00e8ces et se colle sur le carton de dimension\u00a0 \u00a0 \u00a0 \u00a0 390 x 540mm. Appliqu\u00e9e sur ( pi\u00e8ces, jouets, articles scolaires, domestique&#8230;.)<\/p>\n<ul>\n<li>Emballage de produit avec film et carton sans moule.<\/li>\n<li>\u00c9clat brillant du film offre une pr\u00e9sentation optimale aux produits.<\/li>\n<li>Pompe \u00e0 vide qui aspire qui permet au film de prendre la forme du produit.<\/li>\n<li>Bonne r\u00e9partition de chaleur gr\u00e2ce \u00e0 des lampes r\u00e9sistantes \u00e0 temp\u00e9rature ajustable.<\/li>\n<li>Epouse la forme du produit.<\/li>\n<li>Prot\u00e8ge le produit par l\u2019\u00e9paisseur du film et le support carton<\/li>\n<li>Cale le produit et facilite le transport<\/li>\n<li>Permet de r\u00e9aliser des kits<\/li>\n<li>Machine conforme aux normes CE.<\/li>\n<\/ul>\n","protected":false},"excerpt":{"rendered":"<p>Machine de pelliplacage automatique offre une protection et un emballage pr\u00e9sentable sans moule, Il est largement utilis\u00e9 sur pi\u00e8ces, jouets, articles scolaires, domestique&#8230;etc.<img loading=\"lazy\" decoding=\"async\" class=\"alignnone size-full wp-image-30884\" src=\"https:\/\/innovexalgerie.com\/machines\/wp-content\/uploads\/2022\/06\/icon-skin-pack-innovex-machine.jpg\" alt=\"icon-skin-pack-innovex-machine\" width=\"922\" height=\"217\" srcset=\"https:\/\/innovexalgerie.com\/machines\/wp-content\/uploads\/2022\/06\/icon-skin-pack-innovex-machine.jpg 922w, https:\/\/innovexalgerie.com\/machines\/wp-content\/uploads\/2022\/06\/icon-skin-pack-innovex-machine-300x71.jpg 300w, https:\/\/innovexalgerie.com\/machines\/wp-content\/uploads\/2022\/06\/icon-skin-pack-innovex-machine-768x181.jpg 768w, https:\/\/innovexalgerie.com\/machines\/wp-content\/uploads\/2022\/06\/icon-skin-pack-innovex-machine-600x141.jpg 600w\" sizes=\"auto, (max-width: 922px) 100vw, 922px\" \/><\/p>\n","protected":false},"featured_media":30875,"template":"","meta":{"_monsterinsights_skip_tracking":false,"_monsterinsights_sitenote_active":false,"_monsterinsights_sitenote_note":"","_monsterinsights_sitenote_category":0},"product_cat":[251],"product_tag":[260,259,258],"class_list":["post-30870","product","type-product","status-publish","has-post-thumbnail","hentry","product_cat-pelliplacage","product_tag-blister","product_tag-machine-pelliplacage","product_tag-skin-pack"],"yoast_head":"<!-- This site is optimized with the Yoast SEO Premium plugin v16.2 (Yoast SEO v16.7) - https:\/\/yoast.com\/wordpress\/plugins\/seo\/ -->\n<title>Machine pelliplacage &quot; SKIN PACK &quot; TB-390 - Innovex Machines | Innovex Algerie<\/title>\n<meta name=\"description\" content=\"Machine de pelliplacage semi-automatique offre une protection et un emballage pr\u00e9sentable sans moule.innovex machine.\" \/>\n<meta name=\"robots\" content=\"index, follow, max-snippet:-1, max-image-preview:large, max-video-preview:-1\" \/>\n<link rel=\"canonical\" href=\"https:\/\/innovexalgerie.com\/machines\/produit\/machine-pelliplacage-skin-pack-tb-390\/\" \/>\n<meta property=\"og:locale\" content=\"fr_FR\" \/>\n<meta property=\"og:type\" content=\"article\" \/>\n<meta property=\"og:title\" content=\"Machine pelliplacage &quot; SKIN PACK &quot; TB-390 - Innovex Machines | Innovex Algerie\" \/>\n<meta property=\"og:description\" content=\"Machine de pelliplacage semi-automatique offre une protection et un emballage pr\u00e9sentable sans moule.innovex machine.\" \/>\n<meta property=\"og:url\" content=\"https:\/\/innovexalgerie.com\/machines\/produit\/machine-pelliplacage-skin-pack-tb-390\/\" \/>\n<meta property=\"og:site_name\" content=\"Innovex Machines | Innovex Algerie\" \/>\n<meta property=\"article:publisher\" content=\"https:\/\/www.facebook.com\/innovexmachine1\" \/>\n<meta property=\"article:modified_time\" content=\"2022-06-26T14:21:59+00:00\" \/>\n<meta property=\"og:image\" content=\"https:\/\/innovexalgerie.com\/machines\/wp-content\/uploads\/2022\/06\/SKIN-PACK-390.jpg\" \/>\n\t<meta property=\"og:image:width\" content=\"734\" \/>\n\t<meta property=\"og:image:height\" content=\"661\" \/>\n<meta name=\"twitter:card\" content=\"summary_large_image\" \/>\n<meta name=\"twitter:label1\" content=\"Dur\u00e9e de lecture est.\" \/>\n\t<meta name=\"twitter:data1\" content=\"1 minute\" \/>\n<script type=\"application\/ld+json\" class=\"yoast-schema-graph\">{\"@context\":\"https:\/\/schema.org\",\"@graph\":[{\"@type\":\"WebSite\",\"@id\":\"https:\/\/innovexalgerie.com\/machines\/#website\",\"url\":\"https:\/\/innovexalgerie.com\/machines\/\",\"name\":\"Innovex Machines | Innovex Algerie\",\"description\":\"Fournisseur de machines d&#039;emballage et d&#039;imprimerie\",\"potentialAction\":[{\"@type\":\"SearchAction\",\"target\":{\"@type\":\"EntryPoint\",\"urlTemplate\":\"https:\/\/innovexalgerie.com\/machines\/?s={search_term_string}\"},\"query-input\":\"required name=search_term_string\"}],\"inLanguage\":\"fr-FR\"},{\"@type\":\"ImageObject\",\"@id\":\"https:\/\/innovexalgerie.com\/machines\/produit\/machine-pelliplacage-skin-pack-tb-390\/#primaryimage\",\"inLanguage\":\"fr-FR\",\"url\":\"https:\/\/innovexalgerie.com\/machines\/wp-content\/uploads\/2022\/06\/SKIN-PACK-390.jpg\",\"contentUrl\":\"https:\/\/innovexalgerie.com\/machines\/wp-content\/uploads\/2022\/06\/SKIN-PACK-390.jpg\",\"width\":734,\"height\":661,\"caption\":\"SKIN-PACK-390\"},{\"@type\":\"WebPage\",\"@id\":\"https:\/\/innovexalgerie.com\/machines\/produit\/machine-pelliplacage-skin-pack-tb-390\/#webpage\",\"url\":\"https:\/\/innovexalgerie.com\/machines\/produit\/machine-pelliplacage-skin-pack-tb-390\/\",\"name\":\"Machine pelliplacage \\\" SKIN PACK \\\" TB-390 - Innovex Machines | Innovex Algerie\",\"isPartOf\":{\"@id\":\"https:\/\/innovexalgerie.com\/machines\/#website\"},\"primaryImageOfPage\":{\"@id\":\"https:\/\/innovexalgerie.com\/machines\/produit\/machine-pelliplacage-skin-pack-tb-390\/#primaryimage\"},\"datePublished\":\"2022-06-23T11:07:16+00:00\",\"dateModified\":\"2022-06-26T14:21:59+00:00\",\"description\":\"Machine de pelliplacage semi-automatique offre une protection et un emballage pr\\u00e9sentable sans moule.innovex machine.\",\"breadcrumb\":{\"@id\":\"https:\/\/innovexalgerie.com\/machines\/produit\/machine-pelliplacage-skin-pack-tb-390\/#breadcrumb\"},\"inLanguage\":\"fr-FR\",\"potentialAction\":[{\"@type\":\"ReadAction\",\"target\":[\"https:\/\/innovexalgerie.com\/machines\/produit\/machine-pelliplacage-skin-pack-tb-390\/\"]}]},{\"@type\":\"BreadcrumbList\",\"@id\":\"https:\/\/innovexalgerie.com\/machines\/produit\/machine-pelliplacage-skin-pack-tb-390\/#breadcrumb\",\"itemListElement\":[{\"@type\":\"ListItem\",\"position\":1,\"name\":\"Accueil\",\"item\":\"https:\/\/innovexalgerie.com\/machines\/\"},{\"@type\":\"ListItem\",\"position\":2,\"name\":\"Produits\",\"item\":\"https:\/\/innovexalgerie.com\/machines\/boutique\/\"},{\"@type\":\"ListItem\",\"position\":3,\"name\":\"Machine pelliplacage \\u00a0\\u00bb SKIN PACK \\u00a0\\u00bb TB-390\"}]}]}<\/script>\n<!-- \/ Yoast SEO Premium plugin. -->","yoast_head_json":{"title":"Machine pelliplacage \" SKIN PACK \" TB-390 - Innovex Machines | Innovex Algerie","description":"Machine de pelliplacage semi-automatique offre une protection et un emballage pr\u00e9sentable sans moule.innovex machine.","robots":{"index":"index","follow":"follow","max-snippet":"max-snippet:-1","max-image-preview":"max-image-preview:large","max-video-preview":"max-video-preview:-1"},"canonical":"https:\/\/innovexalgerie.com\/machines\/produit\/machine-pelliplacage-skin-pack-tb-390\/","og_locale":"fr_FR","og_type":"article","og_title":"Machine pelliplacage \" SKIN PACK \" TB-390 - Innovex Machines | Innovex Algerie","og_description":"Machine de pelliplacage semi-automatique offre une protection et un emballage pr\u00e9sentable sans moule.innovex machine.","og_url":"https:\/\/innovexalgerie.com\/machines\/produit\/machine-pelliplacage-skin-pack-tb-390\/","og_site_name":"Innovex Machines | Innovex Algerie","article_publisher":"https:\/\/www.facebook.com\/innovexmachine1","article_modified_time":"2022-06-26T14:21:59+00:00","og_image":[{"width":734,"height":661,"filesize":83025,"url":"https:\/\/innovexalgerie.com\/machines\/wp-content\/uploads\/2022\/06\/SKIN-PACK-390.jpg","path":"\/home\/inovex\/public_html\/machines\/wp-content\/uploads\/2022\/06\/SKIN-PACK-390.jpg","size":"full","id":30875,"alt":"SKIN-PACK-390","pixels":485174,"type":"image\/jpeg"}],"twitter_card":"summary_large_image","twitter_misc":{"Dur\u00e9e de lecture est.":"1 minute"},"schema":{"@context":"https:\/\/schema.org","@graph":[{"@type":"WebSite","@id":"https:\/\/innovexalgerie.com\/machines\/#website","url":"https:\/\/innovexalgerie.com\/machines\/","name":"Innovex Machines | Innovex Algerie","description":"Fournisseur de machines d&#039;emballage et d&#039;imprimerie","potentialAction":[{"@type":"SearchAction","target":{"@type":"EntryPoint","urlTemplate":"https:\/\/innovexalgerie.com\/machines\/?s={search_term_string}"},"query-input":"required name=search_term_string"}],"inLanguage":"fr-FR"},{"@type":"ImageObject","@id":"https:\/\/innovexalgerie.com\/machines\/produit\/machine-pelliplacage-skin-pack-tb-390\/#primaryimage","inLanguage":"fr-FR","url":"https:\/\/innovexalgerie.com\/machines\/wp-content\/uploads\/2022\/06\/SKIN-PACK-390.jpg","contentUrl":"https:\/\/innovexalgerie.com\/machines\/wp-content\/uploads\/2022\/06\/SKIN-PACK-390.jpg","width":734,"height":661,"caption":"SKIN-PACK-390"},{"@type":"WebPage","@id":"https:\/\/innovexalgerie.com\/machines\/produit\/machine-pelliplacage-skin-pack-tb-390\/#webpage","url":"https:\/\/innovexalgerie.com\/machines\/produit\/machine-pelliplacage-skin-pack-tb-390\/","name":"Machine pelliplacage \" SKIN PACK \" TB-390 - Innovex Machines | Innovex Algerie","isPartOf":{"@id":"https:\/\/innovexalgerie.com\/machines\/#website"},"primaryImageOfPage":{"@id":"https:\/\/innovexalgerie.com\/machines\/produit\/machine-pelliplacage-skin-pack-tb-390\/#primaryimage"},"datePublished":"2022-06-23T11:07:16+00:00","dateModified":"2022-06-26T14:21:59+00:00","description":"Machine de pelliplacage semi-automatique offre une protection et un emballage pr\u00e9sentable sans moule.innovex machine.","breadcrumb":{"@id":"https:\/\/innovexalgerie.com\/machines\/produit\/machine-pelliplacage-skin-pack-tb-390\/#breadcrumb"},"inLanguage":"fr-FR","potentialAction":[{"@type":"ReadAction","target":["https:\/\/innovexalgerie.com\/machines\/produit\/machine-pelliplacage-skin-pack-tb-390\/"]}]},{"@type":"BreadcrumbList","@id":"https:\/\/innovexalgerie.com\/machines\/produit\/machine-pelliplacage-skin-pack-tb-390\/#breadcrumb","itemListElement":[{"@type":"ListItem","position":1,"name":"Accueil","item":"https:\/\/innovexalgerie.com\/machines\/"},{"@type":"ListItem","position":2,"name":"Produits","item":"https:\/\/innovexalgerie.com\/machines\/boutique\/"},{"@type":"ListItem","position":3,"name":"Machine pelliplacage \u00a0\u00bb SKIN PACK \u00a0\u00bb TB-390"}]}]}},"_links":{"self":[{"href":"https:\/\/innovexalgerie.com\/machines\/wp-json\/wp\/v2\/product\/30870","targetHints":{"allow":["GET"]}}],"collection":[{"href":"https:\/\/innovexalgerie.com\/machines\/wp-json\/wp\/v2\/product"}],"about":[{"href":"https:\/\/innovexalgerie.com\/machines\/wp-json\/wp\/v2\/types\/product"}],"version-history":[{"count":9,"href":"https:\/\/innovexalgerie.com\/machines\/wp-json\/wp\/v2\/product\/30870\/revisions"}],"predecessor-version":[{"id":30898,"href":"https:\/\/innovexalgerie.com\/machines\/wp-json\/wp\/v2\/product\/30870\/revisions\/30898"}],"wp:featuredmedia":[{"embeddable":true,"href":"https:\/\/innovexalgerie.com\/machines\/wp-json\/wp\/v2\/media\/30875"}],"wp:attachment":[{"href":"https:\/\/innovexalgerie.com\/machines\/wp-json\/wp\/v2\/media?parent=30870"}],"wp:term":[{"taxonomy":"product_cat","embeddable":true,"href":"https:\/\/innovexalgerie.com\/machines\/wp-json\/wp\/v2\/product_cat?post=30870"},{"taxonomy":"product_tag","embeddable":true,"href":"https:\/\/innovexalgerie.com\/machines\/wp-json\/wp\/v2\/product_tag?post=30870"}],"curies":[{"name":"wp","href":"https:\/\/api.w.org\/{rel}","templated":true}]}}