{"id":31268,"date":"2022-12-01T12:06:28","date_gmt":"2022-12-01T11:06:28","guid":{"rendered":"https:\/\/innovexalgerie.com\/machines\/?post_type=product&#038;p=31268"},"modified":"2023-08-23T09:20:13","modified_gmt":"2023-08-23T08:20:13","slug":"dateur-a-jet-dencre-avec-convoyeur-t190","status":"publish","type":"product","link":"https:\/\/innovexalgerie.com\/machines\/produit\/dateur-a-jet-dencre-avec-convoyeur-t190\/","title":{"rendered":"Dateur \u00e0 jet d&rsquo;encre automatique T190ES"},"content":{"rendered":"<p>Dateur \u00e0 jet d&rsquo;encre automatique <strong>T190ES<\/strong> pour impression \u00e0 jet d&rsquo;encre, pour codage, conception quatre en un, contr\u00f4leur, \u00e9cran, bo\u00eete d&rsquo;incrustation, t\u00eate d&rsquo;impression tout en un. Il peut r\u00e9pondre aux besoins d&rsquo;impression \u00e0 jet d&rsquo;encre de grands caract\u00e8res, et de petits caract\u00e8res, de haute r\u00e9solution, de code \u00e0 barres et d&rsquo;autres choses.<\/p>\n<ul>\n<li>Mat\u00e9riel professionnel plus fiable: il adopte le processeur haute performance de qualit\u00e9 industrielle American TI Company AM3358.<\/li>\n<li>Le moteur d&rsquo;impression utilise un chipset ASIC pour une imprimante \u00e0 jet d&rsquo;encre TIJ de qualit\u00e9 industrielle.<\/li>\n<li>Syst\u00e8me de gestion d&rsquo;impression ultra-rapide, r\u00e9ponse d&rsquo;impression en 10 millisecondes.<\/li>\n<li>Fonction d&rsquo;impression de base de donn\u00e9es dynamique efficace et flexible, il peut imprimer des informations dynamiques multi-groupes.<\/li>\n<li>Applicable aux environnements d&rsquo;interf\u00e9rence \u00e0 haute et basse temp\u00e9rature, poussi\u00e9reux et humides pour obtenir une qualit\u00e9 d&rsquo;impression stable.<\/li>\n<li>Cartouches d&rsquo;encre \u00e0 base de solvant ou \u00e0 base d&rsquo;eau.<\/li>\n<li>\u00c9cran tactile de haute qualit\u00e9 de 5 pouces.<\/li>\n<li>Cartouche encliquetable plus simple et fiable.<\/li>\n<li>Prend en charge plusieurs avec diff\u00e9rentes m\u00e9thodes d&rsquo;installation \u00e0 choisir.<\/li>\n<li>Associez facilement dans une ligne d&#8217;emballage.<\/li>\n<li>Menu de s\u00e9curit\u00e9 \u00e0 plusieurs niveaux, prenant en charge plus de 40 langues.<\/li>\n<li>Le dateur peut \u00eatre utilis\u00e9 sur toutes les surfaces ( rond, plat , carr\u00e9&#8230;..).<\/li>\n<li>Le convoyeur \u00e0 bande en option selon le besoin du client.<\/li>\n<\/ul>\n","protected":false},"excerpt":{"rendered":"<p>Dateur \u00e0 jet d&rsquo;encre automatique pour impression \u00e0 jet d&rsquo;encre, Id\u00e9al pour les petites et moyennes produits en toutes sortes de mati\u00e8res en plastique, en aluminium composite et papier en plastique compos\u00e9&#8230;<\/p>\n<p><img loading=\"lazy\" decoding=\"async\" class=\"alignnone size-full wp-image-31276\" src=\"https:\/\/innovexalgerie.com\/machines\/wp-content\/uploads\/2022\/12\/ICON-T190.jpg\" alt=\"\" width=\"905\" height=\"196\" srcset=\"https:\/\/innovexalgerie.com\/machines\/wp-content\/uploads\/2022\/12\/ICON-T190.jpg 905w, https:\/\/innovexalgerie.com\/machines\/wp-content\/uploads\/2022\/12\/ICON-T190-300x65.jpg 300w, https:\/\/innovexalgerie.com\/machines\/wp-content\/uploads\/2022\/12\/ICON-T190-768x166.jpg 768w, https:\/\/innovexalgerie.com\/machines\/wp-content\/uploads\/2022\/12\/ICON-T190-600x130.jpg 600w\" sizes=\"auto, (max-width: 905px) 100vw, 905px\" \/><\/p>\n","protected":false},"featured_media":31277,"template":"","meta":{"_monsterinsights_skip_tracking":false,"_monsterinsights_sitenote_active":false,"_monsterinsights_sitenote_note":"","_monsterinsights_sitenote_category":0},"product_cat":[231],"product_tag":[67,68,262,44,69],"class_list":["post-31268","product","type-product","status-publish","has-post-thumbnail","hentry","product_cat-dateurs","product_tag-dateur","product_tag-dateuse","product_tag-jet-dencre","product_tag-soudeuse","product_tag-soudeuse-contenue"],"yoast_head":"<!-- This site is optimized with the Yoast SEO Premium plugin v16.2 (Yoast SEO v16.7) - https:\/\/yoast.com\/wordpress\/plugins\/seo\/ -->\n<title>Dateur \u00e0 jet d&#039;encre automatique T190ES - Innovex Machines | Innovex Algerie<\/title>\n<meta name=\"description\" content=\"Dateur \u00e0 jet d&#039;encre avec convoyeur pour impression \u00e0 jet d&#039;encre, Id\u00e9al pour les petites et moyennes produits en toutes sortes de mati\u00e8re.\" \/>\n<meta name=\"robots\" content=\"index, follow, max-snippet:-1, max-image-preview:large, max-video-preview:-1\" \/>\n<link rel=\"canonical\" href=\"https:\/\/innovexalgerie.com\/machines\/produit\/dateur-a-jet-dencre-avec-convoyeur-t190\/\" \/>\n<meta property=\"og:locale\" content=\"fr_FR\" \/>\n<meta property=\"og:type\" content=\"article\" \/>\n<meta property=\"og:title\" content=\"Dateur \u00e0 jet d&#039;encre automatique T190ES - Innovex Machines | Innovex Algerie\" \/>\n<meta property=\"og:description\" content=\"Dateur \u00e0 jet d&#039;encre avec convoyeur pour impression \u00e0 jet d&#039;encre, Id\u00e9al pour les petites et moyennes produits en toutes sortes de mati\u00e8re.\" \/>\n<meta property=\"og:url\" content=\"https:\/\/innovexalgerie.com\/machines\/produit\/dateur-a-jet-dencre-avec-convoyeur-t190\/\" \/>\n<meta property=\"og:site_name\" content=\"Innovex Machines | Innovex Algerie\" \/>\n<meta property=\"article:publisher\" content=\"https:\/\/www.facebook.com\/innovexmachine1\" \/>\n<meta property=\"article:modified_time\" content=\"2023-08-23T08:20:13+00:00\" \/>\n<meta property=\"og:image\" content=\"https:\/\/innovexalgerie.com\/machines\/wp-content\/uploads\/2022\/12\/T190-dateur-a-jet-convoyeur.jpg\" \/>\n\t<meta property=\"og:image:width\" content=\"500\" \/>\n\t<meta property=\"og:image:height\" content=\"500\" \/>\n<meta name=\"twitter:card\" content=\"summary_large_image\" \/>\n<meta name=\"twitter:label1\" content=\"Dur\u00e9e de lecture est.\" \/>\n\t<meta name=\"twitter:data1\" content=\"1 minute\" \/>\n<script type=\"application\/ld+json\" class=\"yoast-schema-graph\">{\"@context\":\"https:\/\/schema.org\",\"@graph\":[{\"@type\":\"WebSite\",\"@id\":\"https:\/\/innovexalgerie.com\/machines\/#website\",\"url\":\"https:\/\/innovexalgerie.com\/machines\/\",\"name\":\"Innovex Machines | Innovex Algerie\",\"description\":\"Fournisseur de machines d&#039;emballage et d&#039;imprimerie\",\"potentialAction\":[{\"@type\":\"SearchAction\",\"target\":{\"@type\":\"EntryPoint\",\"urlTemplate\":\"https:\/\/innovexalgerie.com\/machines\/?s={search_term_string}\"},\"query-input\":\"required name=search_term_string\"}],\"inLanguage\":\"fr-FR\"},{\"@type\":\"ImageObject\",\"@id\":\"https:\/\/innovexalgerie.com\/machines\/produit\/dateur-a-jet-dencre-avec-convoyeur-t190\/#primaryimage\",\"inLanguage\":\"fr-FR\",\"url\":\"https:\/\/innovexalgerie.com\/machines\/wp-content\/uploads\/2022\/12\/T190-dateur-a-jet-convoyeur.jpg\",\"contentUrl\":\"https:\/\/innovexalgerie.com\/machines\/wp-content\/uploads\/2022\/12\/T190-dateur-a-jet-convoyeur.jpg\",\"width\":500,\"height\":500},{\"@type\":\"WebPage\",\"@id\":\"https:\/\/innovexalgerie.com\/machines\/produit\/dateur-a-jet-dencre-avec-convoyeur-t190\/#webpage\",\"url\":\"https:\/\/innovexalgerie.com\/machines\/produit\/dateur-a-jet-dencre-avec-convoyeur-t190\/\",\"name\":\"Dateur \\u00e0 jet d'encre automatique T190ES - Innovex Machines | Innovex Algerie\",\"isPartOf\":{\"@id\":\"https:\/\/innovexalgerie.com\/machines\/#website\"},\"primaryImageOfPage\":{\"@id\":\"https:\/\/innovexalgerie.com\/machines\/produit\/dateur-a-jet-dencre-avec-convoyeur-t190\/#primaryimage\"},\"datePublished\":\"2022-12-01T11:06:28+00:00\",\"dateModified\":\"2023-08-23T08:20:13+00:00\",\"description\":\"Dateur \\u00e0 jet d'encre avec convoyeur pour impression \\u00e0 jet d'encre, Id\\u00e9al pour les petites et moyennes produits en toutes sortes de mati\\u00e8re.\",\"breadcrumb\":{\"@id\":\"https:\/\/innovexalgerie.com\/machines\/produit\/dateur-a-jet-dencre-avec-convoyeur-t190\/#breadcrumb\"},\"inLanguage\":\"fr-FR\",\"potentialAction\":[{\"@type\":\"ReadAction\",\"target\":[\"https:\/\/innovexalgerie.com\/machines\/produit\/dateur-a-jet-dencre-avec-convoyeur-t190\/\"]}]},{\"@type\":\"BreadcrumbList\",\"@id\":\"https:\/\/innovexalgerie.com\/machines\/produit\/dateur-a-jet-dencre-avec-convoyeur-t190\/#breadcrumb\",\"itemListElement\":[{\"@type\":\"ListItem\",\"position\":1,\"name\":\"Accueil\",\"item\":\"https:\/\/innovexalgerie.com\/machines\/\"},{\"@type\":\"ListItem\",\"position\":2,\"name\":\"Produits\",\"item\":\"https:\/\/innovexalgerie.com\/machines\/boutique\/\"},{\"@type\":\"ListItem\",\"position\":3,\"name\":\"Dateur \\u00e0 jet d&rsquo;encre automatique T190ES\"}]}]}<\/script>\n<!-- \/ Yoast SEO Premium plugin. -->","yoast_head_json":{"title":"Dateur \u00e0 jet d'encre automatique T190ES - Innovex Machines | Innovex Algerie","description":"Dateur \u00e0 jet d'encre avec convoyeur pour impression \u00e0 jet d'encre, Id\u00e9al pour les petites et moyennes produits en toutes sortes de mati\u00e8re.","robots":{"index":"index","follow":"follow","max-snippet":"max-snippet:-1","max-image-preview":"max-image-preview:large","max-video-preview":"max-video-preview:-1"},"canonical":"https:\/\/innovexalgerie.com\/machines\/produit\/dateur-a-jet-dencre-avec-convoyeur-t190\/","og_locale":"fr_FR","og_type":"article","og_title":"Dateur \u00e0 jet d'encre automatique T190ES - Innovex Machines | Innovex Algerie","og_description":"Dateur \u00e0 jet d'encre avec convoyeur pour impression \u00e0 jet d'encre, Id\u00e9al pour les petites et moyennes produits en toutes sortes de mati\u00e8re.","og_url":"https:\/\/innovexalgerie.com\/machines\/produit\/dateur-a-jet-dencre-avec-convoyeur-t190\/","og_site_name":"Innovex Machines | Innovex Algerie","article_publisher":"https:\/\/www.facebook.com\/innovexmachine1","article_modified_time":"2023-08-23T08:20:13+00:00","og_image":[{"width":500,"height":500,"filesize":71310,"url":"https:\/\/innovexalgerie.com\/machines\/wp-content\/uploads\/2022\/12\/T190-dateur-a-jet-convoyeur.jpg","path":"\/home\/inovex\/public_html\/machines\/wp-content\/uploads\/2022\/12\/T190-dateur-a-jet-convoyeur.jpg","size":"full","id":31277,"alt":"","pixels":250000,"type":"image\/jpeg"}],"twitter_card":"summary_large_image","twitter_misc":{"Dur\u00e9e de lecture est.":"1 minute"},"schema":{"@context":"https:\/\/schema.org","@graph":[{"@type":"WebSite","@id":"https:\/\/innovexalgerie.com\/machines\/#website","url":"https:\/\/innovexalgerie.com\/machines\/","name":"Innovex Machines | Innovex Algerie","description":"Fournisseur de machines d&#039;emballage et d&#039;imprimerie","potentialAction":[{"@type":"SearchAction","target":{"@type":"EntryPoint","urlTemplate":"https:\/\/innovexalgerie.com\/machines\/?s={search_term_string}"},"query-input":"required name=search_term_string"}],"inLanguage":"fr-FR"},{"@type":"ImageObject","@id":"https:\/\/innovexalgerie.com\/machines\/produit\/dateur-a-jet-dencre-avec-convoyeur-t190\/#primaryimage","inLanguage":"fr-FR","url":"https:\/\/innovexalgerie.com\/machines\/wp-content\/uploads\/2022\/12\/T190-dateur-a-jet-convoyeur.jpg","contentUrl":"https:\/\/innovexalgerie.com\/machines\/wp-content\/uploads\/2022\/12\/T190-dateur-a-jet-convoyeur.jpg","width":500,"height":500},{"@type":"WebPage","@id":"https:\/\/innovexalgerie.com\/machines\/produit\/dateur-a-jet-dencre-avec-convoyeur-t190\/#webpage","url":"https:\/\/innovexalgerie.com\/machines\/produit\/dateur-a-jet-dencre-avec-convoyeur-t190\/","name":"Dateur \u00e0 jet d'encre automatique T190ES - Innovex Machines | Innovex Algerie","isPartOf":{"@id":"https:\/\/innovexalgerie.com\/machines\/#website"},"primaryImageOfPage":{"@id":"https:\/\/innovexalgerie.com\/machines\/produit\/dateur-a-jet-dencre-avec-convoyeur-t190\/#primaryimage"},"datePublished":"2022-12-01T11:06:28+00:00","dateModified":"2023-08-23T08:20:13+00:00","description":"Dateur \u00e0 jet d'encre avec convoyeur pour impression \u00e0 jet d'encre, Id\u00e9al pour les petites et moyennes produits en toutes sortes de mati\u00e8re.","breadcrumb":{"@id":"https:\/\/innovexalgerie.com\/machines\/produit\/dateur-a-jet-dencre-avec-convoyeur-t190\/#breadcrumb"},"inLanguage":"fr-FR","potentialAction":[{"@type":"ReadAction","target":["https:\/\/innovexalgerie.com\/machines\/produit\/dateur-a-jet-dencre-avec-convoyeur-t190\/"]}]},{"@type":"BreadcrumbList","@id":"https:\/\/innovexalgerie.com\/machines\/produit\/dateur-a-jet-dencre-avec-convoyeur-t190\/#breadcrumb","itemListElement":[{"@type":"ListItem","position":1,"name":"Accueil","item":"https:\/\/innovexalgerie.com\/machines\/"},{"@type":"ListItem","position":2,"name":"Produits","item":"https:\/\/innovexalgerie.com\/machines\/boutique\/"},{"@type":"ListItem","position":3,"name":"Dateur \u00e0 jet d&rsquo;encre automatique T190ES"}]}]}},"_links":{"self":[{"href":"https:\/\/innovexalgerie.com\/machines\/wp-json\/wp\/v2\/product\/31268","targetHints":{"allow":["GET"]}}],"collection":[{"href":"https:\/\/innovexalgerie.com\/machines\/wp-json\/wp\/v2\/product"}],"about":[{"href":"https:\/\/innovexalgerie.com\/machines\/wp-json\/wp\/v2\/types\/product"}],"version-history":[{"count":4,"href":"https:\/\/innovexalgerie.com\/machines\/wp-json\/wp\/v2\/product\/31268\/revisions"}],"predecessor-version":[{"id":31981,"href":"https:\/\/innovexalgerie.com\/machines\/wp-json\/wp\/v2\/product\/31268\/revisions\/31981"}],"wp:featuredmedia":[{"embeddable":true,"href":"https:\/\/innovexalgerie.com\/machines\/wp-json\/wp\/v2\/media\/31277"}],"wp:attachment":[{"href":"https:\/\/innovexalgerie.com\/machines\/wp-json\/wp\/v2\/media?parent=31268"}],"wp:term":[{"taxonomy":"product_cat","embeddable":true,"href":"https:\/\/innovexalgerie.com\/machines\/wp-json\/wp\/v2\/product_cat?post=31268"},{"taxonomy":"product_tag","embeddable":true,"href":"https:\/\/innovexalgerie.com\/machines\/wp-json\/wp\/v2\/product_tag?post=31268"}],"curies":[{"name":"wp","href":"https:\/\/api.w.org\/{rel}","templated":true}]}}