{"id":32338,"date":"2024-03-21T09:43:49","date_gmt":"2024-03-21T08:43:49","guid":{"rendered":"https:\/\/innovexalgerie.com\/machines\/?post_type=product&#038;p=32338"},"modified":"2026-03-14T14:45:12","modified_gmt":"2026-03-14T13:45:12","slug":"soudeuse-ultrasonique-semi-automatique-qdfm-125","status":"publish","type":"product","link":"https:\/\/innovexalgerie.com\/machines\/produit\/soudeuse-ultrasonique-semi-automatique-qdfm-125\/","title":{"rendered":"Soudeuse ultrasonique semi-automatique QDFM-125"},"content":{"rendered":"<ul>\n<li>Fonctionnalit\u00e9s avanc\u00e9es : La soudeuse ultrasonique est dot\u00e9e d&rsquo;un syst\u00e8me de coupe et de contr\u00f4le du temps de soudure par minuterie, adapt\u00e9 \u00e0 la fermeture des tubes en thermoplastique.<\/li>\n<li>Adaptabilit\u00e9 : Son stand r\u00e9glable en hauteur permet de s&rsquo;adapter exactement \u00e0 la hauteur du tube, assurant ainsi un scellage pr\u00e9cis et efficace.<\/li>\n<li>Facilit\u00e9 d&rsquo;utilisation : Son panneau de contr\u00f4le simple et pratique permet un fonctionnement d&rsquo;un seul bouton avec un contr\u00f4le automatique de l&rsquo;intervalle de temps, facilitant ainsi son utilisation au quotidien.<\/li>\n<li>Fonction de d\u00e9coupe : En plus de sceller les tubes, la soudeuse ultrasonique dispose d&rsquo;une fonction de d\u00e9coupe pour \u00e9liminer la partie inutile du tube apr\u00e8s le scellage, garantissant un aspect professionnel et propre.<\/li>\n<li>Dateur int\u00e9gr\u00e9 : \u00c9quip\u00e9e d&rsquo;un dateur, elle permet de sceller et de coder la date en m\u00eame temps, assurant ainsi la tra\u00e7abilit\u00e9 et la conformit\u00e9 aux normes de fabrication et de s\u00e9curit\u00e9.<\/li>\n<\/ul>\n","protected":false},"excerpt":{"rendered":"<p>soudeuse ultrasonique, con\u00e7ue pour sceller des tubes souples tels que le dentifrice, la cr\u00e8me pour les mains, la lotion, le shampoing, etc. Elle est \u00e9quip\u00e9e d&rsquo;une fonction de d\u00e9coupe, permettant de couper la partie inutile du tube apr\u00e8s le scellage, ainsi que d&rsquo;un dateur pour sceller et coder la date en m\u00eame temps.<\/p>\n<p><img loading=\"lazy\" decoding=\"async\" class=\"alignnone wp-image-32353 size-full\" src=\"https:\/\/innovexalgerie.com\/machines\/wp-content\/uploads\/2024\/03\/icon-ultra.png\" alt=\"\" width=\"856\" height=\"197\" srcset=\"https:\/\/innovexalgerie.com\/machines\/wp-content\/uploads\/2024\/03\/icon-ultra.png 856w, https:\/\/innovexalgerie.com\/machines\/wp-content\/uploads\/2024\/03\/icon-ultra-300x69.png 300w, https:\/\/innovexalgerie.com\/machines\/wp-content\/uploads\/2024\/03\/icon-ultra-768x177.png 768w, https:\/\/innovexalgerie.com\/machines\/wp-content\/uploads\/2024\/03\/icon-ultra-600x138.png 600w\" sizes=\"auto, (max-width: 856px) 100vw, 856px\" \/><\/p>\n<p>&nbsp;<\/p>\n","protected":false},"featured_media":32339,"template":"","meta":{"_monsterinsights_skip_tracking":false,"_monsterinsights_sitenote_active":false,"_monsterinsights_sitenote_note":"","_monsterinsights_sitenote_category":0},"product_cat":[66,269],"product_tag":[],"class_list":["post-32338","product","type-product","status-publish","has-post-thumbnail","hentry","product_cat-soudeuses","product_cat-soudeuse-ultrasonique"],"yoast_head":"<!-- This site is optimized with the Yoast SEO Premium plugin v16.2 (Yoast SEO v16.7) - https:\/\/yoast.com\/wordpress\/plugins\/seo\/ -->\n<title>Soudeuse ultrasonique semi-automatique QDFM-125 - Innovex Machines | Innovex Algerie<\/title>\n<meta name=\"robots\" content=\"index, follow, max-snippet:-1, max-image-preview:large, max-video-preview:-1\" \/>\n<link rel=\"canonical\" href=\"https:\/\/innovexalgerie.com\/machines\/produit\/soudeuse-ultarasonique-semi-automatique-qdfm-125\/\" \/>\n<meta property=\"og:locale\" content=\"fr_FR\" \/>\n<meta property=\"og:type\" content=\"article\" \/>\n<meta property=\"og:title\" content=\"Soudeuse ultrasonique semi-automatique QDFM-125 - Innovex Machines | Innovex Algerie\" \/>\n<meta property=\"og:description\" content=\"soudeuse ultrasonique, con\u00e7ue pour sceller des tubes souples tels que le dentifrice, la cr\u00e8me pour les mains, la lotion, le shampoing, etc. Elle est \u00e9quip\u00e9e d&#039;une fonction de d\u00e9coupe, permettant de couper la partie inutile du tube apr\u00e8s le scellage, ainsi que d&#039;un dateur pour sceller et coder la date en m\u00eame temps.    &nbsp;\" \/>\n<meta property=\"og:url\" content=\"https:\/\/innovexalgerie.com\/machines\/produit\/soudeuse-ultarasonique-semi-automatique-qdfm-125\/\" \/>\n<meta property=\"og:site_name\" content=\"Innovex Machines | Innovex Algerie\" \/>\n<meta property=\"article:publisher\" content=\"https:\/\/www.facebook.com\/innovexmachine1\" \/>\n<meta property=\"article:modified_time\" content=\"2026-03-14T13:45:12+00:00\" \/>\n<meta property=\"og:image\" content=\"https:\/\/innovexalgerie.com\/machines\/wp-content\/uploads\/2024\/03\/55.png\" \/>\n\t<meta property=\"og:image:width\" content=\"1000\" \/>\n\t<meta property=\"og:image:height\" content=\"1000\" \/>\n<meta name=\"twitter:card\" content=\"summary_large_image\" \/>\n<meta name=\"twitter:label1\" content=\"Dur\u00e9e de lecture est.\" \/>\n\t<meta name=\"twitter:data1\" content=\"1 minute\" \/>\n<script type=\"application\/ld+json\" class=\"yoast-schema-graph\">{\"@context\":\"https:\/\/schema.org\",\"@graph\":[{\"@type\":\"WebSite\",\"@id\":\"https:\/\/innovexalgerie.com\/machines\/#website\",\"url\":\"https:\/\/innovexalgerie.com\/machines\/\",\"name\":\"Innovex Machines | Innovex Algerie\",\"description\":\"Fournisseur de machines d&#039;emballage et d&#039;imprimerie\",\"potentialAction\":[{\"@type\":\"SearchAction\",\"target\":{\"@type\":\"EntryPoint\",\"urlTemplate\":\"https:\/\/innovexalgerie.com\/machines\/?s={search_term_string}\"},\"query-input\":\"required name=search_term_string\"}],\"inLanguage\":\"fr-FR\"},{\"@type\":\"ImageObject\",\"@id\":\"https:\/\/innovexalgerie.com\/machines\/produit\/soudeuse-ultarasonique-semi-automatique-qdfm-125\/#primaryimage\",\"inLanguage\":\"fr-FR\",\"url\":\"https:\/\/innovexalgerie.com\/machines\/wp-content\/uploads\/2024\/03\/55.png\",\"contentUrl\":\"https:\/\/innovexalgerie.com\/machines\/wp-content\/uploads\/2024\/03\/55.png\",\"width\":1000,\"height\":1000},{\"@type\":\"WebPage\",\"@id\":\"https:\/\/innovexalgerie.com\/machines\/produit\/soudeuse-ultarasonique-semi-automatique-qdfm-125\/#webpage\",\"url\":\"https:\/\/innovexalgerie.com\/machines\/produit\/soudeuse-ultarasonique-semi-automatique-qdfm-125\/\",\"name\":\"Soudeuse ultrasonique semi-automatique QDFM-125 - Innovex Machines | Innovex Algerie\",\"isPartOf\":{\"@id\":\"https:\/\/innovexalgerie.com\/machines\/#website\"},\"primaryImageOfPage\":{\"@id\":\"https:\/\/innovexalgerie.com\/machines\/produit\/soudeuse-ultarasonique-semi-automatique-qdfm-125\/#primaryimage\"},\"datePublished\":\"2024-03-21T08:43:49+00:00\",\"dateModified\":\"2026-03-14T13:45:12+00:00\",\"breadcrumb\":{\"@id\":\"https:\/\/innovexalgerie.com\/machines\/produit\/soudeuse-ultarasonique-semi-automatique-qdfm-125\/#breadcrumb\"},\"inLanguage\":\"fr-FR\",\"potentialAction\":[{\"@type\":\"ReadAction\",\"target\":[\"https:\/\/innovexalgerie.com\/machines\/produit\/soudeuse-ultarasonique-semi-automatique-qdfm-125\/\"]}]},{\"@type\":\"BreadcrumbList\",\"@id\":\"https:\/\/innovexalgerie.com\/machines\/produit\/soudeuse-ultarasonique-semi-automatique-qdfm-125\/#breadcrumb\",\"itemListElement\":[{\"@type\":\"ListItem\",\"position\":1,\"name\":\"Accueil\",\"item\":\"https:\/\/innovexalgerie.com\/machines\/\"},{\"@type\":\"ListItem\",\"position\":2,\"name\":\"Produits\",\"item\":\"https:\/\/innovexalgerie.com\/machines\/boutique\/\"},{\"@type\":\"ListItem\",\"position\":3,\"name\":\"Soudeuse ultarasonique semi-automatique QDFM-125\"}]}]}<\/script>\n<!-- \/ Yoast SEO Premium plugin. -->","yoast_head_json":{"title":"Soudeuse ultrasonique semi-automatique QDFM-125 - Innovex Machines | Innovex Algerie","robots":{"index":"index","follow":"follow","max-snippet":"max-snippet:-1","max-image-preview":"max-image-preview:large","max-video-preview":"max-video-preview:-1"},"canonical":"https:\/\/innovexalgerie.com\/machines\/produit\/soudeuse-ultarasonique-semi-automatique-qdfm-125\/","og_locale":"fr_FR","og_type":"article","og_title":"Soudeuse ultrasonique semi-automatique QDFM-125 - Innovex Machines | Innovex Algerie","og_description":"soudeuse ultrasonique, con\u00e7ue pour sceller des tubes souples tels que le dentifrice, la cr\u00e8me pour les mains, la lotion, le shampoing, etc. Elle est \u00e9quip\u00e9e d'une fonction de d\u00e9coupe, permettant de couper la partie inutile du tube apr\u00e8s le scellage, ainsi que d'un dateur pour sceller et coder la date en m\u00eame temps.    &nbsp;","og_url":"https:\/\/innovexalgerie.com\/machines\/produit\/soudeuse-ultarasonique-semi-automatique-qdfm-125\/","og_site_name":"Innovex Machines | Innovex Algerie","article_publisher":"https:\/\/www.facebook.com\/innovexmachine1","article_modified_time":"2026-03-14T13:45:12+00:00","og_image":[{"width":1000,"height":1000,"filesize":190454,"url":"https:\/\/innovexalgerie.com\/machines\/wp-content\/uploads\/2024\/03\/55.png","path":"\/home\/inovex\/public_html\/machines\/wp-content\/uploads\/2024\/03\/55.png","size":"full","id":32339,"alt":"","pixels":1000000,"type":"image\/png"}],"twitter_card":"summary_large_image","twitter_misc":{"Dur\u00e9e de lecture est.":"1 minute"},"schema":{"@context":"https:\/\/schema.org","@graph":[{"@type":"WebSite","@id":"https:\/\/innovexalgerie.com\/machines\/#website","url":"https:\/\/innovexalgerie.com\/machines\/","name":"Innovex Machines | Innovex Algerie","description":"Fournisseur de machines d&#039;emballage et d&#039;imprimerie","potentialAction":[{"@type":"SearchAction","target":{"@type":"EntryPoint","urlTemplate":"https:\/\/innovexalgerie.com\/machines\/?s={search_term_string}"},"query-input":"required name=search_term_string"}],"inLanguage":"fr-FR"},{"@type":"ImageObject","@id":"https:\/\/innovexalgerie.com\/machines\/produit\/soudeuse-ultarasonique-semi-automatique-qdfm-125\/#primaryimage","inLanguage":"fr-FR","url":"https:\/\/innovexalgerie.com\/machines\/wp-content\/uploads\/2024\/03\/55.png","contentUrl":"https:\/\/innovexalgerie.com\/machines\/wp-content\/uploads\/2024\/03\/55.png","width":1000,"height":1000},{"@type":"WebPage","@id":"https:\/\/innovexalgerie.com\/machines\/produit\/soudeuse-ultarasonique-semi-automatique-qdfm-125\/#webpage","url":"https:\/\/innovexalgerie.com\/machines\/produit\/soudeuse-ultarasonique-semi-automatique-qdfm-125\/","name":"Soudeuse ultrasonique semi-automatique QDFM-125 - Innovex Machines | Innovex Algerie","isPartOf":{"@id":"https:\/\/innovexalgerie.com\/machines\/#website"},"primaryImageOfPage":{"@id":"https:\/\/innovexalgerie.com\/machines\/produit\/soudeuse-ultarasonique-semi-automatique-qdfm-125\/#primaryimage"},"datePublished":"2024-03-21T08:43:49+00:00","dateModified":"2026-03-14T13:45:12+00:00","breadcrumb":{"@id":"https:\/\/innovexalgerie.com\/machines\/produit\/soudeuse-ultarasonique-semi-automatique-qdfm-125\/#breadcrumb"},"inLanguage":"fr-FR","potentialAction":[{"@type":"ReadAction","target":["https:\/\/innovexalgerie.com\/machines\/produit\/soudeuse-ultarasonique-semi-automatique-qdfm-125\/"]}]},{"@type":"BreadcrumbList","@id":"https:\/\/innovexalgerie.com\/machines\/produit\/soudeuse-ultarasonique-semi-automatique-qdfm-125\/#breadcrumb","itemListElement":[{"@type":"ListItem","position":1,"name":"Accueil","item":"https:\/\/innovexalgerie.com\/machines\/"},{"@type":"ListItem","position":2,"name":"Produits","item":"https:\/\/innovexalgerie.com\/machines\/boutique\/"},{"@type":"ListItem","position":3,"name":"Soudeuse ultarasonique semi-automatique QDFM-125"}]}]}},"_links":{"self":[{"href":"https:\/\/innovexalgerie.com\/machines\/wp-json\/wp\/v2\/product\/32338","targetHints":{"allow":["GET"]}}],"collection":[{"href":"https:\/\/innovexalgerie.com\/machines\/wp-json\/wp\/v2\/product"}],"about":[{"href":"https:\/\/innovexalgerie.com\/machines\/wp-json\/wp\/v2\/types\/product"}],"version-history":[{"count":6,"href":"https:\/\/innovexalgerie.com\/machines\/wp-json\/wp\/v2\/product\/32338\/revisions"}],"predecessor-version":[{"id":32352,"href":"https:\/\/innovexalgerie.com\/machines\/wp-json\/wp\/v2\/product\/32338\/revisions\/32352"}],"wp:featuredmedia":[{"embeddable":true,"href":"https:\/\/innovexalgerie.com\/machines\/wp-json\/wp\/v2\/media\/32339"}],"wp:attachment":[{"href":"https:\/\/innovexalgerie.com\/machines\/wp-json\/wp\/v2\/media?parent=32338"}],"wp:term":[{"taxonomy":"product_cat","embeddable":true,"href":"https:\/\/innovexalgerie.com\/machines\/wp-json\/wp\/v2\/product_cat?post=32338"},{"taxonomy":"product_tag","embeddable":true,"href":"https:\/\/innovexalgerie.com\/machines\/wp-json\/wp\/v2\/product_tag?post=32338"}],"curies":[{"name":"wp","href":"https:\/\/api.w.org\/{rel}","templated":true}]}}