{"id":32392,"date":"2024-03-31T11:06:34","date_gmt":"2024-03-31T10:06:34","guid":{"rendered":"https:\/\/innovexalgerie.com\/machines\/?post_type=product&#038;p=32392"},"modified":"2024-04-14T14:46:33","modified_gmt":"2024-04-14T13:46:33","slug":"remplisseuse-liquide-a-pompe-magnetique-gdf-250","status":"publish","type":"product","link":"https:\/\/innovexalgerie.com\/machines\/produit\/remplisseuse-liquide-a-pompe-magnetique-gdf-250\/","title":{"rendered":"Remplisseuse liquide \u00e0 pompe magn\u00e9tique GDF-250"},"content":{"rendered":"<ul>\n<li>Machine de remplissage \u00e0 pompe magn\u00e9tique pour liquides, adapt\u00e9e au remplissage de bouteilles, bocaux, pots et sachets, utilis\u00e9e dans les industries alimentaires, cosm\u00e9tiques et pharmaceutiques.<\/li>\n<li>Dot\u00e9e d&rsquo;une pompe magn\u00e9tique en acier inoxydable, cette machine assure un remplissage pr\u00e9cis du liquide.<\/li>\n<li>Capacit\u00e9 de remplissage de 5 ml jusqu\u2019\u00e0 3500 ml, id\u00e9ale pour la mise en conserve de liquides.<\/li>\n<li>Propre et hygi\u00e9nique, elle offre un fonctionnement \u00e0 faible bruit, est pratique et facile \u00e0 nettoyer.<\/li>\n<li>Le bec de versement est \u00e9quip\u00e9 d&rsquo;un syst\u00e8me anti-goutte pour \u00e9viter les traces de liquide sur les bouteilles et les flacons.<\/li>\n<li>Les tubes en silicone garantissent une utilisation durable et fiable.<\/li>\n<li>Le volume et la vitesse de dosage du liquide sont r\u00e9glables pour r\u00e9pondre \u00e0 divers besoins de remplissage.<\/li>\n<\/ul>\n","protected":false},"excerpt":{"rendered":"<p>Machine de remplissage de liquide \u00e0 pompe magn\u00e9tique GDF-250 en acier inoxydable, con\u00e7ue pour remplir de 5 \u00e0 3500 ml de liquide. Convient aux industries pharmaceutique, cosm\u00e9tique, alimentaire, et autres industries sp\u00e9ciales<\/p>\n","protected":false},"featured_media":32439,"template":"","meta":{"_monsterinsights_skip_tracking":false,"_monsterinsights_sitenote_active":false,"_monsterinsights_sitenote_note":"","_monsterinsights_sitenote_category":0},"product_cat":[271,272],"product_tag":[],"class_list":["post-32392","product","type-product","status-publish","has-post-thumbnail","hentry","product_cat-remplisseuse","product_cat-remplisseuse-liquide"],"yoast_head":"<!-- This site is optimized with the Yoast SEO Premium plugin v16.2 (Yoast SEO v16.7) - https:\/\/yoast.com\/wordpress\/plugins\/seo\/ -->\n<title>Remplisseuse liquide \u00e0 pompe magn\u00e9tique GDF-250 - Innovex Machines | Innovex Algerie<\/title>\n<meta name=\"robots\" content=\"index, follow, max-snippet:-1, max-image-preview:large, max-video-preview:-1\" \/>\n<link rel=\"canonical\" href=\"https:\/\/innovexalgerie.com\/machines\/produit\/remplisseuse-liquide-a-pompe-magnetique-gdf-250\/\" \/>\n<meta property=\"og:locale\" content=\"fr_FR\" \/>\n<meta property=\"og:type\" content=\"article\" \/>\n<meta property=\"og:title\" content=\"Remplisseuse liquide \u00e0 pompe magn\u00e9tique GDF-250 - Innovex Machines | Innovex Algerie\" \/>\n<meta property=\"og:description\" content=\"Machine de remplissage de liquide \u00e0 pompe magn\u00e9tique GDF-250 en acier inoxydable, con\u00e7ue pour remplir de 5 \u00e0 3500 ml de liquide. Convient aux industries pharmaceutique, cosm\u00e9tique, alimentaire, et autres industries sp\u00e9ciales\" \/>\n<meta property=\"og:url\" content=\"https:\/\/innovexalgerie.com\/machines\/produit\/remplisseuse-liquide-a-pompe-magnetique-gdf-250\/\" \/>\n<meta property=\"og:site_name\" content=\"Innovex Machines | Innovex Algerie\" \/>\n<meta property=\"article:publisher\" content=\"https:\/\/www.facebook.com\/innovexmachine1\" \/>\n<meta property=\"article:modified_time\" content=\"2024-04-14T13:46:33+00:00\" \/>\n<meta property=\"og:image\" content=\"https:\/\/innovexalgerie.com\/machines\/wp-content\/uploads\/2024\/03\/GDF-250.jpg\" \/>\n\t<meta property=\"og:image:width\" content=\"750\" \/>\n\t<meta property=\"og:image:height\" content=\"750\" \/>\n<meta name=\"twitter:card\" content=\"summary_large_image\" \/>\n<meta name=\"twitter:label1\" content=\"Dur\u00e9e de lecture est.\" \/>\n\t<meta name=\"twitter:data1\" content=\"1 minute\" \/>\n<script type=\"application\/ld+json\" class=\"yoast-schema-graph\">{\"@context\":\"https:\/\/schema.org\",\"@graph\":[{\"@type\":\"WebSite\",\"@id\":\"https:\/\/innovexalgerie.com\/machines\/#website\",\"url\":\"https:\/\/innovexalgerie.com\/machines\/\",\"name\":\"Innovex Machines | Innovex Algerie\",\"description\":\"Fournisseur de machines d&#039;emballage et d&#039;imprimerie\",\"potentialAction\":[{\"@type\":\"SearchAction\",\"target\":{\"@type\":\"EntryPoint\",\"urlTemplate\":\"https:\/\/innovexalgerie.com\/machines\/?s={search_term_string}\"},\"query-input\":\"required name=search_term_string\"}],\"inLanguage\":\"fr-FR\"},{\"@type\":\"ImageObject\",\"@id\":\"https:\/\/innovexalgerie.com\/machines\/produit\/remplisseuse-liquide-a-pompe-magnetique-gdf-250\/#primaryimage\",\"inLanguage\":\"fr-FR\",\"url\":\"https:\/\/innovexalgerie.com\/machines\/wp-content\/uploads\/2024\/03\/GDF-250.jpg\",\"contentUrl\":\"https:\/\/innovexalgerie.com\/machines\/wp-content\/uploads\/2024\/03\/GDF-250.jpg\",\"width\":750,\"height\":750},{\"@type\":\"WebPage\",\"@id\":\"https:\/\/innovexalgerie.com\/machines\/produit\/remplisseuse-liquide-a-pompe-magnetique-gdf-250\/#webpage\",\"url\":\"https:\/\/innovexalgerie.com\/machines\/produit\/remplisseuse-liquide-a-pompe-magnetique-gdf-250\/\",\"name\":\"Remplisseuse liquide \\u00e0 pompe magn\\u00e9tique GDF-250 - Innovex Machines | Innovex Algerie\",\"isPartOf\":{\"@id\":\"https:\/\/innovexalgerie.com\/machines\/#website\"},\"primaryImageOfPage\":{\"@id\":\"https:\/\/innovexalgerie.com\/machines\/produit\/remplisseuse-liquide-a-pompe-magnetique-gdf-250\/#primaryimage\"},\"datePublished\":\"2024-03-31T10:06:34+00:00\",\"dateModified\":\"2024-04-14T13:46:33+00:00\",\"breadcrumb\":{\"@id\":\"https:\/\/innovexalgerie.com\/machines\/produit\/remplisseuse-liquide-a-pompe-magnetique-gdf-250\/#breadcrumb\"},\"inLanguage\":\"fr-FR\",\"potentialAction\":[{\"@type\":\"ReadAction\",\"target\":[\"https:\/\/innovexalgerie.com\/machines\/produit\/remplisseuse-liquide-a-pompe-magnetique-gdf-250\/\"]}]},{\"@type\":\"BreadcrumbList\",\"@id\":\"https:\/\/innovexalgerie.com\/machines\/produit\/remplisseuse-liquide-a-pompe-magnetique-gdf-250\/#breadcrumb\",\"itemListElement\":[{\"@type\":\"ListItem\",\"position\":1,\"name\":\"Accueil\",\"item\":\"https:\/\/innovexalgerie.com\/machines\/\"},{\"@type\":\"ListItem\",\"position\":2,\"name\":\"Produits\",\"item\":\"https:\/\/innovexalgerie.com\/machines\/boutique\/\"},{\"@type\":\"ListItem\",\"position\":3,\"name\":\"Remplisseuse liquide \\u00e0 pompe magn\\u00e9tique GDF-250\"}]}]}<\/script>\n<!-- \/ Yoast SEO Premium plugin. -->","yoast_head_json":{"title":"Remplisseuse liquide \u00e0 pompe magn\u00e9tique GDF-250 - Innovex Machines | Innovex Algerie","robots":{"index":"index","follow":"follow","max-snippet":"max-snippet:-1","max-image-preview":"max-image-preview:large","max-video-preview":"max-video-preview:-1"},"canonical":"https:\/\/innovexalgerie.com\/machines\/produit\/remplisseuse-liquide-a-pompe-magnetique-gdf-250\/","og_locale":"fr_FR","og_type":"article","og_title":"Remplisseuse liquide \u00e0 pompe magn\u00e9tique GDF-250 - Innovex Machines | Innovex Algerie","og_description":"Machine de remplissage de liquide \u00e0 pompe magn\u00e9tique GDF-250 en acier inoxydable, con\u00e7ue pour remplir de 5 \u00e0 3500 ml de liquide. Convient aux industries pharmaceutique, cosm\u00e9tique, alimentaire, et autres industries sp\u00e9ciales","og_url":"https:\/\/innovexalgerie.com\/machines\/produit\/remplisseuse-liquide-a-pompe-magnetique-gdf-250\/","og_site_name":"Innovex Machines | Innovex Algerie","article_publisher":"https:\/\/www.facebook.com\/innovexmachine1","article_modified_time":"2024-04-14T13:46:33+00:00","og_image":[{"width":750,"height":750,"filesize":170710,"url":"https:\/\/innovexalgerie.com\/machines\/wp-content\/uploads\/2024\/03\/GDF-250.jpg","path":"\/home\/inovex\/public_html\/machines\/wp-content\/uploads\/2024\/03\/GDF-250.jpg","size":"full","id":32439,"alt":"","pixels":562500,"type":"image\/jpeg"}],"twitter_card":"summary_large_image","twitter_misc":{"Dur\u00e9e de lecture est.":"1 minute"},"schema":{"@context":"https:\/\/schema.org","@graph":[{"@type":"WebSite","@id":"https:\/\/innovexalgerie.com\/machines\/#website","url":"https:\/\/innovexalgerie.com\/machines\/","name":"Innovex Machines | Innovex Algerie","description":"Fournisseur de machines d&#039;emballage et d&#039;imprimerie","potentialAction":[{"@type":"SearchAction","target":{"@type":"EntryPoint","urlTemplate":"https:\/\/innovexalgerie.com\/machines\/?s={search_term_string}"},"query-input":"required name=search_term_string"}],"inLanguage":"fr-FR"},{"@type":"ImageObject","@id":"https:\/\/innovexalgerie.com\/machines\/produit\/remplisseuse-liquide-a-pompe-magnetique-gdf-250\/#primaryimage","inLanguage":"fr-FR","url":"https:\/\/innovexalgerie.com\/machines\/wp-content\/uploads\/2024\/03\/GDF-250.jpg","contentUrl":"https:\/\/innovexalgerie.com\/machines\/wp-content\/uploads\/2024\/03\/GDF-250.jpg","width":750,"height":750},{"@type":"WebPage","@id":"https:\/\/innovexalgerie.com\/machines\/produit\/remplisseuse-liquide-a-pompe-magnetique-gdf-250\/#webpage","url":"https:\/\/innovexalgerie.com\/machines\/produit\/remplisseuse-liquide-a-pompe-magnetique-gdf-250\/","name":"Remplisseuse liquide \u00e0 pompe magn\u00e9tique GDF-250 - Innovex Machines | Innovex Algerie","isPartOf":{"@id":"https:\/\/innovexalgerie.com\/machines\/#website"},"primaryImageOfPage":{"@id":"https:\/\/innovexalgerie.com\/machines\/produit\/remplisseuse-liquide-a-pompe-magnetique-gdf-250\/#primaryimage"},"datePublished":"2024-03-31T10:06:34+00:00","dateModified":"2024-04-14T13:46:33+00:00","breadcrumb":{"@id":"https:\/\/innovexalgerie.com\/machines\/produit\/remplisseuse-liquide-a-pompe-magnetique-gdf-250\/#breadcrumb"},"inLanguage":"fr-FR","potentialAction":[{"@type":"ReadAction","target":["https:\/\/innovexalgerie.com\/machines\/produit\/remplisseuse-liquide-a-pompe-magnetique-gdf-250\/"]}]},{"@type":"BreadcrumbList","@id":"https:\/\/innovexalgerie.com\/machines\/produit\/remplisseuse-liquide-a-pompe-magnetique-gdf-250\/#breadcrumb","itemListElement":[{"@type":"ListItem","position":1,"name":"Accueil","item":"https:\/\/innovexalgerie.com\/machines\/"},{"@type":"ListItem","position":2,"name":"Produits","item":"https:\/\/innovexalgerie.com\/machines\/boutique\/"},{"@type":"ListItem","position":3,"name":"Remplisseuse liquide \u00e0 pompe magn\u00e9tique GDF-250"}]}]}},"_links":{"self":[{"href":"https:\/\/innovexalgerie.com\/machines\/wp-json\/wp\/v2\/product\/32392","targetHints":{"allow":["GET"]}}],"collection":[{"href":"https:\/\/innovexalgerie.com\/machines\/wp-json\/wp\/v2\/product"}],"about":[{"href":"https:\/\/innovexalgerie.com\/machines\/wp-json\/wp\/v2\/types\/product"}],"version-history":[{"count":4,"href":"https:\/\/innovexalgerie.com\/machines\/wp-json\/wp\/v2\/product\/32392\/revisions"}],"predecessor-version":[{"id":32443,"href":"https:\/\/innovexalgerie.com\/machines\/wp-json\/wp\/v2\/product\/32392\/revisions\/32443"}],"wp:featuredmedia":[{"embeddable":true,"href":"https:\/\/innovexalgerie.com\/machines\/wp-json\/wp\/v2\/media\/32439"}],"wp:attachment":[{"href":"https:\/\/innovexalgerie.com\/machines\/wp-json\/wp\/v2\/media?parent=32392"}],"wp:term":[{"taxonomy":"product_cat","embeddable":true,"href":"https:\/\/innovexalgerie.com\/machines\/wp-json\/wp\/v2\/product_cat?post=32392"},{"taxonomy":"product_tag","embeddable":true,"href":"https:\/\/innovexalgerie.com\/machines\/wp-json\/wp\/v2\/product_tag?post=32392"}],"curies":[{"name":"wp","href":"https:\/\/api.w.org\/{rel}","templated":true}]}}