{"id":32494,"date":"2024-05-08T09:21:43","date_gmt":"2024-05-08T08:21:43","guid":{"rendered":"https:\/\/innovexalgerie.com\/machines\/?post_type=product&#038;p=32494"},"modified":"2024-05-09T09:58:36","modified_gmt":"2024-05-09T08:58:36","slug":"fardeleuse-compacte-avec-tunnel-autoamtique-2-en-1","status":"publish","type":"product","link":"https:\/\/innovexalgerie.com\/machines\/produit\/fardeleuse-compacte-avec-tunnel-autoamtique-2-en-1\/","title":{"rendered":"Fardeleuse compacte avec tunnel automtique 2EN1"},"content":{"rendered":"<p>Fardeleuse \u00e0 cloche <strong>BSF-5030LT<\/strong> avec tunnel r\u00e9traction 2en1, solution \u00e9conomique polyvalente pour r\u00e9tracter toutes sortes de produits de petites et moyenne production, utilis\u00e9e pratiquement tous types produits emballage r\u00e9tractable, tels que les produits agroalimentaire, produits pharmaceutiques, la parfumerie et les cosm\u00e9tiques, livres, jouets, \u00e9lectronique dans des films r\u00e9tractables.<\/p>\n<p>&nbsp;<\/p>\n<ul>\n<li>Tunnel de r\u00e9traction attach\u00e9 \u00e0 la soudeuse r\u00e9glable en hauteur et en temp\u00e9rature,ce qui permet une adaptation pr\u00e9cise aux besoins sp\u00e9cifiques de chaque produit,assurant ainsi des r\u00e9sultats optimaux de r\u00e9traction du film.<\/li>\n<li>\u00a0la direction de d\u00e9placement du produit emball\u00e9 peut \u00eatre ajust\u00e9e, et il quittera le tunnel de r\u00e9traction dans la direction standard, ou reviendra \u00a0\u00bb au block de soudure\u00a0\u00bb de l&rsquo;op\u00e9rateur, ce qui est particuli\u00e8rement pratique lors de l&#8217;emballage de produits fragiles ou des produits en verre.<\/li>\n<li>Le cadre du film peut \u00eatre ajust\u00e9 vers le haut et vers le bas.<\/li>\n<li>\u00a0Convoyeur \u00e0 vitesse r\u00e9glable.<\/li>\n<li>La machines est conforme aux normes CE.<\/li>\n<\/ul>\n<p>&nbsp;<\/p>\n<p>&nbsp;<\/p>\n","protected":false},"excerpt":{"rendered":"<p>Machine fardeleuse \u00e0 cloche compacte avec tunnel de r\u00e9traction automatique 2 en 1 permet de sceller, couper et de r\u00e9tracter sur la m\u00eame machine, adapt\u00e9e aux moyennes et\u00a0 petites entreprises de production d\u2019une dimension maximale du produit La 450 x\u00a0 Lo 350 x H 200 mm<img loading=\"lazy\" decoding=\"async\" class=\"alignnone wp-image-32507 size-full\" src=\"https:\/\/innovexalgerie.com\/machines\/wp-content\/uploads\/2024\/05\/icon-machine-BSF5030LT.png\" alt=\"\" width=\"891\" height=\"196\" srcset=\"https:\/\/innovexalgerie.com\/machines\/wp-content\/uploads\/2024\/05\/icon-machine-BSF5030LT.png 891w, https:\/\/innovexalgerie.com\/machines\/wp-content\/uploads\/2024\/05\/icon-machine-BSF5030LT-300x66.png 300w, https:\/\/innovexalgerie.com\/machines\/wp-content\/uploads\/2024\/05\/icon-machine-BSF5030LT-768x169.png 768w, https:\/\/innovexalgerie.com\/machines\/wp-content\/uploads\/2024\/05\/icon-machine-BSF5030LT-600x132.png 600w\" sizes=\"auto, (max-width: 891px) 100vw, 891px\" \/><\/p>\n","protected":false},"featured_media":32496,"template":"","meta":{"_monsterinsights_skip_tracking":false,"_monsterinsights_sitenote_active":false,"_monsterinsights_sitenote_note":"","_monsterinsights_sitenote_category":0},"product_cat":[35,275],"product_tag":[],"class_list":["post-32494","product","type-product","status-publish","has-post-thumbnail","hentry","product_cat-fardeleuse-et-cellophaneuse","product_cat-fardeleuse-compacte-avec-tunnel-2en1"],"yoast_head":"<!-- This site is optimized with the Yoast SEO Premium plugin v16.2 (Yoast SEO v16.7) - https:\/\/yoast.com\/wordpress\/plugins\/seo\/ -->\n<title>Fardeleuse compacte avec tunnel automtique 2EN1 - Innovex Machines | Innovex Algerie<\/title>\n<meta name=\"description\" content=\"Machine fardeleuse semi automatique 2 en 1 permet de sceller, couper et de r\u00e9tracter sur la m\u00eame machine c\u2019est la solution la plus \u00e9conomique.\" \/>\n<meta name=\"robots\" content=\"index, follow, max-snippet:-1, max-image-preview:large, max-video-preview:-1\" \/>\n<link rel=\"canonical\" href=\"https:\/\/innovexalgerie.com\/machines\/produit\/fardeleuse-compacte-avec-tunnel-autoamtique-2-en-1\/\" \/>\n<meta property=\"og:locale\" content=\"fr_FR\" \/>\n<meta property=\"og:type\" content=\"article\" \/>\n<meta property=\"og:title\" content=\"Fardeleuse compacte avec tunnel automtique 2EN1 - Innovex Machines | Innovex Algerie\" \/>\n<meta property=\"og:description\" content=\"Machine fardeleuse semi automatique 2 en 1 permet de sceller, couper et de r\u00e9tracter sur la m\u00eame machine c\u2019est la solution la plus \u00e9conomique.\" \/>\n<meta property=\"og:url\" content=\"https:\/\/innovexalgerie.com\/machines\/produit\/fardeleuse-compacte-avec-tunnel-autoamtique-2-en-1\/\" \/>\n<meta property=\"og:site_name\" content=\"Innovex Machines | Innovex Algerie\" \/>\n<meta property=\"article:publisher\" content=\"https:\/\/www.facebook.com\/innovexmachine1\" \/>\n<meta property=\"article:modified_time\" content=\"2024-05-09T08:58:36+00:00\" \/>\n<meta property=\"og:image\" content=\"https:\/\/innovexalgerie.com\/machines\/wp-content\/uploads\/2024\/05\/BSF5030LT.jpg\" \/>\n\t<meta property=\"og:image:width\" content=\"1000\" \/>\n\t<meta property=\"og:image:height\" content=\"1000\" \/>\n<meta name=\"twitter:card\" content=\"summary_large_image\" \/>\n<meta name=\"twitter:label1\" content=\"Dur\u00e9e de lecture est.\" \/>\n\t<meta name=\"twitter:data1\" content=\"1 minute\" \/>\n<script type=\"application\/ld+json\" class=\"yoast-schema-graph\">{\"@context\":\"https:\/\/schema.org\",\"@graph\":[{\"@type\":\"WebSite\",\"@id\":\"https:\/\/innovexalgerie.com\/machines\/#website\",\"url\":\"https:\/\/innovexalgerie.com\/machines\/\",\"name\":\"Innovex Machines | Innovex Algerie\",\"description\":\"Fournisseur de machines d&#039;emballage et d&#039;imprimerie\",\"potentialAction\":[{\"@type\":\"SearchAction\",\"target\":{\"@type\":\"EntryPoint\",\"urlTemplate\":\"https:\/\/innovexalgerie.com\/machines\/?s={search_term_string}\"},\"query-input\":\"required name=search_term_string\"}],\"inLanguage\":\"fr-FR\"},{\"@type\":\"ImageObject\",\"@id\":\"https:\/\/innovexalgerie.com\/machines\/produit\/fardeleuse-compacte-avec-tunnel-autoamtique-2-en-1\/#primaryimage\",\"inLanguage\":\"fr-FR\",\"url\":\"https:\/\/innovexalgerie.com\/machines\/wp-content\/uploads\/2024\/05\/BSF5030LT.jpg\",\"contentUrl\":\"https:\/\/innovexalgerie.com\/machines\/wp-content\/uploads\/2024\/05\/BSF5030LT.jpg\",\"width\":1000,\"height\":1000},{\"@type\":\"WebPage\",\"@id\":\"https:\/\/innovexalgerie.com\/machines\/produit\/fardeleuse-compacte-avec-tunnel-autoamtique-2-en-1\/#webpage\",\"url\":\"https:\/\/innovexalgerie.com\/machines\/produit\/fardeleuse-compacte-avec-tunnel-autoamtique-2-en-1\/\",\"name\":\"Fardeleuse compacte avec tunnel automtique 2EN1 - Innovex Machines | Innovex Algerie\",\"isPartOf\":{\"@id\":\"https:\/\/innovexalgerie.com\/machines\/#website\"},\"primaryImageOfPage\":{\"@id\":\"https:\/\/innovexalgerie.com\/machines\/produit\/fardeleuse-compacte-avec-tunnel-autoamtique-2-en-1\/#primaryimage\"},\"datePublished\":\"2024-05-08T08:21:43+00:00\",\"dateModified\":\"2024-05-09T08:58:36+00:00\",\"description\":\"Machine fardeleuse semi automatique 2 en 1 permet de sceller, couper et de r\\u00e9tracter sur la m\\u00eame machine c\\u2019est la solution la plus \\u00e9conomique.\",\"breadcrumb\":{\"@id\":\"https:\/\/innovexalgerie.com\/machines\/produit\/fardeleuse-compacte-avec-tunnel-autoamtique-2-en-1\/#breadcrumb\"},\"inLanguage\":\"fr-FR\",\"potentialAction\":[{\"@type\":\"ReadAction\",\"target\":[\"https:\/\/innovexalgerie.com\/machines\/produit\/fardeleuse-compacte-avec-tunnel-autoamtique-2-en-1\/\"]}]},{\"@type\":\"BreadcrumbList\",\"@id\":\"https:\/\/innovexalgerie.com\/machines\/produit\/fardeleuse-compacte-avec-tunnel-autoamtique-2-en-1\/#breadcrumb\",\"itemListElement\":[{\"@type\":\"ListItem\",\"position\":1,\"name\":\"Accueil\",\"item\":\"https:\/\/innovexalgerie.com\/machines\/\"},{\"@type\":\"ListItem\",\"position\":2,\"name\":\"Produits\",\"item\":\"https:\/\/innovexalgerie.com\/machines\/boutique\/\"},{\"@type\":\"ListItem\",\"position\":3,\"name\":\"Fardeleuse compacte avec tunnel automtique 2EN1\"}]}]}<\/script>\n<!-- \/ Yoast SEO Premium plugin. -->","yoast_head_json":{"title":"Fardeleuse compacte avec tunnel automtique 2EN1 - Innovex Machines | Innovex Algerie","description":"Machine fardeleuse semi automatique 2 en 1 permet de sceller, couper et de r\u00e9tracter sur la m\u00eame machine c\u2019est la solution la plus \u00e9conomique.","robots":{"index":"index","follow":"follow","max-snippet":"max-snippet:-1","max-image-preview":"max-image-preview:large","max-video-preview":"max-video-preview:-1"},"canonical":"https:\/\/innovexalgerie.com\/machines\/produit\/fardeleuse-compacte-avec-tunnel-autoamtique-2-en-1\/","og_locale":"fr_FR","og_type":"article","og_title":"Fardeleuse compacte avec tunnel automtique 2EN1 - Innovex Machines | Innovex Algerie","og_description":"Machine fardeleuse semi automatique 2 en 1 permet de sceller, couper et de r\u00e9tracter sur la m\u00eame machine c\u2019est la solution la plus \u00e9conomique.","og_url":"https:\/\/innovexalgerie.com\/machines\/produit\/fardeleuse-compacte-avec-tunnel-autoamtique-2-en-1\/","og_site_name":"Innovex Machines | Innovex Algerie","article_publisher":"https:\/\/www.facebook.com\/innovexmachine1","article_modified_time":"2024-05-09T08:58:36+00:00","og_image":[{"width":1000,"height":1000,"filesize":153587,"url":"https:\/\/innovexalgerie.com\/machines\/wp-content\/uploads\/2024\/05\/BSF5030LT.jpg","path":"\/home\/inovex\/public_html\/machines\/wp-content\/uploads\/2024\/05\/BSF5030LT.jpg","size":"full","id":32496,"alt":"","pixels":1000000,"type":"image\/jpeg"}],"twitter_card":"summary_large_image","twitter_misc":{"Dur\u00e9e de lecture est.":"1 minute"},"schema":{"@context":"https:\/\/schema.org","@graph":[{"@type":"WebSite","@id":"https:\/\/innovexalgerie.com\/machines\/#website","url":"https:\/\/innovexalgerie.com\/machines\/","name":"Innovex Machines | Innovex Algerie","description":"Fournisseur de machines d&#039;emballage et d&#039;imprimerie","potentialAction":[{"@type":"SearchAction","target":{"@type":"EntryPoint","urlTemplate":"https:\/\/innovexalgerie.com\/machines\/?s={search_term_string}"},"query-input":"required name=search_term_string"}],"inLanguage":"fr-FR"},{"@type":"ImageObject","@id":"https:\/\/innovexalgerie.com\/machines\/produit\/fardeleuse-compacte-avec-tunnel-autoamtique-2-en-1\/#primaryimage","inLanguage":"fr-FR","url":"https:\/\/innovexalgerie.com\/machines\/wp-content\/uploads\/2024\/05\/BSF5030LT.jpg","contentUrl":"https:\/\/innovexalgerie.com\/machines\/wp-content\/uploads\/2024\/05\/BSF5030LT.jpg","width":1000,"height":1000},{"@type":"WebPage","@id":"https:\/\/innovexalgerie.com\/machines\/produit\/fardeleuse-compacte-avec-tunnel-autoamtique-2-en-1\/#webpage","url":"https:\/\/innovexalgerie.com\/machines\/produit\/fardeleuse-compacte-avec-tunnel-autoamtique-2-en-1\/","name":"Fardeleuse compacte avec tunnel automtique 2EN1 - Innovex Machines | Innovex Algerie","isPartOf":{"@id":"https:\/\/innovexalgerie.com\/machines\/#website"},"primaryImageOfPage":{"@id":"https:\/\/innovexalgerie.com\/machines\/produit\/fardeleuse-compacte-avec-tunnel-autoamtique-2-en-1\/#primaryimage"},"datePublished":"2024-05-08T08:21:43+00:00","dateModified":"2024-05-09T08:58:36+00:00","description":"Machine fardeleuse semi automatique 2 en 1 permet de sceller, couper et de r\u00e9tracter sur la m\u00eame machine c\u2019est la solution la plus \u00e9conomique.","breadcrumb":{"@id":"https:\/\/innovexalgerie.com\/machines\/produit\/fardeleuse-compacte-avec-tunnel-autoamtique-2-en-1\/#breadcrumb"},"inLanguage":"fr-FR","potentialAction":[{"@type":"ReadAction","target":["https:\/\/innovexalgerie.com\/machines\/produit\/fardeleuse-compacte-avec-tunnel-autoamtique-2-en-1\/"]}]},{"@type":"BreadcrumbList","@id":"https:\/\/innovexalgerie.com\/machines\/produit\/fardeleuse-compacte-avec-tunnel-autoamtique-2-en-1\/#breadcrumb","itemListElement":[{"@type":"ListItem","position":1,"name":"Accueil","item":"https:\/\/innovexalgerie.com\/machines\/"},{"@type":"ListItem","position":2,"name":"Produits","item":"https:\/\/innovexalgerie.com\/machines\/boutique\/"},{"@type":"ListItem","position":3,"name":"Fardeleuse compacte avec tunnel automtique 2EN1"}]}]}},"_links":{"self":[{"href":"https:\/\/innovexalgerie.com\/machines\/wp-json\/wp\/v2\/product\/32494","targetHints":{"allow":["GET"]}}],"collection":[{"href":"https:\/\/innovexalgerie.com\/machines\/wp-json\/wp\/v2\/product"}],"about":[{"href":"https:\/\/innovexalgerie.com\/machines\/wp-json\/wp\/v2\/types\/product"}],"version-history":[{"count":6,"href":"https:\/\/innovexalgerie.com\/machines\/wp-json\/wp\/v2\/product\/32494\/revisions"}],"predecessor-version":[{"id":32510,"href":"https:\/\/innovexalgerie.com\/machines\/wp-json\/wp\/v2\/product\/32494\/revisions\/32510"}],"wp:featuredmedia":[{"embeddable":true,"href":"https:\/\/innovexalgerie.com\/machines\/wp-json\/wp\/v2\/media\/32496"}],"wp:attachment":[{"href":"https:\/\/innovexalgerie.com\/machines\/wp-json\/wp\/v2\/media?parent=32494"}],"wp:term":[{"taxonomy":"product_cat","embeddable":true,"href":"https:\/\/innovexalgerie.com\/machines\/wp-json\/wp\/v2\/product_cat?post=32494"},{"taxonomy":"product_tag","embeddable":true,"href":"https:\/\/innovexalgerie.com\/machines\/wp-json\/wp\/v2\/product_tag?post=32494"}],"curies":[{"name":"wp","href":"https:\/\/api.w.org\/{rel}","templated":true}]}}