{"id":33105,"date":"2025-03-09T15:00:30","date_gmt":"2025-03-09T14:00:30","guid":{"rendered":"https:\/\/innovexalgerie.com\/machines\/?post_type=product&#038;p=33105"},"modified":"2025-03-10T10:56:52","modified_gmt":"2025-03-10T09:56:52","slug":"tapis-convoyeur-courbe-motorise-en-aluminium-tcr-copy","status":"publish","type":"product","link":"https:\/\/innovexalgerie.com\/machines\/produit\/tapis-convoyeur-courbe-motorise-en-aluminium-tcr-copy\/","title":{"rendered":"Convoyeur \u00e0 bande courb\u00e9 motoris\u00e9 TCR 90"},"content":{"rendered":"<p>Convoyeur \u00e0 bande courb\u00e9 d\u2019un angle de 90\u00b0 motoris\u00e9 \u00e0 vitesse r\u00e9glable, con\u00e7u pour transporter efficacement des produits tout en changeant leur direction.Il est utilis\u00e9 pour r\u00e9pondre \u00e0 vos besoin de transport de charges dans une ligne de production ou d&#8217;emballage.<\/p>\n<ul>\n<li>Structure en acier robuste, Id\u00e9al pour les secteurs de logistique et industriel, optimise l&rsquo;espace et am\u00e9liore l&rsquo;efficacit\u00e9 des lignes de transport.<\/li>\n<li>La direction du convoyeur peut \u00eatre ajust\u00e9e vers l\u2019avant ou vers l\u2019arri\u00e8re.<\/li>\n<li>Mat\u00e9riau du tapis en PVC anti-statique couleur vert, r\u00e9sistant \u00e0 la temp\u00e9rature: -10- 80\u00b0C.<\/li>\n<li>Vitesse r\u00e9glable du tapis.<\/li>\n<\/ul>\n","protected":false},"excerpt":{"rendered":"<p>Convoyeur \u00e0 bande courb\u00e9 d\u2019un angle de 90\u00b0 motoris\u00e9 \u00e0 vitesse r\u00e9glable, con\u00e7u pour transporter efficacement des produits tout en changeant leur direction.<img loading=\"lazy\" decoding=\"async\" class=\"alignnone wp-image-33111 size-full\" src=\"https:\/\/innovexalgerie.com\/machines\/wp-content\/uploads\/2025\/03\/ICON-TCR-90.jpg\" alt=\"\" width=\"894\" height=\"196\" srcset=\"https:\/\/innovexalgerie.com\/machines\/wp-content\/uploads\/2025\/03\/ICON-TCR-90.jpg 894w, https:\/\/innovexalgerie.com\/machines\/wp-content\/uploads\/2025\/03\/ICON-TCR-90-300x66.jpg 300w, https:\/\/innovexalgerie.com\/machines\/wp-content\/uploads\/2025\/03\/ICON-TCR-90-768x168.jpg 768w, https:\/\/innovexalgerie.com\/machines\/wp-content\/uploads\/2025\/03\/ICON-TCR-90-600x132.jpg 600w\" sizes=\"auto, (max-width: 894px) 100vw, 894px\" \/><\/p>\n<p>&nbsp;<\/p>\n","protected":false},"featured_media":33125,"template":"","meta":{"_monsterinsights_skip_tracking":false,"_monsterinsights_sitenote_active":false,"_monsterinsights_sitenote_note":"","_monsterinsights_sitenote_category":0},"product_cat":[162],"product_tag":[283,163,286,284,164,169,285,165,166],"class_list":["post-33105","product","type-product","status-publish","has-post-thumbnail","hentry","product_cat-convoyeurs","product_tag-convoyer-a-bande","product_tag-convoyeur","product_tag-convoyeur-courbe-90","product_tag-convoyeur-hauteur-reglable","product_tag-convoyor","product_tag-courbe","product_tag-tapis-convoyeur","product_tag-transporter","product_tag-trasporteur"],"yoast_head":"<!-- This site is optimized with the Yoast SEO Premium plugin v16.2 (Yoast SEO v16.7) - https:\/\/yoast.com\/wordpress\/plugins\/seo\/ -->\n<title>Convoyeur \u00e0 bande courb\u00e9 motoris\u00e9 TCR 90 - Innovex Machines | Innovex Algerie<\/title>\n<meta name=\"description\" content=\"Convoyeur extensible, flexible et mobile \u00e0 galets, con\u00e7u pour r\u00e9pondre aux exigences des centres de distribution.innovex machine\" \/>\n<meta name=\"robots\" content=\"index, follow, max-snippet:-1, max-image-preview:large, max-video-preview:-1\" \/>\n<link rel=\"canonical\" href=\"https:\/\/innovexalgerie.com\/machines\/produit\/tapis-convoyeur-courbe-motorise-en-aluminium-tcr-copy\/\" \/>\n<meta property=\"og:locale\" content=\"fr_FR\" \/>\n<meta property=\"og:type\" content=\"article\" \/>\n<meta property=\"og:title\" content=\"Convoyeur \u00e0 bande courb\u00e9 motoris\u00e9 TCR 90 - Innovex Machines | Innovex Algerie\" \/>\n<meta property=\"og:description\" content=\"Convoyeur extensible, flexible et mobile \u00e0 galets, con\u00e7u pour r\u00e9pondre aux exigences des centres de distribution.innovex machine\" \/>\n<meta property=\"og:url\" content=\"https:\/\/innovexalgerie.com\/machines\/produit\/tapis-convoyeur-courbe-motorise-en-aluminium-tcr-copy\/\" \/>\n<meta property=\"og:site_name\" content=\"Innovex Machines | Innovex Algerie\" \/>\n<meta property=\"article:publisher\" content=\"https:\/\/www.facebook.com\/innovexmachine1\" \/>\n<meta property=\"article:modified_time\" content=\"2025-03-10T09:56:52+00:00\" \/>\n<meta property=\"og:image\" content=\"https:\/\/innovexalgerie.com\/machines\/wp-content\/uploads\/2025\/03\/CONVOYEUR-TCR90\u00b0-INNOVEX-ALGERIE.jpg\" \/>\n\t<meta property=\"og:image:width\" content=\"958\" \/>\n\t<meta property=\"og:image:height\" content=\"1004\" \/>\n<meta name=\"twitter:card\" content=\"summary_large_image\" \/>\n<meta name=\"twitter:label1\" content=\"Dur\u00e9e de lecture est.\" \/>\n\t<meta name=\"twitter:data1\" content=\"1 minute\" \/>\n<script type=\"application\/ld+json\" class=\"yoast-schema-graph\">{\"@context\":\"https:\/\/schema.org\",\"@graph\":[{\"@type\":\"WebSite\",\"@id\":\"https:\/\/innovexalgerie.com\/machines\/#website\",\"url\":\"https:\/\/innovexalgerie.com\/machines\/\",\"name\":\"Innovex Machines | Innovex Algerie\",\"description\":\"Fournisseur de machines d&#039;emballage et d&#039;imprimerie\",\"potentialAction\":[{\"@type\":\"SearchAction\",\"target\":{\"@type\":\"EntryPoint\",\"urlTemplate\":\"https:\/\/innovexalgerie.com\/machines\/?s={search_term_string}\"},\"query-input\":\"required name=search_term_string\"}],\"inLanguage\":\"fr-FR\"},{\"@type\":\"ImageObject\",\"@id\":\"https:\/\/innovexalgerie.com\/machines\/produit\/tapis-convoyeur-courbe-motorise-en-aluminium-tcr-copy\/#primaryimage\",\"inLanguage\":\"fr-FR\",\"url\":\"https:\/\/innovexalgerie.com\/machines\/wp-content\/uploads\/2025\/03\/CONVOYEUR-TCR90\\u00b0-INNOVEX-ALGERIE.jpg\",\"contentUrl\":\"https:\/\/innovexalgerie.com\/machines\/wp-content\/uploads\/2025\/03\/CONVOYEUR-TCR90\\u00b0-INNOVEX-ALGERIE.jpg\",\"width\":958,\"height\":1004,\"caption\":\"convoyeur courb\\u00e9 -TCR90\\u00b0-INNOVEX-ALGERIE\"},{\"@type\":\"WebPage\",\"@id\":\"https:\/\/innovexalgerie.com\/machines\/produit\/tapis-convoyeur-courbe-motorise-en-aluminium-tcr-copy\/#webpage\",\"url\":\"https:\/\/innovexalgerie.com\/machines\/produit\/tapis-convoyeur-courbe-motorise-en-aluminium-tcr-copy\/\",\"name\":\"Convoyeur \\u00e0 bande courb\\u00e9 motoris\\u00e9 TCR 90 - Innovex Machines | Innovex Algerie\",\"isPartOf\":{\"@id\":\"https:\/\/innovexalgerie.com\/machines\/#website\"},\"primaryImageOfPage\":{\"@id\":\"https:\/\/innovexalgerie.com\/machines\/produit\/tapis-convoyeur-courbe-motorise-en-aluminium-tcr-copy\/#primaryimage\"},\"datePublished\":\"2025-03-09T14:00:30+00:00\",\"dateModified\":\"2025-03-10T09:56:52+00:00\",\"description\":\"Convoyeur extensible, flexible et mobile \\u00e0 galets, con\\u00e7u pour r\\u00e9pondre aux exigences des centres de distribution.innovex machine\",\"breadcrumb\":{\"@id\":\"https:\/\/innovexalgerie.com\/machines\/produit\/tapis-convoyeur-courbe-motorise-en-aluminium-tcr-copy\/#breadcrumb\"},\"inLanguage\":\"fr-FR\",\"potentialAction\":[{\"@type\":\"ReadAction\",\"target\":[\"https:\/\/innovexalgerie.com\/machines\/produit\/tapis-convoyeur-courbe-motorise-en-aluminium-tcr-copy\/\"]}]},{\"@type\":\"BreadcrumbList\",\"@id\":\"https:\/\/innovexalgerie.com\/machines\/produit\/tapis-convoyeur-courbe-motorise-en-aluminium-tcr-copy\/#breadcrumb\",\"itemListElement\":[{\"@type\":\"ListItem\",\"position\":1,\"name\":\"Accueil\",\"item\":\"https:\/\/innovexalgerie.com\/machines\/\"},{\"@type\":\"ListItem\",\"position\":2,\"name\":\"Produits\",\"item\":\"https:\/\/innovexalgerie.com\/machines\/boutique\/\"},{\"@type\":\"ListItem\",\"position\":3,\"name\":\"Convoyeur \\u00e0 bande courb\\u00e9 motoris\\u00e9 TCR 90\"}]}]}<\/script>\n<!-- \/ Yoast SEO Premium plugin. -->","yoast_head_json":{"title":"Convoyeur \u00e0 bande courb\u00e9 motoris\u00e9 TCR 90 - Innovex Machines | Innovex Algerie","description":"Convoyeur extensible, flexible et mobile \u00e0 galets, con\u00e7u pour r\u00e9pondre aux exigences des centres de distribution.innovex machine","robots":{"index":"index","follow":"follow","max-snippet":"max-snippet:-1","max-image-preview":"max-image-preview:large","max-video-preview":"max-video-preview:-1"},"canonical":"https:\/\/innovexalgerie.com\/machines\/produit\/tapis-convoyeur-courbe-motorise-en-aluminium-tcr-copy\/","og_locale":"fr_FR","og_type":"article","og_title":"Convoyeur \u00e0 bande courb\u00e9 motoris\u00e9 TCR 90 - Innovex Machines | Innovex Algerie","og_description":"Convoyeur extensible, flexible et mobile \u00e0 galets, con\u00e7u pour r\u00e9pondre aux exigences des centres de distribution.innovex machine","og_url":"https:\/\/innovexalgerie.com\/machines\/produit\/tapis-convoyeur-courbe-motorise-en-aluminium-tcr-copy\/","og_site_name":"Innovex Machines | Innovex Algerie","article_publisher":"https:\/\/www.facebook.com\/innovexmachine1","article_modified_time":"2025-03-10T09:56:52+00:00","og_image":[{"width":958,"height":1004,"filesize":108734,"url":"https:\/\/innovexalgerie.com\/machines\/wp-content\/uploads\/2025\/03\/CONVOYEUR-TCR90\u00b0-INNOVEX-ALGERIE.jpg","path":"\/home\/inovex\/public_html\/machines\/wp-content\/uploads\/2025\/03\/CONVOYEUR-TCR90\u00b0-INNOVEX-ALGERIE.jpg","size":"full","id":33125,"alt":"convoyeur courb\u00e9 -TCR90\u00b0-INNOVEX-ALGERIE","pixels":961832,"type":"image\/jpeg"}],"twitter_card":"summary_large_image","twitter_misc":{"Dur\u00e9e de lecture est.":"1 minute"},"schema":{"@context":"https:\/\/schema.org","@graph":[{"@type":"WebSite","@id":"https:\/\/innovexalgerie.com\/machines\/#website","url":"https:\/\/innovexalgerie.com\/machines\/","name":"Innovex Machines | Innovex Algerie","description":"Fournisseur de machines d&#039;emballage et d&#039;imprimerie","potentialAction":[{"@type":"SearchAction","target":{"@type":"EntryPoint","urlTemplate":"https:\/\/innovexalgerie.com\/machines\/?s={search_term_string}"},"query-input":"required name=search_term_string"}],"inLanguage":"fr-FR"},{"@type":"ImageObject","@id":"https:\/\/innovexalgerie.com\/machines\/produit\/tapis-convoyeur-courbe-motorise-en-aluminium-tcr-copy\/#primaryimage","inLanguage":"fr-FR","url":"https:\/\/innovexalgerie.com\/machines\/wp-content\/uploads\/2025\/03\/CONVOYEUR-TCR90\u00b0-INNOVEX-ALGERIE.jpg","contentUrl":"https:\/\/innovexalgerie.com\/machines\/wp-content\/uploads\/2025\/03\/CONVOYEUR-TCR90\u00b0-INNOVEX-ALGERIE.jpg","width":958,"height":1004,"caption":"convoyeur courb\u00e9 -TCR90\u00b0-INNOVEX-ALGERIE"},{"@type":"WebPage","@id":"https:\/\/innovexalgerie.com\/machines\/produit\/tapis-convoyeur-courbe-motorise-en-aluminium-tcr-copy\/#webpage","url":"https:\/\/innovexalgerie.com\/machines\/produit\/tapis-convoyeur-courbe-motorise-en-aluminium-tcr-copy\/","name":"Convoyeur \u00e0 bande courb\u00e9 motoris\u00e9 TCR 90 - Innovex Machines | Innovex Algerie","isPartOf":{"@id":"https:\/\/innovexalgerie.com\/machines\/#website"},"primaryImageOfPage":{"@id":"https:\/\/innovexalgerie.com\/machines\/produit\/tapis-convoyeur-courbe-motorise-en-aluminium-tcr-copy\/#primaryimage"},"datePublished":"2025-03-09T14:00:30+00:00","dateModified":"2025-03-10T09:56:52+00:00","description":"Convoyeur extensible, flexible et mobile \u00e0 galets, con\u00e7u pour r\u00e9pondre aux exigences des centres de distribution.innovex machine","breadcrumb":{"@id":"https:\/\/innovexalgerie.com\/machines\/produit\/tapis-convoyeur-courbe-motorise-en-aluminium-tcr-copy\/#breadcrumb"},"inLanguage":"fr-FR","potentialAction":[{"@type":"ReadAction","target":["https:\/\/innovexalgerie.com\/machines\/produit\/tapis-convoyeur-courbe-motorise-en-aluminium-tcr-copy\/"]}]},{"@type":"BreadcrumbList","@id":"https:\/\/innovexalgerie.com\/machines\/produit\/tapis-convoyeur-courbe-motorise-en-aluminium-tcr-copy\/#breadcrumb","itemListElement":[{"@type":"ListItem","position":1,"name":"Accueil","item":"https:\/\/innovexalgerie.com\/machines\/"},{"@type":"ListItem","position":2,"name":"Produits","item":"https:\/\/innovexalgerie.com\/machines\/boutique\/"},{"@type":"ListItem","position":3,"name":"Convoyeur \u00e0 bande courb\u00e9 motoris\u00e9 TCR 90"}]}]}},"_links":{"self":[{"href":"https:\/\/innovexalgerie.com\/machines\/wp-json\/wp\/v2\/product\/33105","targetHints":{"allow":["GET"]}}],"collection":[{"href":"https:\/\/innovexalgerie.com\/machines\/wp-json\/wp\/v2\/product"}],"about":[{"href":"https:\/\/innovexalgerie.com\/machines\/wp-json\/wp\/v2\/types\/product"}],"version-history":[{"count":4,"href":"https:\/\/innovexalgerie.com\/machines\/wp-json\/wp\/v2\/product\/33105\/revisions"}],"predecessor-version":[{"id":33118,"href":"https:\/\/innovexalgerie.com\/machines\/wp-json\/wp\/v2\/product\/33105\/revisions\/33118"}],"wp:featuredmedia":[{"embeddable":true,"href":"https:\/\/innovexalgerie.com\/machines\/wp-json\/wp\/v2\/media\/33125"}],"wp:attachment":[{"href":"https:\/\/innovexalgerie.com\/machines\/wp-json\/wp\/v2\/media?parent=33105"}],"wp:term":[{"taxonomy":"product_cat","embeddable":true,"href":"https:\/\/innovexalgerie.com\/machines\/wp-json\/wp\/v2\/product_cat?post=33105"},{"taxonomy":"product_tag","embeddable":true,"href":"https:\/\/innovexalgerie.com\/machines\/wp-json\/wp\/v2\/product_tag?post=33105"}],"curies":[{"name":"wp","href":"https:\/\/api.w.org\/{rel}","templated":true}]}}