{"id":33314,"date":"2025-05-21T11:46:02","date_gmt":"2025-05-21T10:46:02","guid":{"rendered":"https:\/\/innovexalgerie.com\/machines\/?post_type=product&#038;p=33314"},"modified":"2025-05-21T13:08:29","modified_gmt":"2025-05-21T12:08:29","slug":"embaleusse-barquette-automatique-supper-900x","status":"publish","type":"product","link":"https:\/\/innovexalgerie.com\/machines\/produit\/embaleusse-barquette-automatique-supper-900x\/","title":{"rendered":"Embaleusse barquette automatique SUPPER 900X"},"content":{"rendered":"<p>Emballeuse de barquette <strong>SUPPER 900X<\/strong> \u00e0 plateau automatique fabriqu\u00e9e en acier inoxydable, tr\u00e8s fonctionnel et facile \u00e0 utiliser, id\u00e9al pour l&#8217;emballage de produits alimentaires (l\u00e9gumes, fruits, viande, etc.) qui doivent \u00eatre emball\u00e9s avec un film extensible sp\u00e9cial \u00e0 usage alimentaire laize max 450mm.<\/p>\n<ul>\n<li>\u00a0La machine est utilis\u00e9e pour emballer les aliments afin de pr\u00e9server leur fra\u00eecheur et d&rsquo;am\u00e9liorer l&rsquo;apparence.<\/li>\n<li>Structure en acier inoxydable.<\/li>\n<li>Syst\u00e8me de scellage performant qui assure une longue dur\u00e9e de conservation, pr\u00e9venir les odeurs et emp\u00eacher la d\u00e9t\u00e9rioration des aliments.<\/li>\n<li>Structure en acier inoxydable.<\/li>\n<li>La machine est \u00e9quip\u00e9e de dispositifs de s\u00e9curit\u00e9 int\u00e9gr\u00e9s pour garantir une utilisation s\u00fbre et fiable.<\/li>\n<li>\u00a0Panneau de configuration \u00e9cran LCD tactile facile \u00e0 utiliser.<\/li>\n<li>\u00a0Convient pour le film alimentaire.<\/li>\n<li data-start=\"62\" data-end=\"182\" data-cur=\"cursor\">Il peut \u00eatre emball\u00e9 avec ou sans barquette et s&rsquo;adapte \u00e0 des formes vari\u00e9es, telles que rondes, hexagonales, etc.<\/li>\n<li>\u00a0Assurer une longue dur\u00e9e de conservation, pr\u00e9venir les odeurs et emp\u00eacher la d\u00e9t\u00e9rioration des aliments.<\/li>\n<li>Largement utilis\u00e9 dans les usines, les centres commerciaux, les supermarch\u00e9s et restaurants<strong>.<\/strong><\/li>\n<\/ul>\n","protected":false},"excerpt":{"rendered":"<p>Emballeuse de barquette \u00e0 plateau automatique fabriqu\u00e9e en acier inoxydable, tr\u00e8s fonctionnel et facile \u00e0 utiliser, id\u00e9al pour l&#8217;emballage de produits alimentaires.<\/p>\n<p><img loading=\"lazy\" decoding=\"async\" class=\"alignnone wp-image-33319 size-full\" src=\"https:\/\/innovexalgerie.com\/machines\/wp-content\/uploads\/2025\/05\/ICON-FILMEUSE-SUPER900X.jpg\" alt=\"\" width=\"905\" height=\"196\" srcset=\"https:\/\/innovexalgerie.com\/machines\/wp-content\/uploads\/2025\/05\/ICON-FILMEUSE-SUPER900X.jpg 905w, https:\/\/innovexalgerie.com\/machines\/wp-content\/uploads\/2025\/05\/ICON-FILMEUSE-SUPER900X-300x65.jpg 300w, https:\/\/innovexalgerie.com\/machines\/wp-content\/uploads\/2025\/05\/ICON-FILMEUSE-SUPER900X-768x166.jpg 768w, https:\/\/innovexalgerie.com\/machines\/wp-content\/uploads\/2025\/05\/ICON-FILMEUSE-SUPER900X-600x130.jpg 600w\" sizes=\"auto, (max-width: 905px) 100vw, 905px\" \/><\/p>\n","protected":false},"featured_media":33331,"template":"","meta":{"_monsterinsights_skip_tracking":false,"_monsterinsights_sitenote_active":false,"_monsterinsights_sitenote_note":"","_monsterinsights_sitenote_category":0},"product_cat":[35,267],"product_tag":[],"class_list":["post-33314","product","type-product","status-publish","has-post-thumbnail","hentry","product_cat-fardeleuse-et-cellophaneuse","product_cat-filmeuse-a-barquette"],"yoast_head":"<!-- This site is optimized with the Yoast SEO Premium plugin v16.2 (Yoast SEO v16.7) - https:\/\/yoast.com\/wordpress\/plugins\/seo\/ -->\n<title>Embaleusse barquette automatique SUPPER 900X - Innovex Machines | Innovex Algerie<\/title>\n<meta name=\"description\" content=\"Filmeuse de barquette \u00e0 plateau chauffant, tr\u00e8s fonctionnel et facile \u00e0 utiliser, id\u00e9al pour l&#039;emballage de produits alimentaires.\" \/>\n<meta name=\"robots\" content=\"index, follow, max-snippet:-1, max-image-preview:large, max-video-preview:-1\" \/>\n<link rel=\"canonical\" href=\"https:\/\/innovexalgerie.com\/machines\/produit\/embaleusse-barquette-automatique-supper-900x\/\" \/>\n<meta property=\"og:locale\" content=\"fr_FR\" \/>\n<meta property=\"og:type\" content=\"article\" \/>\n<meta property=\"og:title\" content=\"Embaleusse barquette automatique SUPPER 900X - Innovex Machines | Innovex Algerie\" \/>\n<meta property=\"og:description\" content=\"Filmeuse de barquette \u00e0 plateau chauffant, tr\u00e8s fonctionnel et facile \u00e0 utiliser, id\u00e9al pour l&#039;emballage de produits alimentaires.\" \/>\n<meta property=\"og:url\" content=\"https:\/\/innovexalgerie.com\/machines\/produit\/embaleusse-barquette-automatique-supper-900x\/\" \/>\n<meta property=\"og:site_name\" content=\"Innovex Machines | Innovex Algerie\" \/>\n<meta property=\"article:publisher\" content=\"https:\/\/www.facebook.com\/innovexmachine1\" \/>\n<meta property=\"article:modified_time\" content=\"2025-05-21T12:08:29+00:00\" \/>\n<meta property=\"og:image\" content=\"https:\/\/innovexalgerie.com\/machines\/wp-content\/uploads\/2025\/05\/emballeuse-barquette-SUPPER-900X-innovex-algerie-6.jpg\" \/>\n\t<meta property=\"og:image:width\" content=\"1000\" \/>\n\t<meta property=\"og:image:height\" content=\"1000\" \/>\n<meta name=\"twitter:card\" content=\"summary_large_image\" \/>\n<meta name=\"twitter:label1\" content=\"Dur\u00e9e de lecture est.\" \/>\n\t<meta name=\"twitter:data1\" content=\"1 minute\" \/>\n<script type=\"application\/ld+json\" class=\"yoast-schema-graph\">{\"@context\":\"https:\/\/schema.org\",\"@graph\":[{\"@type\":\"WebSite\",\"@id\":\"https:\/\/innovexalgerie.com\/machines\/#website\",\"url\":\"https:\/\/innovexalgerie.com\/machines\/\",\"name\":\"Innovex Machines | Innovex Algerie\",\"description\":\"Fournisseur de machines d&#039;emballage et d&#039;imprimerie\",\"potentialAction\":[{\"@type\":\"SearchAction\",\"target\":{\"@type\":\"EntryPoint\",\"urlTemplate\":\"https:\/\/innovexalgerie.com\/machines\/?s={search_term_string}\"},\"query-input\":\"required name=search_term_string\"}],\"inLanguage\":\"fr-FR\"},{\"@type\":\"ImageObject\",\"@id\":\"https:\/\/innovexalgerie.com\/machines\/produit\/embaleusse-barquette-automatique-supper-900x\/#primaryimage\",\"inLanguage\":\"fr-FR\",\"url\":\"https:\/\/innovexalgerie.com\/machines\/wp-content\/uploads\/2025\/05\/emballeuse-barquette-SUPPER-900X-innovex-algerie-6.jpg\",\"contentUrl\":\"https:\/\/innovexalgerie.com\/machines\/wp-content\/uploads\/2025\/05\/emballeuse-barquette-SUPPER-900X-innovex-algerie-6.jpg\",\"width\":1000,\"height\":1000,\"caption\":\"emballeuse-barquette-SUPPER-900X-innovex-algerie-\"},{\"@type\":\"WebPage\",\"@id\":\"https:\/\/innovexalgerie.com\/machines\/produit\/embaleusse-barquette-automatique-supper-900x\/#webpage\",\"url\":\"https:\/\/innovexalgerie.com\/machines\/produit\/embaleusse-barquette-automatique-supper-900x\/\",\"name\":\"Embaleusse barquette automatique SUPPER 900X - Innovex Machines | Innovex Algerie\",\"isPartOf\":{\"@id\":\"https:\/\/innovexalgerie.com\/machines\/#website\"},\"primaryImageOfPage\":{\"@id\":\"https:\/\/innovexalgerie.com\/machines\/produit\/embaleusse-barquette-automatique-supper-900x\/#primaryimage\"},\"datePublished\":\"2025-05-21T10:46:02+00:00\",\"dateModified\":\"2025-05-21T12:08:29+00:00\",\"description\":\"Filmeuse de barquette \\u00e0 plateau chauffant, tr\\u00e8s fonctionnel et facile \\u00e0 utiliser, id\\u00e9al pour l'emballage de produits alimentaires.\",\"breadcrumb\":{\"@id\":\"https:\/\/innovexalgerie.com\/machines\/produit\/embaleusse-barquette-automatique-supper-900x\/#breadcrumb\"},\"inLanguage\":\"fr-FR\",\"potentialAction\":[{\"@type\":\"ReadAction\",\"target\":[\"https:\/\/innovexalgerie.com\/machines\/produit\/embaleusse-barquette-automatique-supper-900x\/\"]}]},{\"@type\":\"BreadcrumbList\",\"@id\":\"https:\/\/innovexalgerie.com\/machines\/produit\/embaleusse-barquette-automatique-supper-900x\/#breadcrumb\",\"itemListElement\":[{\"@type\":\"ListItem\",\"position\":1,\"name\":\"Accueil\",\"item\":\"https:\/\/innovexalgerie.com\/machines\/\"},{\"@type\":\"ListItem\",\"position\":2,\"name\":\"Produits\",\"item\":\"https:\/\/innovexalgerie.com\/machines\/boutique\/\"},{\"@type\":\"ListItem\",\"position\":3,\"name\":\"Embaleusse barquette automatique SUPPER 900X\"}]}]}<\/script>\n<!-- \/ Yoast SEO Premium plugin. -->","yoast_head_json":{"title":"Embaleusse barquette automatique SUPPER 900X - Innovex Machines | Innovex Algerie","description":"Filmeuse de barquette \u00e0 plateau chauffant, tr\u00e8s fonctionnel et facile \u00e0 utiliser, id\u00e9al pour l'emballage de produits alimentaires.","robots":{"index":"index","follow":"follow","max-snippet":"max-snippet:-1","max-image-preview":"max-image-preview:large","max-video-preview":"max-video-preview:-1"},"canonical":"https:\/\/innovexalgerie.com\/machines\/produit\/embaleusse-barquette-automatique-supper-900x\/","og_locale":"fr_FR","og_type":"article","og_title":"Embaleusse barquette automatique SUPPER 900X - Innovex Machines | Innovex Algerie","og_description":"Filmeuse de barquette \u00e0 plateau chauffant, tr\u00e8s fonctionnel et facile \u00e0 utiliser, id\u00e9al pour l'emballage de produits alimentaires.","og_url":"https:\/\/innovexalgerie.com\/machines\/produit\/embaleusse-barquette-automatique-supper-900x\/","og_site_name":"Innovex Machines | Innovex Algerie","article_publisher":"https:\/\/www.facebook.com\/innovexmachine1","article_modified_time":"2025-05-21T12:08:29+00:00","og_image":[{"width":1000,"height":1000,"filesize":176982,"url":"https:\/\/innovexalgerie.com\/machines\/wp-content\/uploads\/2025\/05\/emballeuse-barquette-SUPPER-900X-innovex-algerie-6.jpg","path":"\/home\/inovex\/public_html\/machines\/wp-content\/uploads\/2025\/05\/emballeuse-barquette-SUPPER-900X-innovex-algerie-6.jpg","size":"full","id":33331,"alt":"emballeuse-barquette-SUPPER-900X-innovex-algerie-","pixels":1000000,"type":"image\/jpeg"}],"twitter_card":"summary_large_image","twitter_misc":{"Dur\u00e9e de lecture est.":"1 minute"},"schema":{"@context":"https:\/\/schema.org","@graph":[{"@type":"WebSite","@id":"https:\/\/innovexalgerie.com\/machines\/#website","url":"https:\/\/innovexalgerie.com\/machines\/","name":"Innovex Machines | Innovex Algerie","description":"Fournisseur de machines d&#039;emballage et d&#039;imprimerie","potentialAction":[{"@type":"SearchAction","target":{"@type":"EntryPoint","urlTemplate":"https:\/\/innovexalgerie.com\/machines\/?s={search_term_string}"},"query-input":"required name=search_term_string"}],"inLanguage":"fr-FR"},{"@type":"ImageObject","@id":"https:\/\/innovexalgerie.com\/machines\/produit\/embaleusse-barquette-automatique-supper-900x\/#primaryimage","inLanguage":"fr-FR","url":"https:\/\/innovexalgerie.com\/machines\/wp-content\/uploads\/2025\/05\/emballeuse-barquette-SUPPER-900X-innovex-algerie-6.jpg","contentUrl":"https:\/\/innovexalgerie.com\/machines\/wp-content\/uploads\/2025\/05\/emballeuse-barquette-SUPPER-900X-innovex-algerie-6.jpg","width":1000,"height":1000,"caption":"emballeuse-barquette-SUPPER-900X-innovex-algerie-"},{"@type":"WebPage","@id":"https:\/\/innovexalgerie.com\/machines\/produit\/embaleusse-barquette-automatique-supper-900x\/#webpage","url":"https:\/\/innovexalgerie.com\/machines\/produit\/embaleusse-barquette-automatique-supper-900x\/","name":"Embaleusse barquette automatique SUPPER 900X - Innovex Machines | Innovex Algerie","isPartOf":{"@id":"https:\/\/innovexalgerie.com\/machines\/#website"},"primaryImageOfPage":{"@id":"https:\/\/innovexalgerie.com\/machines\/produit\/embaleusse-barquette-automatique-supper-900x\/#primaryimage"},"datePublished":"2025-05-21T10:46:02+00:00","dateModified":"2025-05-21T12:08:29+00:00","description":"Filmeuse de barquette \u00e0 plateau chauffant, tr\u00e8s fonctionnel et facile \u00e0 utiliser, id\u00e9al pour l'emballage de produits alimentaires.","breadcrumb":{"@id":"https:\/\/innovexalgerie.com\/machines\/produit\/embaleusse-barquette-automatique-supper-900x\/#breadcrumb"},"inLanguage":"fr-FR","potentialAction":[{"@type":"ReadAction","target":["https:\/\/innovexalgerie.com\/machines\/produit\/embaleusse-barquette-automatique-supper-900x\/"]}]},{"@type":"BreadcrumbList","@id":"https:\/\/innovexalgerie.com\/machines\/produit\/embaleusse-barquette-automatique-supper-900x\/#breadcrumb","itemListElement":[{"@type":"ListItem","position":1,"name":"Accueil","item":"https:\/\/innovexalgerie.com\/machines\/"},{"@type":"ListItem","position":2,"name":"Produits","item":"https:\/\/innovexalgerie.com\/machines\/boutique\/"},{"@type":"ListItem","position":3,"name":"Embaleusse barquette automatique SUPPER 900X"}]}]}},"_links":{"self":[{"href":"https:\/\/innovexalgerie.com\/machines\/wp-json\/wp\/v2\/product\/33314","targetHints":{"allow":["GET"]}}],"collection":[{"href":"https:\/\/innovexalgerie.com\/machines\/wp-json\/wp\/v2\/product"}],"about":[{"href":"https:\/\/innovexalgerie.com\/machines\/wp-json\/wp\/v2\/types\/product"}],"version-history":[{"count":2,"href":"https:\/\/innovexalgerie.com\/machines\/wp-json\/wp\/v2\/product\/33314\/revisions"}],"predecessor-version":[{"id":33333,"href":"https:\/\/innovexalgerie.com\/machines\/wp-json\/wp\/v2\/product\/33314\/revisions\/33333"}],"wp:featuredmedia":[{"embeddable":true,"href":"https:\/\/innovexalgerie.com\/machines\/wp-json\/wp\/v2\/media\/33331"}],"wp:attachment":[{"href":"https:\/\/innovexalgerie.com\/machines\/wp-json\/wp\/v2\/media?parent=33314"}],"wp:term":[{"taxonomy":"product_cat","embeddable":true,"href":"https:\/\/innovexalgerie.com\/machines\/wp-json\/wp\/v2\/product_cat?post=33314"},{"taxonomy":"product_tag","embeddable":true,"href":"https:\/\/innovexalgerie.com\/machines\/wp-json\/wp\/v2\/product_tag?post=33314"}],"curies":[{"name":"wp","href":"https:\/\/api.w.org\/{rel}","templated":true}]}}