{"id":33418,"date":"2025-06-30T08:52:50","date_gmt":"2025-06-30T07:52:50","guid":{"rendered":"https:\/\/innovexalgerie.com\/machines\/?post_type=product&#038;p=33418"},"modified":"2025-07-01T09:26:50","modified_gmt":"2025-07-01T08:26:50","slug":"soudeuse-a-pedale-electrique-a-tete-verticale-ks-dd400","status":"publish","type":"product","link":"https:\/\/innovexalgerie.com\/machines\/produit\/soudeuse-a-pedale-electrique-a-tete-verticale-ks-dd400\/","title":{"rendered":"Soudeuse \u00e0 p\u00e9dale \u00e9lectrique \u00e0 t\u00eate verticale KS-DD400"},"content":{"rendered":"<p>Soudeuse \u00e0 p\u00e9dale \u00e9lectrique directe \u00e0 t\u00eate verticale <strong>KS-DD400<\/strong> pour des sacs thermosoudable, elle fait le scellage verticale sur sacs en plastique et aluminium PVC, PP, PE jusqu&rsquo;\u00e0 40cm de largeur.<\/p>\n<p>Machine dot\u00e9e des tubes r\u00e9sistances sur un m\u00e9canisme de soudure renforc\u00e9 qui assure une longue dur\u00e9e de vie et une qualit\u00e9 de soudure stable.<\/p>\n<ul>\n<li>Structure solide et durable.<\/li>\n<li>Longueur de soudure 40cm.<\/li>\n<li>Le d\u00e9clenchement de la soudure s\u2019effectue par une p\u00e9dale \u00e9lectrique.<\/li>\n<li>Minuterie int\u00e9gr\u00e9e pour r\u00e9gler le temps de soudure.<\/li>\n<li>R\u00e9gulateur de temp\u00e9rature \u00e9lectronique.<\/li>\n<li>Deux tableaux de fonctionnement digitales faciles \u00e0 utiliser.<\/li>\n<li>La hauteur du plateau est ajustable en fonction de la taille du sac<br \/>\nassurant une soudure pr\u00e9cise.<\/li>\n<li>Machine conforme aux normes CE.<\/li>\n<\/ul>\n","protected":false},"excerpt":{"rendered":"<p>Soudeuse \u00e0 p\u00e9dale \u00e9lectrique \u00e0 t\u00eate verticale, pour sacs thermosoudables de nature diff\u00e9rente. Effectue un scellage par chaleur avec une qualit\u00e9 de soudure stable et durable.<img loading=\"lazy\" decoding=\"async\" class=\"alignnone wp-image-33422 size-full\" src=\"https:\/\/innovexalgerie.com\/machines\/wp-content\/uploads\/2025\/06\/iconsoudeuse-ks400dd.jpg\" alt=\"\" width=\"913\" height=\"217\" srcset=\"https:\/\/innovexalgerie.com\/machines\/wp-content\/uploads\/2025\/06\/iconsoudeuse-ks400dd.jpg 913w, https:\/\/innovexalgerie.com\/machines\/wp-content\/uploads\/2025\/06\/iconsoudeuse-ks400dd-300x71.jpg 300w, https:\/\/innovexalgerie.com\/machines\/wp-content\/uploads\/2025\/06\/iconsoudeuse-ks400dd-768x183.jpg 768w, https:\/\/innovexalgerie.com\/machines\/wp-content\/uploads\/2025\/06\/iconsoudeuse-ks400dd-600x143.jpg 600w\" sizes=\"auto, (max-width: 913px) 100vw, 913px\" \/><\/p>\n","protected":false},"featured_media":33423,"template":"","meta":{"_monsterinsights_skip_tracking":false,"_monsterinsights_sitenote_active":false,"_monsterinsights_sitenote_note":"","_monsterinsights_sitenote_category":0},"product_cat":[66,221],"product_tag":[288,44,70,238],"class_list":["post-33418","product","type-product","status-publish","has-post-thumbnail","hentry","product_cat-soudeuses","product_cat-soudeuses-a-pedale","product_tag-pedale-electrique","product_tag-soudeuse","product_tag-soudeuse-pedale","product_tag-soudeuse-tete-verticale"],"yoast_head":"<!-- This site is optimized with the Yoast SEO Premium plugin v16.2 (Yoast SEO v16.7) - https:\/\/yoast.com\/wordpress\/plugins\/seo\/ -->\n<title>Soudeuse \u00e0 p\u00e9dale \u00e9lectrique \u00e0 t\u00eate verticale KS-DD400 - Innovex Machines | Innovex Algerie<\/title>\n<meta name=\"description\" content=\"Soudeuse \u00e0 p\u00e9dale directe \u00e0 t\u00eate verticale kd-dd44, pour sacs thermosoudables de nature diff\u00e9rente. innovex machine.\" \/>\n<meta name=\"robots\" content=\"index, follow, max-snippet:-1, max-image-preview:large, max-video-preview:-1\" \/>\n<link rel=\"canonical\" href=\"https:\/\/innovexalgerie.com\/machines\/produit\/soudeuse-a-pedale-electrique-a-tete-verticale-ks-dd400\/\" \/>\n<meta property=\"og:locale\" content=\"fr_FR\" \/>\n<meta property=\"og:type\" content=\"article\" \/>\n<meta property=\"og:title\" content=\"Soudeuse \u00e0 p\u00e9dale \u00e9lectrique \u00e0 t\u00eate verticale KS-DD400 - Innovex Machines | Innovex Algerie\" \/>\n<meta property=\"og:description\" content=\"Soudeuse \u00e0 p\u00e9dale directe \u00e0 t\u00eate verticale kd-dd44, pour sacs thermosoudables de nature diff\u00e9rente. innovex machine.\" \/>\n<meta property=\"og:url\" content=\"https:\/\/innovexalgerie.com\/machines\/produit\/soudeuse-a-pedale-electrique-a-tete-verticale-ks-dd400\/\" \/>\n<meta property=\"og:site_name\" content=\"Innovex Machines | Innovex Algerie\" \/>\n<meta property=\"article:publisher\" content=\"https:\/\/www.facebook.com\/innovexmachine1\" \/>\n<meta property=\"article:modified_time\" content=\"2025-07-01T08:26:50+00:00\" \/>\n<meta property=\"og:image\" content=\"https:\/\/innovexalgerie.com\/machines\/wp-content\/uploads\/2025\/06\/soudeuse-ks400dd-innovex-algerie.jpg\" \/>\n\t<meta property=\"og:image:width\" content=\"1000\" \/>\n\t<meta property=\"og:image:height\" content=\"1000\" \/>\n<meta name=\"twitter:card\" content=\"summary_large_image\" \/>\n<meta name=\"twitter:label1\" content=\"Dur\u00e9e de lecture est.\" \/>\n\t<meta name=\"twitter:data1\" content=\"1 minute\" \/>\n<script type=\"application\/ld+json\" class=\"yoast-schema-graph\">{\"@context\":\"https:\/\/schema.org\",\"@graph\":[{\"@type\":\"WebSite\",\"@id\":\"https:\/\/innovexalgerie.com\/machines\/#website\",\"url\":\"https:\/\/innovexalgerie.com\/machines\/\",\"name\":\"Innovex Machines | Innovex Algerie\",\"description\":\"Fournisseur de machines d&#039;emballage et d&#039;imprimerie\",\"potentialAction\":[{\"@type\":\"SearchAction\",\"target\":{\"@type\":\"EntryPoint\",\"urlTemplate\":\"https:\/\/innovexalgerie.com\/machines\/?s={search_term_string}\"},\"query-input\":\"required name=search_term_string\"}],\"inLanguage\":\"fr-FR\"},{\"@type\":\"ImageObject\",\"@id\":\"https:\/\/innovexalgerie.com\/machines\/produit\/soudeuse-a-pedale-electrique-a-tete-verticale-ks-dd400\/#primaryimage\",\"inLanguage\":\"fr-FR\",\"url\":\"https:\/\/innovexalgerie.com\/machines\/wp-content\/uploads\/2025\/06\/soudeuse-ks400dd-innovex-algerie.jpg\",\"contentUrl\":\"https:\/\/innovexalgerie.com\/machines\/wp-content\/uploads\/2025\/06\/soudeuse-ks400dd-innovex-algerie.jpg\",\"width\":1000,\"height\":1000,\"caption\":\"soudeuse-ks400dd-innovex-algerie\"},{\"@type\":\"WebPage\",\"@id\":\"https:\/\/innovexalgerie.com\/machines\/produit\/soudeuse-a-pedale-electrique-a-tete-verticale-ks-dd400\/#webpage\",\"url\":\"https:\/\/innovexalgerie.com\/machines\/produit\/soudeuse-a-pedale-electrique-a-tete-verticale-ks-dd400\/\",\"name\":\"Soudeuse \\u00e0 p\\u00e9dale \\u00e9lectrique \\u00e0 t\\u00eate verticale KS-DD400 - Innovex Machines | Innovex Algerie\",\"isPartOf\":{\"@id\":\"https:\/\/innovexalgerie.com\/machines\/#website\"},\"primaryImageOfPage\":{\"@id\":\"https:\/\/innovexalgerie.com\/machines\/produit\/soudeuse-a-pedale-electrique-a-tete-verticale-ks-dd400\/#primaryimage\"},\"datePublished\":\"2025-06-30T07:52:50+00:00\",\"dateModified\":\"2025-07-01T08:26:50+00:00\",\"description\":\"Soudeuse \\u00e0 p\\u00e9dale directe \\u00e0 t\\u00eate verticale kd-dd44, pour sacs thermosoudables de nature diff\\u00e9rente. innovex machine.\",\"breadcrumb\":{\"@id\":\"https:\/\/innovexalgerie.com\/machines\/produit\/soudeuse-a-pedale-electrique-a-tete-verticale-ks-dd400\/#breadcrumb\"},\"inLanguage\":\"fr-FR\",\"potentialAction\":[{\"@type\":\"ReadAction\",\"target\":[\"https:\/\/innovexalgerie.com\/machines\/produit\/soudeuse-a-pedale-electrique-a-tete-verticale-ks-dd400\/\"]}]},{\"@type\":\"BreadcrumbList\",\"@id\":\"https:\/\/innovexalgerie.com\/machines\/produit\/soudeuse-a-pedale-electrique-a-tete-verticale-ks-dd400\/#breadcrumb\",\"itemListElement\":[{\"@type\":\"ListItem\",\"position\":1,\"name\":\"Accueil\",\"item\":\"https:\/\/innovexalgerie.com\/machines\/\"},{\"@type\":\"ListItem\",\"position\":2,\"name\":\"Produits\",\"item\":\"https:\/\/innovexalgerie.com\/machines\/boutique\/\"},{\"@type\":\"ListItem\",\"position\":3,\"name\":\"Soudeuse \\u00e0 p\\u00e9dale \\u00e9lectrique \\u00e0 t\\u00eate verticale KS-DD400\"}]}]}<\/script>\n<!-- \/ Yoast SEO Premium plugin. -->","yoast_head_json":{"title":"Soudeuse \u00e0 p\u00e9dale \u00e9lectrique \u00e0 t\u00eate verticale KS-DD400 - Innovex Machines | Innovex Algerie","description":"Soudeuse \u00e0 p\u00e9dale directe \u00e0 t\u00eate verticale kd-dd44, pour sacs thermosoudables de nature diff\u00e9rente. innovex machine.","robots":{"index":"index","follow":"follow","max-snippet":"max-snippet:-1","max-image-preview":"max-image-preview:large","max-video-preview":"max-video-preview:-1"},"canonical":"https:\/\/innovexalgerie.com\/machines\/produit\/soudeuse-a-pedale-electrique-a-tete-verticale-ks-dd400\/","og_locale":"fr_FR","og_type":"article","og_title":"Soudeuse \u00e0 p\u00e9dale \u00e9lectrique \u00e0 t\u00eate verticale KS-DD400 - Innovex Machines | Innovex Algerie","og_description":"Soudeuse \u00e0 p\u00e9dale directe \u00e0 t\u00eate verticale kd-dd44, pour sacs thermosoudables de nature diff\u00e9rente. innovex machine.","og_url":"https:\/\/innovexalgerie.com\/machines\/produit\/soudeuse-a-pedale-electrique-a-tete-verticale-ks-dd400\/","og_site_name":"Innovex Machines | Innovex Algerie","article_publisher":"https:\/\/www.facebook.com\/innovexmachine1","article_modified_time":"2025-07-01T08:26:50+00:00","og_image":[{"width":1000,"height":1000,"filesize":66752,"url":"https:\/\/innovexalgerie.com\/machines\/wp-content\/uploads\/2025\/06\/soudeuse-ks400dd-innovex-algerie.jpg","path":"\/home\/inovex\/public_html\/machines\/wp-content\/uploads\/2025\/06\/soudeuse-ks400dd-innovex-algerie.jpg","size":"full","id":33423,"alt":"soudeuse-ks400dd-innovex-algerie","pixels":1000000,"type":"image\/jpeg"}],"twitter_card":"summary_large_image","twitter_misc":{"Dur\u00e9e de lecture est.":"1 minute"},"schema":{"@context":"https:\/\/schema.org","@graph":[{"@type":"WebSite","@id":"https:\/\/innovexalgerie.com\/machines\/#website","url":"https:\/\/innovexalgerie.com\/machines\/","name":"Innovex Machines | Innovex Algerie","description":"Fournisseur de machines d&#039;emballage et d&#039;imprimerie","potentialAction":[{"@type":"SearchAction","target":{"@type":"EntryPoint","urlTemplate":"https:\/\/innovexalgerie.com\/machines\/?s={search_term_string}"},"query-input":"required name=search_term_string"}],"inLanguage":"fr-FR"},{"@type":"ImageObject","@id":"https:\/\/innovexalgerie.com\/machines\/produit\/soudeuse-a-pedale-electrique-a-tete-verticale-ks-dd400\/#primaryimage","inLanguage":"fr-FR","url":"https:\/\/innovexalgerie.com\/machines\/wp-content\/uploads\/2025\/06\/soudeuse-ks400dd-innovex-algerie.jpg","contentUrl":"https:\/\/innovexalgerie.com\/machines\/wp-content\/uploads\/2025\/06\/soudeuse-ks400dd-innovex-algerie.jpg","width":1000,"height":1000,"caption":"soudeuse-ks400dd-innovex-algerie"},{"@type":"WebPage","@id":"https:\/\/innovexalgerie.com\/machines\/produit\/soudeuse-a-pedale-electrique-a-tete-verticale-ks-dd400\/#webpage","url":"https:\/\/innovexalgerie.com\/machines\/produit\/soudeuse-a-pedale-electrique-a-tete-verticale-ks-dd400\/","name":"Soudeuse \u00e0 p\u00e9dale \u00e9lectrique \u00e0 t\u00eate verticale KS-DD400 - Innovex Machines | Innovex Algerie","isPartOf":{"@id":"https:\/\/innovexalgerie.com\/machines\/#website"},"primaryImageOfPage":{"@id":"https:\/\/innovexalgerie.com\/machines\/produit\/soudeuse-a-pedale-electrique-a-tete-verticale-ks-dd400\/#primaryimage"},"datePublished":"2025-06-30T07:52:50+00:00","dateModified":"2025-07-01T08:26:50+00:00","description":"Soudeuse \u00e0 p\u00e9dale directe \u00e0 t\u00eate verticale kd-dd44, pour sacs thermosoudables de nature diff\u00e9rente. innovex machine.","breadcrumb":{"@id":"https:\/\/innovexalgerie.com\/machines\/produit\/soudeuse-a-pedale-electrique-a-tete-verticale-ks-dd400\/#breadcrumb"},"inLanguage":"fr-FR","potentialAction":[{"@type":"ReadAction","target":["https:\/\/innovexalgerie.com\/machines\/produit\/soudeuse-a-pedale-electrique-a-tete-verticale-ks-dd400\/"]}]},{"@type":"BreadcrumbList","@id":"https:\/\/innovexalgerie.com\/machines\/produit\/soudeuse-a-pedale-electrique-a-tete-verticale-ks-dd400\/#breadcrumb","itemListElement":[{"@type":"ListItem","position":1,"name":"Accueil","item":"https:\/\/innovexalgerie.com\/machines\/"},{"@type":"ListItem","position":2,"name":"Produits","item":"https:\/\/innovexalgerie.com\/machines\/boutique\/"},{"@type":"ListItem","position":3,"name":"Soudeuse \u00e0 p\u00e9dale \u00e9lectrique \u00e0 t\u00eate verticale KS-DD400"}]}]}},"_links":{"self":[{"href":"https:\/\/innovexalgerie.com\/machines\/wp-json\/wp\/v2\/product\/33418","targetHints":{"allow":["GET"]}}],"collection":[{"href":"https:\/\/innovexalgerie.com\/machines\/wp-json\/wp\/v2\/product"}],"about":[{"href":"https:\/\/innovexalgerie.com\/machines\/wp-json\/wp\/v2\/types\/product"}],"version-history":[{"count":3,"href":"https:\/\/innovexalgerie.com\/machines\/wp-json\/wp\/v2\/product\/33418\/revisions"}],"predecessor-version":[{"id":33429,"href":"https:\/\/innovexalgerie.com\/machines\/wp-json\/wp\/v2\/product\/33418\/revisions\/33429"}],"wp:featuredmedia":[{"embeddable":true,"href":"https:\/\/innovexalgerie.com\/machines\/wp-json\/wp\/v2\/media\/33423"}],"wp:attachment":[{"href":"https:\/\/innovexalgerie.com\/machines\/wp-json\/wp\/v2\/media?parent=33418"}],"wp:term":[{"taxonomy":"product_cat","embeddable":true,"href":"https:\/\/innovexalgerie.com\/machines\/wp-json\/wp\/v2\/product_cat?post=33418"},{"taxonomy":"product_tag","embeddable":true,"href":"https:\/\/innovexalgerie.com\/machines\/wp-json\/wp\/v2\/product_tag?post=33418"}],"curies":[{"name":"wp","href":"https:\/\/api.w.org\/{rel}","templated":true}]}}