{"id":34152,"date":"2026-03-28T09:04:01","date_gmt":"2026-03-28T08:04:01","guid":{"rendered":"https:\/\/innovexalgerie.com\/machines\/?post_type=product&#038;p=34152"},"modified":"2026-03-28T10:09:59","modified_gmt":"2026-03-28T09:09:59","slug":"machine-sous-vide-domestique-v19h","status":"publish","type":"product","link":"https:\/\/innovexalgerie.com\/machines\/produit\/machine-sous-vide-domestique-v19h\/","title":{"rendered":"Machine Sous-vide Domestique V19H"},"content":{"rendered":"<p>La machine Sous-vide Domestique <strong>V19H<\/strong>\u00a0pour un usage domestique ou commercial, est un outil essentiel et pratique pour prolonger la dur\u00e9e de conservation des aliments tout en pr\u00e9servant leur fra\u00eecheur et leur saveur et de r\u00e9duire le gaspillage.<strong><br \/>\n<\/strong><\/p>\n<ul>\n<li>Machine facile \u00e0 utiliser, \u00e0 nettoyer et \u00e0 entretenir.<\/li>\n<li>\u00c9quip\u00e9e d\u2019un porte-rouleau int\u00e9gr\u00e9 avec syst\u00e8me de coupe.<\/li>\n<li>Panneau de commande tactile avec indicateurs LED lumineux.<\/li>\n<li>Soudure r\u00e9sistante et \u00e9tanche garantissant une conservation longue dur\u00e9e sans fuite d\u2019air.<\/li>\n<li>Dot\u00e9e d\u2019une double pompe, elle garantit un vide efficace et un d\u00e9bit optimal pour un sous\u2011vide performant.<\/li>\n<li>\u00c9quip\u00e9e d\u2019une fonction Pulse permettant un contr\u00f4le manuel et pr\u00e9cis de l\u2019aspiration.<\/li>\n<li>Cette option est id\u00e9ale pour les aliments fragiles (pain, fromages mous, fruits, p\u00e2tisseries\u2026), \u00e9vitant leur \u00e9crasement pendant la mise sous vide.<\/li>\n<\/ul>\n","protected":false},"excerpt":{"rendered":"<p>Machine Sous-vide Domestique \u00a0pour un usage domestique ou commercial, est un outil essentiel et pratique pour prolonger la dur\u00e9e de conservation des aliments tout en pr\u00e9servant leur fra\u00eecheur et leur saveur et de r\u00e9duire le gaspillage.<\/p>\n<p><img loading=\"lazy\" decoding=\"async\" class=\"alignnone wp-image-32675 size-full\" src=\"https:\/\/innovexalgerie.com\/machines\/wp-content\/uploads\/2024\/09\/icon-qh21.jpg\" alt=\"icon machine domestique QH-21 \" width=\"908\" height=\"211\" srcset=\"https:\/\/innovexalgerie.com\/machines\/wp-content\/uploads\/2024\/09\/icon-qh21.jpg 908w, https:\/\/innovexalgerie.com\/machines\/wp-content\/uploads\/2024\/09\/icon-qh21-300x70.jpg 300w, https:\/\/innovexalgerie.com\/machines\/wp-content\/uploads\/2024\/09\/icon-qh21-768x178.jpg 768w, https:\/\/innovexalgerie.com\/machines\/wp-content\/uploads\/2024\/09\/icon-qh21-600x139.jpg 600w\" sizes=\"auto, (max-width: 908px) 100vw, 908px\" \/><\/p>\n","protected":false},"featured_media":34156,"template":"","meta":{"_monsterinsights_skip_tracking":false,"_monsterinsights_sitenote_active":false,"_monsterinsights_sitenote_note":"","_monsterinsights_sitenote_category":0},"product_cat":[23,276],"product_tag":[277,24,278,87,25],"class_list":["post-34152","product","type-product","status-publish","has-post-thumbnail","hentry","product_cat-sous-vides","product_cat-machine-sous-vide-domestique","product_tag-domestique","product_tag-emballage","product_tag-mini-sous-vide","product_tag-sac","product_tag-sous-vide"],"yoast_head":"<!-- This site is optimized with the Yoast SEO Premium plugin v16.2 (Yoast SEO v16.7) - https:\/\/yoast.com\/wordpress\/plugins\/seo\/ -->\n<title>Machine Sous-vide Domestique V19H - Innovex Machines | Innovex Algerie<\/title>\n<meta name=\"description\" content=\"Machine sous vide Mini, elle est id\u00e9ale pour un conditionnement optimal des produits agro alimentaires pour petit et moyenne cadence.\" \/>\n<meta name=\"robots\" content=\"index, follow, max-snippet:-1, max-image-preview:large, max-video-preview:-1\" \/>\n<link rel=\"canonical\" href=\"https:\/\/innovexalgerie.com\/machines\/?post_type=product&#038;p=34152\" \/>\n<meta property=\"og:locale\" content=\"fr_FR\" \/>\n<meta property=\"og:type\" content=\"article\" \/>\n<meta property=\"og:title\" content=\"Machine Sous-vide Domestique V19H - Innovex Machines | Innovex Algerie\" \/>\n<meta property=\"og:description\" content=\"Machine sous vide Mini, elle est id\u00e9ale pour un conditionnement optimal des produits agro alimentaires pour petit et moyenne cadence.\" \/>\n<meta property=\"og:url\" content=\"https:\/\/innovexalgerie.com\/machines\/?post_type=product&amp;p=34152\" \/>\n<meta property=\"og:site_name\" content=\"Innovex Machines | Innovex Algerie\" \/>\n<meta property=\"article:publisher\" content=\"https:\/\/www.facebook.com\/innovexmachine1\" \/>\n<meta property=\"article:modified_time\" content=\"2026-03-28T09:09:59+00:00\" \/>\n<meta property=\"og:image\" content=\"https:\/\/innovexalgerie.com\/machines\/wp-content\/uploads\/2024\/09\/QH-20-MINI-SOUS-VIDE-INNOVEX-ALGERIE.jpg\" \/>\n\t<meta property=\"og:image:width\" content=\"1000\" \/>\n\t<meta property=\"og:image:height\" content=\"1000\" \/>\n<meta name=\"twitter:card\" content=\"summary_large_image\" \/>\n<meta name=\"twitter:label1\" content=\"Dur\u00e9e de lecture est.\" \/>\n\t<meta name=\"twitter:data1\" content=\"1 minute\" \/>\n<script type=\"application\/ld+json\" class=\"yoast-schema-graph\">{\"@context\":\"https:\/\/schema.org\",\"@graph\":[{\"@type\":\"WebSite\",\"@id\":\"https:\/\/innovexalgerie.com\/machines\/#website\",\"url\":\"https:\/\/innovexalgerie.com\/machines\/\",\"name\":\"Innovex Machines | Innovex Algerie\",\"description\":\"Fournisseur de machines d&#039;emballage et d&#039;imprimerie\",\"potentialAction\":[{\"@type\":\"SearchAction\",\"target\":{\"@type\":\"EntryPoint\",\"urlTemplate\":\"https:\/\/innovexalgerie.com\/machines\/?s={search_term_string}\"},\"query-input\":\"required name=search_term_string\"}],\"inLanguage\":\"fr-FR\"},{\"@type\":\"ImageObject\",\"@id\":\"https:\/\/innovexalgerie.com\/machines\/?post_type=product&p=34152#primaryimage\",\"inLanguage\":\"fr-FR\",\"url\":\"https:\/\/innovexalgerie.com\/machines\/wp-content\/uploads\/2026\/03\/Machine-sous-vide-domestique-VH19.innovex-algerie.jpg\",\"contentUrl\":\"https:\/\/innovexalgerie.com\/machines\/wp-content\/uploads\/2026\/03\/Machine-sous-vide-domestique-VH19.innovex-algerie.jpg\",\"width\":1000,\"height\":1000,\"caption\":\"Machine sous vide domestique V19H.innovex algerie\"},{\"@type\":\"WebPage\",\"@id\":\"https:\/\/innovexalgerie.com\/machines\/?post_type=product&p=34152#webpage\",\"url\":\"https:\/\/innovexalgerie.com\/machines\/?post_type=product&p=34152\",\"name\":\"Machine Sous-vide Domestique V19H - Innovex Machines | Innovex Algerie\",\"isPartOf\":{\"@id\":\"https:\/\/innovexalgerie.com\/machines\/#website\"},\"primaryImageOfPage\":{\"@id\":\"https:\/\/innovexalgerie.com\/machines\/?post_type=product&p=34152#primaryimage\"},\"datePublished\":\"2026-03-28T08:04:01+00:00\",\"dateModified\":\"2026-03-28T09:09:59+00:00\",\"description\":\"Machine sous vide Mini, elle est id\\u00e9ale pour un conditionnement optimal des produits agro alimentaires pour petit et moyenne cadence.\",\"breadcrumb\":{\"@id\":\"https:\/\/innovexalgerie.com\/machines\/?post_type=product&p=34152#breadcrumb\"},\"inLanguage\":\"fr-FR\",\"potentialAction\":[{\"@type\":\"ReadAction\",\"target\":[\"https:\/\/innovexalgerie.com\/machines\/?post_type=product&p=34152\"]}]},{\"@type\":\"BreadcrumbList\",\"@id\":\"https:\/\/innovexalgerie.com\/machines\/?post_type=product&p=34152#breadcrumb\",\"itemListElement\":[{\"@type\":\"ListItem\",\"position\":1,\"name\":\"Accueil\",\"item\":\"https:\/\/innovexalgerie.com\/machines\/\"},{\"@type\":\"ListItem\",\"position\":2,\"name\":\"Produits\",\"item\":\"https:\/\/innovexalgerie.com\/machines\/boutique\/\"},{\"@type\":\"ListItem\",\"position\":3,\"name\":\"Machine Sous-vide Domestique V19H\"}]}]}<\/script>\n<!-- \/ Yoast SEO Premium plugin. -->","yoast_head_json":{"title":"Machine Sous-vide Domestique V19H - Innovex Machines | Innovex Algerie","description":"Machine sous vide Mini, elle est id\u00e9ale pour un conditionnement optimal des produits agro alimentaires pour petit et moyenne cadence.","robots":{"index":"index","follow":"follow","max-snippet":"max-snippet:-1","max-image-preview":"max-image-preview:large","max-video-preview":"max-video-preview:-1"},"canonical":"https:\/\/innovexalgerie.com\/machines\/?post_type=product&p=34152","og_locale":"fr_FR","og_type":"article","og_title":"Machine Sous-vide Domestique V19H - Innovex Machines | Innovex Algerie","og_description":"Machine sous vide Mini, elle est id\u00e9ale pour un conditionnement optimal des produits agro alimentaires pour petit et moyenne cadence.","og_url":"https:\/\/innovexalgerie.com\/machines\/?post_type=product&p=34152","og_site_name":"Innovex Machines | Innovex Algerie","article_publisher":"https:\/\/www.facebook.com\/innovexmachine1","article_modified_time":"2026-03-28T09:09:59+00:00","og_image":[{"width":1000,"height":1000,"filesize":76849,"url":"https:\/\/innovexalgerie.com\/machines\/wp-content\/uploads\/2024\/09\/QH-20-MINI-SOUS-VIDE-INNOVEX-ALGERIE.jpg","path":"\/home\/inovex\/public_html\/machines\/wp-content\/uploads\/2024\/09\/QH-20-MINI-SOUS-VIDE-INNOVEX-ALGERIE.jpg","size":"full","id":32676,"alt":"QH-21--MINI-SOUS-VIDE-INNOVEX-ALGERIE","pixels":1000000,"type":"image\/jpeg"}],"twitter_card":"summary_large_image","twitter_misc":{"Dur\u00e9e de lecture est.":"1 minute"},"schema":{"@context":"https:\/\/schema.org","@graph":[{"@type":"WebSite","@id":"https:\/\/innovexalgerie.com\/machines\/#website","url":"https:\/\/innovexalgerie.com\/machines\/","name":"Innovex Machines | Innovex Algerie","description":"Fournisseur de machines d&#039;emballage et d&#039;imprimerie","potentialAction":[{"@type":"SearchAction","target":{"@type":"EntryPoint","urlTemplate":"https:\/\/innovexalgerie.com\/machines\/?s={search_term_string}"},"query-input":"required name=search_term_string"}],"inLanguage":"fr-FR"},{"@type":"ImageObject","@id":"https:\/\/innovexalgerie.com\/machines\/?post_type=product&p=34152#primaryimage","inLanguage":"fr-FR","url":"https:\/\/innovexalgerie.com\/machines\/wp-content\/uploads\/2026\/03\/Machine-sous-vide-domestique-VH19.innovex-algerie.jpg","contentUrl":"https:\/\/innovexalgerie.com\/machines\/wp-content\/uploads\/2026\/03\/Machine-sous-vide-domestique-VH19.innovex-algerie.jpg","width":1000,"height":1000,"caption":"Machine sous vide domestique V19H.innovex algerie"},{"@type":"WebPage","@id":"https:\/\/innovexalgerie.com\/machines\/?post_type=product&p=34152#webpage","url":"https:\/\/innovexalgerie.com\/machines\/?post_type=product&p=34152","name":"Machine Sous-vide Domestique V19H - Innovex Machines | Innovex Algerie","isPartOf":{"@id":"https:\/\/innovexalgerie.com\/machines\/#website"},"primaryImageOfPage":{"@id":"https:\/\/innovexalgerie.com\/machines\/?post_type=product&p=34152#primaryimage"},"datePublished":"2026-03-28T08:04:01+00:00","dateModified":"2026-03-28T09:09:59+00:00","description":"Machine sous vide Mini, elle est id\u00e9ale pour un conditionnement optimal des produits agro alimentaires pour petit et moyenne cadence.","breadcrumb":{"@id":"https:\/\/innovexalgerie.com\/machines\/?post_type=product&p=34152#breadcrumb"},"inLanguage":"fr-FR","potentialAction":[{"@type":"ReadAction","target":["https:\/\/innovexalgerie.com\/machines\/?post_type=product&p=34152"]}]},{"@type":"BreadcrumbList","@id":"https:\/\/innovexalgerie.com\/machines\/?post_type=product&p=34152#breadcrumb","itemListElement":[{"@type":"ListItem","position":1,"name":"Accueil","item":"https:\/\/innovexalgerie.com\/machines\/"},{"@type":"ListItem","position":2,"name":"Produits","item":"https:\/\/innovexalgerie.com\/machines\/boutique\/"},{"@type":"ListItem","position":3,"name":"Machine Sous-vide Domestique V19H"}]}]}},"_links":{"self":[{"href":"https:\/\/innovexalgerie.com\/machines\/wp-json\/wp\/v2\/product\/34152","targetHints":{"allow":["GET"]}}],"collection":[{"href":"https:\/\/innovexalgerie.com\/machines\/wp-json\/wp\/v2\/product"}],"about":[{"href":"https:\/\/innovexalgerie.com\/machines\/wp-json\/wp\/v2\/types\/product"}],"version-history":[{"count":0,"href":"https:\/\/innovexalgerie.com\/machines\/wp-json\/wp\/v2\/product\/34152\/revisions"}],"wp:featuredmedia":[{"embeddable":true,"href":"https:\/\/innovexalgerie.com\/machines\/wp-json\/wp\/v2\/media\/34156"}],"wp:attachment":[{"href":"https:\/\/innovexalgerie.com\/machines\/wp-json\/wp\/v2\/media?parent=34152"}],"wp:term":[{"taxonomy":"product_cat","embeddable":true,"href":"https:\/\/innovexalgerie.com\/machines\/wp-json\/wp\/v2\/product_cat?post=34152"},{"taxonomy":"product_tag","embeddable":true,"href":"https:\/\/innovexalgerie.com\/machines\/wp-json\/wp\/v2\/product_tag?post=34152"}],"curies":[{"name":"wp","href":"https:\/\/api.w.org\/{rel}","templated":true}]}}