{"id":34228,"date":"2026-04-27T16:10:26","date_gmt":"2026-04-27T15:10:26","guid":{"rendered":"https:\/\/innovexalgerie.com\/machines\/?post_type=product&#038;p=34228"},"modified":"2026-04-28T12:46:02","modified_gmt":"2026-04-28T11:46:02","slug":"fardeleuse-automatique-st6040z","status":"publish","type":"product","link":"https:\/\/innovexalgerie.com\/machines\/produit\/fardeleuse-automatique-st6040z\/","title":{"rendered":"Fardeleuse automatique ST6040Z"},"content":{"rendered":"<p>Fardeleuse automatique <strong>ST-6040Z<\/strong> pour emballer les produits de fa\u00e7on perpendiculaire (bouteilles, vases, boites, cannettes, flacons, trousses etc\u2026). Les produits sont achemin\u00e9s et trait\u00e9s automatiquement, puis emball\u00e9s et scell\u00e9s dans un film r\u00e9tractable, offrant un conditionnement efficace et esth\u00e9tique pour diverses applications industrielles.<\/p>\n<ul>\n<li>Alimentation automatique du produit, pouss\u00e9e, alimentation du film, scellage et d\u00e9coupe.<\/li>\n<li>\u00a0Construction robuste et solide ,r\u00e9glage facile de dimension du gabarit selon la dimension du fardeau.<\/li>\n<li>L\u2019ensemble de l\u2019\u00e9lectronique est g\u00e9r\u00e9 par un automate SIEMENS avec \u00e9cran tactile.<\/li>\n<li>Syst\u00e8me de s\u00e9curit\u00e9 au niveau de la barre de soudure pour prot\u00e9ger l&rsquo;op\u00e9rateur et le produit.<\/li>\n<li>R\u00e9glage facile de dimension du gabaret selon la dimension du fardeau.<\/li>\n<li>Programmation des fonctions de la machine par un automate PLC.<\/li>\n<li>Porte-bobines sup\u00e9rieur et inf\u00e9rieur motoris\u00e9s.<\/li>\n<li>Emballage du produit avec ou sans plateau inf\u00e9rieur.<\/li>\n<li>Machine adaptable \u00e0 tout types de tunnels de r\u00e9tractions.<\/li>\n<li>Syst\u00e8me de s\u00e9curit\u00e9 au niveau de la barre de soudure pour prot\u00e9ger l&rsquo;op\u00e9rateur et le produit.<\/li>\n<li>Convient \u00e0 toutes sortes de films r\u00e9tractables tels que PVC, POF, PP, PE, etc.<\/li>\n<li>Machine conforme aux normes CE.<\/li>\n<\/ul>\n<p><img loading=\"lazy\" decoding=\"async\" class=\"alignnone wp-image-30613\" src=\"https:\/\/innovexalgerie.com\/machines\/wp-content\/uploads\/2021\/03\/image002.jpg\" alt=\"FARDELEUSE ST-6040Q INNOVEX MACHINE \" width=\"448\" height=\"341\" srcset=\"https:\/\/innovexalgerie.com\/machines\/wp-content\/uploads\/2021\/03\/image002.jpg 338w, https:\/\/innovexalgerie.com\/machines\/wp-content\/uploads\/2021\/03\/image002-300x228.jpg 300w\" sizes=\"auto, (max-width: 448px) 100vw, 448px\" \/><\/p>\n","protected":false},"excerpt":{"rendered":"<section class=\"text-token-text-primary w-full focus:outline-none [--shadow-height:45px] has-data-writing-block:pointer-events-none has-data-writing-block:-mt-(--shadow-height) has-data-writing-block:pt-(--shadow-height) [&amp;:has([data-writing-block])&gt;*]:pointer-events-auto [content-visibility:auto] supports-[content-visibility:auto]:[contain-intrinsic-size:auto_100lvh] R6Vx5W_threadScrollVars scroll-mb-[calc(var(--scroll-root-safe-area-inset-bottom,0px)+var(--thread-response-height))] scroll-mt-[calc(var(--header-height)+min(200px,max(70px,20svh)))]\" dir=\"auto\" data-turn-id=\"request-WEB:eeb46f04-cf8b-4559-8f36-c866e65da21a-19\" data-testid=\"conversation-turn-4\" data-scroll-anchor=\"false\" data-turn=\"assistant\">\n<div class=\"text-base my-auto mx-auto pb-10 [--thread-content-margin:var(--thread-content-margin-xs,calc(var(--spacing)*4))] @w-sm\/main:[--thread-content-margin:var(--thread-content-margin-sm,calc(var(--spacing)*6))] @w-lg\/main:[--thread-content-margin:var(--thread-content-margin-lg,calc(var(--spacing)*16))] px-(--thread-content-margin)\" data-cur=\"cursor\">\n<div class=\"[--thread-content-max-width:40rem] @w-lg\/main:[--thread-content-max-width:48rem] mx-auto max-w-(--thread-content-max-width) flex-1 group\/turn-messages focus-visible:outline-hidden relative flex w-full min-w-0 flex-col agent-turn\">\n<div class=\"flex max-w-full flex-col gap-4 grow\">\n<div class=\"min-h-8 text-message relative flex w-full flex-col items-end gap-2 text-start break-words whitespace-normal outline-none keyboard-focused:focus-ring [.text-message+&amp;]:mt-1\" dir=\"auto\" tabindex=\"0\" data-message-author-role=\"assistant\" data-message-id=\"3b989aa8-2929-4ca0-8729-eda652bd2bd4\" data-message-model-slug=\"gpt-5-3\" data-turn-start-message=\"true\">\n<div class=\"flex w-full flex-col gap-1 empty:hidden\">\n<div class=\"markdown prose dark:prose-invert w-full wrap-break-word light markdown-new-styling\">\n<p data-start=\"0\" data-end=\"324\" data-is-last-node=\"\" data-is-only-node=\"\" data-cur=\"cursor\">Fardeleuse automatique con\u00e7ue pour le filmage d\u2019une large gamme de produits (bouteilles, canettes, bo\u00eetes, flacons, etc.). Elle assure un acheminement, un emballage et un scellage enti\u00e8rement automatis\u00e9s sous film r\u00e9tractable, garantissant un conditionnement rapide, fiable et esth\u00e9tique pour les applications industrielles.<\/p>\n<\/div>\n<\/div>\n<\/div>\n<\/div>\n<\/div>\n<\/div>\n<\/section>\n<p><img loading=\"lazy\" decoding=\"async\" class=\"alignnone size-full wp-image-30615\" src=\"https:\/\/innovexalgerie.com\/machines\/wp-content\/uploads\/2021\/03\/icon-fardeleuse-verticale-semi-auto-st-6040Q-INNOVEX-MACHINE.jpg\" alt=\"icon-fardeleuse-verticale-semi-auto-st-6040Q-INNOVEX-MACHINE\" width=\"891\" height=\"217\" srcset=\"https:\/\/innovexalgerie.com\/machines\/wp-content\/uploads\/2021\/03\/icon-fardeleuse-verticale-semi-auto-st-6040Q-INNOVEX-MACHINE.jpg 891w, https:\/\/innovexalgerie.com\/machines\/wp-content\/uploads\/2021\/03\/icon-fardeleuse-verticale-semi-auto-st-6040Q-INNOVEX-MACHINE-300x73.jpg 300w, https:\/\/innovexalgerie.com\/machines\/wp-content\/uploads\/2021\/03\/icon-fardeleuse-verticale-semi-auto-st-6040Q-INNOVEX-MACHINE-768x187.jpg 768w, https:\/\/innovexalgerie.com\/machines\/wp-content\/uploads\/2021\/03\/icon-fardeleuse-verticale-semi-auto-st-6040Q-INNOVEX-MACHINE-600x146.jpg 600w\" sizes=\"auto, (max-width: 891px) 100vw, 891px\" \/><\/p>\n","protected":false},"featured_media":34237,"template":"","meta":{"_monsterinsights_skip_tracking":false,"_monsterinsights_sitenote_active":false,"_monsterinsights_sitenote_note":"","_monsterinsights_sitenote_category":0},"product_cat":[35,212],"product_tag":[31,40,42,43],"class_list":["post-34228","product","type-product","status-publish","has-post-thumbnail","hentry","product_cat-fardeleuse-et-cellophaneuse","product_cat-fardeleuses-bouteilles","product_tag-fardeleuse","product_tag-filmeuse","product_tag-shrink-wrapper","product_tag-sleeve-wrapper"],"yoast_head":"<!-- This site is optimized with the Yoast SEO Premium plugin v16.2 (Yoast SEO v16.7) - https:\/\/yoast.com\/wordpress\/plugins\/seo\/ -->\n<title>Fardeleuse automatique ST6040Z - Innovex Machines | Innovex Algerie<\/title>\n<meta name=\"description\" content=\"Fardeleuse semi-automatique pour filmer une tr\u00e8s vaste gamme de produits (bouteilles, vases, boites, canettes, flacons, trousses).innovex\" \/>\n<meta name=\"robots\" content=\"index, follow, max-snippet:-1, max-image-preview:large, max-video-preview:-1\" \/>\n<link rel=\"canonical\" href=\"https:\/\/innovexalgerie.com\/machines\/produit\/fardeleuse-automatique-st6040z\/\" \/>\n<meta property=\"og:locale\" content=\"fr_FR\" \/>\n<meta property=\"og:type\" content=\"article\" \/>\n<meta property=\"og:title\" content=\"Fardeleuse automatique ST6040Z - Innovex Machines | Innovex Algerie\" \/>\n<meta property=\"og:description\" content=\"Fardeleuse semi-automatique pour filmer une tr\u00e8s vaste gamme de produits (bouteilles, vases, boites, canettes, flacons, trousses).innovex\" \/>\n<meta property=\"og:url\" content=\"https:\/\/innovexalgerie.com\/machines\/produit\/fardeleuse-automatique-st6040z\/\" \/>\n<meta property=\"og:site_name\" content=\"Innovex Machines | Innovex Algerie\" \/>\n<meta property=\"article:publisher\" content=\"https:\/\/www.facebook.com\/innovexmachine1\" \/>\n<meta property=\"article:modified_time\" content=\"2026-04-28T11:46:02+00:00\" \/>\n<meta property=\"og:image\" content=\"https:\/\/innovexalgerie.com\/machines\/wp-content\/uploads\/2026\/04\/WhatsApp-Image-2026-04-28-at-10.00-2.png\" \/>\n\t<meta property=\"og:image:width\" content=\"960\" \/>\n\t<meta property=\"og:image:height\" content=\"960\" \/>\n<meta name=\"twitter:card\" content=\"summary_large_image\" \/>\n<meta name=\"twitter:label1\" content=\"Dur\u00e9e de lecture est.\" \/>\n\t<meta name=\"twitter:data1\" content=\"1 minute\" \/>\n<script type=\"application\/ld+json\" class=\"yoast-schema-graph\">{\"@context\":\"https:\/\/schema.org\",\"@graph\":[{\"@type\":\"WebSite\",\"@id\":\"https:\/\/innovexalgerie.com\/machines\/#website\",\"url\":\"https:\/\/innovexalgerie.com\/machines\/\",\"name\":\"Innovex Machines | Innovex Algerie\",\"description\":\"Fournisseur de machines d&#039;emballage et d&#039;imprimerie\",\"potentialAction\":[{\"@type\":\"SearchAction\",\"target\":{\"@type\":\"EntryPoint\",\"urlTemplate\":\"https:\/\/innovexalgerie.com\/machines\/?s={search_term_string}\"},\"query-input\":\"required name=search_term_string\"}],\"inLanguage\":\"fr-FR\"},{\"@type\":\"ImageObject\",\"@id\":\"https:\/\/innovexalgerie.com\/machines\/produit\/fardeleuse-automatique-st6040z\/#primaryimage\",\"inLanguage\":\"fr-FR\",\"url\":\"https:\/\/innovexalgerie.com\/machines\/wp-content\/uploads\/2026\/04\/WhatsApp-Image-2026-04-28-at-10.00-2.png\",\"contentUrl\":\"https:\/\/innovexalgerie.com\/machines\/wp-content\/uploads\/2026\/04\/WhatsApp-Image-2026-04-28-at-10.00-2.png\",\"width\":960,\"height\":960,\"caption\":\"Fardeleuse automatique ST6040Z innovex algerie\"},{\"@type\":\"WebPage\",\"@id\":\"https:\/\/innovexalgerie.com\/machines\/produit\/fardeleuse-automatique-st6040z\/#webpage\",\"url\":\"https:\/\/innovexalgerie.com\/machines\/produit\/fardeleuse-automatique-st6040z\/\",\"name\":\"Fardeleuse automatique ST6040Z - Innovex Machines | Innovex Algerie\",\"isPartOf\":{\"@id\":\"https:\/\/innovexalgerie.com\/machines\/#website\"},\"primaryImageOfPage\":{\"@id\":\"https:\/\/innovexalgerie.com\/machines\/produit\/fardeleuse-automatique-st6040z\/#primaryimage\"},\"datePublished\":\"2026-04-27T15:10:26+00:00\",\"dateModified\":\"2026-04-28T11:46:02+00:00\",\"description\":\"Fardeleuse semi-automatique pour filmer une tr\\u00e8s vaste gamme de produits (bouteilles, vases, boites, canettes, flacons, trousses).innovex\",\"breadcrumb\":{\"@id\":\"https:\/\/innovexalgerie.com\/machines\/produit\/fardeleuse-automatique-st6040z\/#breadcrumb\"},\"inLanguage\":\"fr-FR\",\"potentialAction\":[{\"@type\":\"ReadAction\",\"target\":[\"https:\/\/innovexalgerie.com\/machines\/produit\/fardeleuse-automatique-st6040z\/\"]}]},{\"@type\":\"BreadcrumbList\",\"@id\":\"https:\/\/innovexalgerie.com\/machines\/produit\/fardeleuse-automatique-st6040z\/#breadcrumb\",\"itemListElement\":[{\"@type\":\"ListItem\",\"position\":1,\"name\":\"Accueil\",\"item\":\"https:\/\/innovexalgerie.com\/machines\/\"},{\"@type\":\"ListItem\",\"position\":2,\"name\":\"Produits\",\"item\":\"https:\/\/innovexalgerie.com\/machines\/boutique\/\"},{\"@type\":\"ListItem\",\"position\":3,\"name\":\"Fardeleuse automatique ST6040Z\"}]}]}<\/script>\n<!-- \/ Yoast SEO Premium plugin. -->","yoast_head_json":{"title":"Fardeleuse automatique ST6040Z - Innovex Machines | Innovex Algerie","description":"Fardeleuse semi-automatique pour filmer une tr\u00e8s vaste gamme de produits (bouteilles, vases, boites, canettes, flacons, trousses).innovex","robots":{"index":"index","follow":"follow","max-snippet":"max-snippet:-1","max-image-preview":"max-image-preview:large","max-video-preview":"max-video-preview:-1"},"canonical":"https:\/\/innovexalgerie.com\/machines\/produit\/fardeleuse-automatique-st6040z\/","og_locale":"fr_FR","og_type":"article","og_title":"Fardeleuse automatique ST6040Z - Innovex Machines | Innovex Algerie","og_description":"Fardeleuse semi-automatique pour filmer une tr\u00e8s vaste gamme de produits (bouteilles, vases, boites, canettes, flacons, trousses).innovex","og_url":"https:\/\/innovexalgerie.com\/machines\/produit\/fardeleuse-automatique-st6040z\/","og_site_name":"Innovex Machines | Innovex Algerie","article_publisher":"https:\/\/www.facebook.com\/innovexmachine1","article_modified_time":"2026-04-28T11:46:02+00:00","og_image":[{"width":960,"height":960,"filesize":570068,"url":"https:\/\/innovexalgerie.com\/machines\/wp-content\/uploads\/2026\/04\/WhatsApp-Image-2026-04-28-at-10.00-2.png","path":"\/home\/inovex\/public_html\/machines\/wp-content\/uploads\/2026\/04\/WhatsApp-Image-2026-04-28-at-10.00-2.png","size":"full","id":34237,"alt":"Fardeleuse automatique ST6040Z innovex algerie","pixels":921600,"type":"image\/png"}],"twitter_card":"summary_large_image","twitter_misc":{"Dur\u00e9e de lecture est.":"1 minute"},"schema":{"@context":"https:\/\/schema.org","@graph":[{"@type":"WebSite","@id":"https:\/\/innovexalgerie.com\/machines\/#website","url":"https:\/\/innovexalgerie.com\/machines\/","name":"Innovex Machines | Innovex Algerie","description":"Fournisseur de machines d&#039;emballage et d&#039;imprimerie","potentialAction":[{"@type":"SearchAction","target":{"@type":"EntryPoint","urlTemplate":"https:\/\/innovexalgerie.com\/machines\/?s={search_term_string}"},"query-input":"required name=search_term_string"}],"inLanguage":"fr-FR"},{"@type":"ImageObject","@id":"https:\/\/innovexalgerie.com\/machines\/produit\/fardeleuse-automatique-st6040z\/#primaryimage","inLanguage":"fr-FR","url":"https:\/\/innovexalgerie.com\/machines\/wp-content\/uploads\/2026\/04\/WhatsApp-Image-2026-04-28-at-10.00-2.png","contentUrl":"https:\/\/innovexalgerie.com\/machines\/wp-content\/uploads\/2026\/04\/WhatsApp-Image-2026-04-28-at-10.00-2.png","width":960,"height":960,"caption":"Fardeleuse automatique ST6040Z innovex algerie"},{"@type":"WebPage","@id":"https:\/\/innovexalgerie.com\/machines\/produit\/fardeleuse-automatique-st6040z\/#webpage","url":"https:\/\/innovexalgerie.com\/machines\/produit\/fardeleuse-automatique-st6040z\/","name":"Fardeleuse automatique ST6040Z - Innovex Machines | Innovex Algerie","isPartOf":{"@id":"https:\/\/innovexalgerie.com\/machines\/#website"},"primaryImageOfPage":{"@id":"https:\/\/innovexalgerie.com\/machines\/produit\/fardeleuse-automatique-st6040z\/#primaryimage"},"datePublished":"2026-04-27T15:10:26+00:00","dateModified":"2026-04-28T11:46:02+00:00","description":"Fardeleuse semi-automatique pour filmer une tr\u00e8s vaste gamme de produits (bouteilles, vases, boites, canettes, flacons, trousses).innovex","breadcrumb":{"@id":"https:\/\/innovexalgerie.com\/machines\/produit\/fardeleuse-automatique-st6040z\/#breadcrumb"},"inLanguage":"fr-FR","potentialAction":[{"@type":"ReadAction","target":["https:\/\/innovexalgerie.com\/machines\/produit\/fardeleuse-automatique-st6040z\/"]}]},{"@type":"BreadcrumbList","@id":"https:\/\/innovexalgerie.com\/machines\/produit\/fardeleuse-automatique-st6040z\/#breadcrumb","itemListElement":[{"@type":"ListItem","position":1,"name":"Accueil","item":"https:\/\/innovexalgerie.com\/machines\/"},{"@type":"ListItem","position":2,"name":"Produits","item":"https:\/\/innovexalgerie.com\/machines\/boutique\/"},{"@type":"ListItem","position":3,"name":"Fardeleuse automatique ST6040Z"}]}]}},"_links":{"self":[{"href":"https:\/\/innovexalgerie.com\/machines\/wp-json\/wp\/v2\/product\/34228","targetHints":{"allow":["GET"]}}],"collection":[{"href":"https:\/\/innovexalgerie.com\/machines\/wp-json\/wp\/v2\/product"}],"about":[{"href":"https:\/\/innovexalgerie.com\/machines\/wp-json\/wp\/v2\/types\/product"}],"version-history":[{"count":2,"href":"https:\/\/innovexalgerie.com\/machines\/wp-json\/wp\/v2\/product\/34228\/revisions"}],"predecessor-version":[{"id":34246,"href":"https:\/\/innovexalgerie.com\/machines\/wp-json\/wp\/v2\/product\/34228\/revisions\/34246"}],"wp:featuredmedia":[{"embeddable":true,"href":"https:\/\/innovexalgerie.com\/machines\/wp-json\/wp\/v2\/media\/34237"}],"wp:attachment":[{"href":"https:\/\/innovexalgerie.com\/machines\/wp-json\/wp\/v2\/media?parent=34228"}],"wp:term":[{"taxonomy":"product_cat","embeddable":true,"href":"https:\/\/innovexalgerie.com\/machines\/wp-json\/wp\/v2\/product_cat?post=34228"},{"taxonomy":"product_tag","embeddable":true,"href":"https:\/\/innovexalgerie.com\/machines\/wp-json\/wp\/v2\/product_tag?post=34228"}],"curies":[{"name":"wp","href":"https:\/\/api.w.org\/{rel}","templated":true}]}}