{"id":522,"date":"2021-03-24T20:48:22","date_gmt":"2021-03-24T19:48:22","guid":{"rendered":"https:\/\/innovexalgerie.com\/machines2\/?post_type=product&#038;p=522"},"modified":"2022-04-12T14:58:15","modified_gmt":"2022-04-12T13:58:15","slug":"cercleuse-semi-automatique-ys-a2f","status":"publish","type":"product","link":"https:\/\/innovexalgerie.com\/machines\/produit\/cercleuse-semi-automatique-ys-a2f\/","title":{"rendered":"Cercleuse semi automatique YS-A2F"},"content":{"rendered":"<p>Cercleuse semi-automatique standard<strong> YS-A2F, <\/strong>elle permet le cerclage de colis de petites au moyennes s\u00e9ries de production de toutes formes et volumes. Utilisation tr\u00e8s facile, et ne n\u00e9cessite que de tr\u00e8s peu d\u2019entretien, faible consommation d\u2019\u00e9nergie. La bobine de feuillard est plac\u00e9e \u00e0 l&rsquo;int\u00e9rieur de la machine.<\/p>\n<ul>\n<li>Machine \u00e9lectrique silencieuse \u00a0et elle \u00e0 la fonction de mise en veuille pour r\u00e9duire le bruit et la consommation d&rsquo;\u00e9nergie.<\/li>\n<li>Design compact et simple.<\/li>\n<li>Utilisation facile et simple maintenance.<\/li>\n<li>La machine se chauffe rapidement, elle est pr\u00eate \u00e0 l\u2019emploi en moins de 20 secondes.<\/li>\n<li>Tension forte pour les colis lourds jusqu&rsquo;\u00e0 50 kg.<\/li>\n<li>Changement facile et rapide de bobine de feuillard.<\/li>\n<li>R\u00e9glage \u00e9lectronique de dur\u00e9e et tension de cerclage.<\/li>\n<li>Machine conforme aux normes CE.<\/li>\n<\/ul>\n<p>&nbsp;<\/p>\n","protected":false},"excerpt":{"rendered":"<p>Cercleuse semi-automatique standard, elle permet le cerclage de colis de petites au moyennes s\u00e9ries de production de toutes formes et volumes. Adaptable pour feuillard de 5 au 15mm.<\/p>\n<p><img loading=\"lazy\" decoding=\"async\" class=\"alignnone size-full wp-image-30119\" src=\"https:\/\/innovexalgerie.com\/machines\/wp-content\/uploads\/2021\/03\/icon-cercleuse-semi-auto-YS-A2C-innovex-machine.jpg\" alt=\"icon-cercleuse-semi-auto-YS-A2C-innovex-machine\" width=\"856\" height=\"196\" srcset=\"https:\/\/innovexalgerie.com\/machines\/wp-content\/uploads\/2021\/03\/icon-cercleuse-semi-auto-YS-A2C-innovex-machine.jpg 856w, https:\/\/innovexalgerie.com\/machines\/wp-content\/uploads\/2021\/03\/icon-cercleuse-semi-auto-YS-A2C-innovex-machine-300x69.jpg 300w, https:\/\/innovexalgerie.com\/machines\/wp-content\/uploads\/2021\/03\/icon-cercleuse-semi-auto-YS-A2C-innovex-machine-768x176.jpg 768w, https:\/\/innovexalgerie.com\/machines\/wp-content\/uploads\/2021\/03\/icon-cercleuse-semi-auto-YS-A2C-innovex-machine-600x137.jpg 600w\" sizes=\"auto, (max-width: 856px) 100vw, 856px\" \/><\/p>\n","protected":false},"featured_media":615,"template":"","meta":{"_monsterinsights_skip_tracking":false,"_monsterinsights_sitenote_active":false,"_monsterinsights_sitenote_note":"","_monsterinsights_sitenote_category":0},"product_cat":[245],"product_tag":[51,53,49,54],"class_list":["post-522","product","type-product","status-publish","has-post-thumbnail","hentry","product_cat-cercleuse","product_tag-cercleuse","product_tag-cercleuse-semi-automatique","product_tag-feuillard","product_tag-semi-automatique"],"yoast_head":"<!-- This site is optimized with the Yoast SEO Premium plugin v16.2 (Yoast SEO v16.7) - https:\/\/yoast.com\/wordpress\/plugins\/seo\/ -->\n<title>Cercleuse semi automatique YS-A2F - Innovex Machines | Innovex Algerie<\/title>\n<meta name=\"description\" content=\"Cercleuse semi-automatique standard. Elle permet le cerclage de colis de petites au moyennes s\u00e9ries de production de toutes formes et volume.\" \/>\n<meta name=\"robots\" content=\"index, follow, max-snippet:-1, max-image-preview:large, max-video-preview:-1\" \/>\n<link rel=\"canonical\" href=\"https:\/\/innovexalgerie.com\/machines\/produit\/cercleuse-semi-automatique-ys-a2f\/\" \/>\n<meta property=\"og:locale\" content=\"fr_FR\" \/>\n<meta property=\"og:type\" content=\"article\" \/>\n<meta property=\"og:title\" content=\"Cercleuse semi automatique YS-A2F - Innovex Machines | Innovex Algerie\" \/>\n<meta property=\"og:description\" content=\"Cercleuse semi-automatique standard. Elle permet le cerclage de colis de petites au moyennes s\u00e9ries de production de toutes formes et volume.\" \/>\n<meta property=\"og:url\" content=\"https:\/\/innovexalgerie.com\/machines\/produit\/cercleuse-semi-automatique-ys-a2f\/\" \/>\n<meta property=\"og:site_name\" content=\"Innovex Machines | Innovex Algerie\" \/>\n<meta property=\"article:publisher\" content=\"https:\/\/www.facebook.com\/innovexmachine1\" \/>\n<meta property=\"article:modified_time\" content=\"2022-04-12T13:58:15+00:00\" \/>\n<meta property=\"og:image\" content=\"https:\/\/innovexalgerie.com\/machines\/wp-content\/uploads\/2021\/03\/1000.jpg\" \/>\n\t<meta property=\"og:image:width\" content=\"1000\" \/>\n\t<meta property=\"og:image:height\" content=\"1000\" \/>\n<meta name=\"twitter:card\" content=\"summary_large_image\" \/>\n<meta name=\"twitter:label1\" content=\"Dur\u00e9e de lecture est.\" \/>\n\t<meta name=\"twitter:data1\" content=\"1 minute\" \/>\n<script type=\"application\/ld+json\" class=\"yoast-schema-graph\">{\"@context\":\"https:\/\/schema.org\",\"@graph\":[{\"@type\":\"WebSite\",\"@id\":\"https:\/\/innovexalgerie.com\/machines\/#website\",\"url\":\"https:\/\/innovexalgerie.com\/machines\/\",\"name\":\"Innovex Machines | Innovex Algerie\",\"description\":\"Fournisseur de machines d&#039;emballage et d&#039;imprimerie\",\"potentialAction\":[{\"@type\":\"SearchAction\",\"target\":{\"@type\":\"EntryPoint\",\"urlTemplate\":\"https:\/\/innovexalgerie.com\/machines\/?s={search_term_string}\"},\"query-input\":\"required name=search_term_string\"}],\"inLanguage\":\"fr-FR\"},{\"@type\":\"ImageObject\",\"@id\":\"https:\/\/innovexalgerie.com\/machines\/produit\/cercleuse-semi-automatique-ys-a2f\/#primaryimage\",\"inLanguage\":\"fr-FR\",\"url\":\"https:\/\/innovexalgerie.com\/machines\/wp-content\/uploads\/2021\/03\/1000.jpg\",\"contentUrl\":\"https:\/\/innovexalgerie.com\/machines\/wp-content\/uploads\/2021\/03\/1000.jpg\",\"width\":1000,\"height\":1000},{\"@type\":\"WebPage\",\"@id\":\"https:\/\/innovexalgerie.com\/machines\/produit\/cercleuse-semi-automatique-ys-a2f\/#webpage\",\"url\":\"https:\/\/innovexalgerie.com\/machines\/produit\/cercleuse-semi-automatique-ys-a2f\/\",\"name\":\"Cercleuse semi automatique YS-A2F - Innovex Machines | Innovex Algerie\",\"isPartOf\":{\"@id\":\"https:\/\/innovexalgerie.com\/machines\/#website\"},\"primaryImageOfPage\":{\"@id\":\"https:\/\/innovexalgerie.com\/machines\/produit\/cercleuse-semi-automatique-ys-a2f\/#primaryimage\"},\"datePublished\":\"2021-03-24T19:48:22+00:00\",\"dateModified\":\"2022-04-12T13:58:15+00:00\",\"description\":\"Cercleuse semi-automatique standard. Elle permet le cerclage de colis de petites au moyennes s\\u00e9ries de production de toutes formes et volume.\",\"breadcrumb\":{\"@id\":\"https:\/\/innovexalgerie.com\/machines\/produit\/cercleuse-semi-automatique-ys-a2f\/#breadcrumb\"},\"inLanguage\":\"fr-FR\",\"potentialAction\":[{\"@type\":\"ReadAction\",\"target\":[\"https:\/\/innovexalgerie.com\/machines\/produit\/cercleuse-semi-automatique-ys-a2f\/\"]}]},{\"@type\":\"BreadcrumbList\",\"@id\":\"https:\/\/innovexalgerie.com\/machines\/produit\/cercleuse-semi-automatique-ys-a2f\/#breadcrumb\",\"itemListElement\":[{\"@type\":\"ListItem\",\"position\":1,\"name\":\"Accueil\",\"item\":\"https:\/\/innovexalgerie.com\/machines\/\"},{\"@type\":\"ListItem\",\"position\":2,\"name\":\"Produits\",\"item\":\"https:\/\/innovexalgerie.com\/machines\/boutique\/\"},{\"@type\":\"ListItem\",\"position\":3,\"name\":\"Cercleuse semi automatique YS-A2F\"}]}]}<\/script>\n<!-- \/ Yoast SEO Premium plugin. -->","yoast_head_json":{"title":"Cercleuse semi automatique YS-A2F - Innovex Machines | Innovex Algerie","description":"Cercleuse semi-automatique standard. Elle permet le cerclage de colis de petites au moyennes s\u00e9ries de production de toutes formes et volume.","robots":{"index":"index","follow":"follow","max-snippet":"max-snippet:-1","max-image-preview":"max-image-preview:large","max-video-preview":"max-video-preview:-1"},"canonical":"https:\/\/innovexalgerie.com\/machines\/produit\/cercleuse-semi-automatique-ys-a2f\/","og_locale":"fr_FR","og_type":"article","og_title":"Cercleuse semi automatique YS-A2F - Innovex Machines | Innovex Algerie","og_description":"Cercleuse semi-automatique standard. Elle permet le cerclage de colis de petites au moyennes s\u00e9ries de production de toutes formes et volume.","og_url":"https:\/\/innovexalgerie.com\/machines\/produit\/cercleuse-semi-automatique-ys-a2f\/","og_site_name":"Innovex Machines | Innovex Algerie","article_publisher":"https:\/\/www.facebook.com\/innovexmachine1","article_modified_time":"2022-04-12T13:58:15+00:00","og_image":[{"width":1000,"height":1000,"url":"https:\/\/innovexalgerie.com\/machines\/wp-content\/uploads\/2021\/03\/1000.jpg","path":"\/home\/inovex\/public_html\/machines\/wp-content\/uploads\/2021\/03\/1000.jpg","size":"full","id":615,"alt":"","pixels":1000000,"type":"image\/jpeg"}],"twitter_card":"summary_large_image","twitter_misc":{"Dur\u00e9e de lecture est.":"1 minute"},"schema":{"@context":"https:\/\/schema.org","@graph":[{"@type":"WebSite","@id":"https:\/\/innovexalgerie.com\/machines\/#website","url":"https:\/\/innovexalgerie.com\/machines\/","name":"Innovex Machines | Innovex Algerie","description":"Fournisseur de machines d&#039;emballage et d&#039;imprimerie","potentialAction":[{"@type":"SearchAction","target":{"@type":"EntryPoint","urlTemplate":"https:\/\/innovexalgerie.com\/machines\/?s={search_term_string}"},"query-input":"required name=search_term_string"}],"inLanguage":"fr-FR"},{"@type":"ImageObject","@id":"https:\/\/innovexalgerie.com\/machines\/produit\/cercleuse-semi-automatique-ys-a2f\/#primaryimage","inLanguage":"fr-FR","url":"https:\/\/innovexalgerie.com\/machines\/wp-content\/uploads\/2021\/03\/1000.jpg","contentUrl":"https:\/\/innovexalgerie.com\/machines\/wp-content\/uploads\/2021\/03\/1000.jpg","width":1000,"height":1000},{"@type":"WebPage","@id":"https:\/\/innovexalgerie.com\/machines\/produit\/cercleuse-semi-automatique-ys-a2f\/#webpage","url":"https:\/\/innovexalgerie.com\/machines\/produit\/cercleuse-semi-automatique-ys-a2f\/","name":"Cercleuse semi automatique YS-A2F - Innovex Machines | Innovex Algerie","isPartOf":{"@id":"https:\/\/innovexalgerie.com\/machines\/#website"},"primaryImageOfPage":{"@id":"https:\/\/innovexalgerie.com\/machines\/produit\/cercleuse-semi-automatique-ys-a2f\/#primaryimage"},"datePublished":"2021-03-24T19:48:22+00:00","dateModified":"2022-04-12T13:58:15+00:00","description":"Cercleuse semi-automatique standard. Elle permet le cerclage de colis de petites au moyennes s\u00e9ries de production de toutes formes et volume.","breadcrumb":{"@id":"https:\/\/innovexalgerie.com\/machines\/produit\/cercleuse-semi-automatique-ys-a2f\/#breadcrumb"},"inLanguage":"fr-FR","potentialAction":[{"@type":"ReadAction","target":["https:\/\/innovexalgerie.com\/machines\/produit\/cercleuse-semi-automatique-ys-a2f\/"]}]},{"@type":"BreadcrumbList","@id":"https:\/\/innovexalgerie.com\/machines\/produit\/cercleuse-semi-automatique-ys-a2f\/#breadcrumb","itemListElement":[{"@type":"ListItem","position":1,"name":"Accueil","item":"https:\/\/innovexalgerie.com\/machines\/"},{"@type":"ListItem","position":2,"name":"Produits","item":"https:\/\/innovexalgerie.com\/machines\/boutique\/"},{"@type":"ListItem","position":3,"name":"Cercleuse semi automatique YS-A2F"}]}]}},"_links":{"self":[{"href":"https:\/\/innovexalgerie.com\/machines\/wp-json\/wp\/v2\/product\/522","targetHints":{"allow":["GET"]}}],"collection":[{"href":"https:\/\/innovexalgerie.com\/machines\/wp-json\/wp\/v2\/product"}],"about":[{"href":"https:\/\/innovexalgerie.com\/machines\/wp-json\/wp\/v2\/types\/product"}],"version-history":[{"count":4,"href":"https:\/\/innovexalgerie.com\/machines\/wp-json\/wp\/v2\/product\/522\/revisions"}],"predecessor-version":[{"id":30129,"href":"https:\/\/innovexalgerie.com\/machines\/wp-json\/wp\/v2\/product\/522\/revisions\/30129"}],"wp:featuredmedia":[{"embeddable":true,"href":"https:\/\/innovexalgerie.com\/machines\/wp-json\/wp\/v2\/media\/615"}],"wp:attachment":[{"href":"https:\/\/innovexalgerie.com\/machines\/wp-json\/wp\/v2\/media?parent=522"}],"wp:term":[{"taxonomy":"product_cat","embeddable":true,"href":"https:\/\/innovexalgerie.com\/machines\/wp-json\/wp\/v2\/product_cat?post=522"},{"taxonomy":"product_tag","embeddable":true,"href":"https:\/\/innovexalgerie.com\/machines\/wp-json\/wp\/v2\/product_tag?post=522"}],"curies":[{"name":"wp","href":"https:\/\/api.w.org\/{rel}","templated":true}]}}