{"id":827,"date":"2021-03-24T20:50:23","date_gmt":"2021-03-24T19:50:23","guid":{"rendered":"https:\/\/innovexalgerie.com\/machines2\/?post_type=product&#038;p=827"},"modified":"2022-05-31T16:14:37","modified_gmt":"2022-05-31T15:14:37","slug":"filmeuse-en-l-semi-automatique-bla-8060","status":"publish","type":"product","link":"https:\/\/innovexalgerie.com\/machines\/produit\/filmeuse-en-l-semi-automatique-bla-8060\/","title":{"rendered":"Filmeuse en L semi-automatique BLA-8060"},"content":{"rendered":"<p>Soudeuse en L semi-automatique<strong> BLA-8060<\/strong> con\u00e7ue pour les produits larges pour emballage r\u00e9tractable, c&rsquo;est la meilleure solution pour le r\u00e9tr\u00e9cissement de produits de grandes dimensions dans un processus industriels continus.<\/p>\n<ul>\n<li>Descente automatique de la barre de soudure gr\u00e2ce \u00e0 une minuterie ou une p\u00e9dale qui fonctionne par un v\u00e9rin pneumatique.<\/li>\n<li>Programmation chronom\u00e9trique de barre de soudure et du convoyeur.<\/li>\n<li>Fonctionnement silencieux et niveau de bruit r\u00e9duit.<\/li>\n<li>La machine dot\u00e9e d\u2019un collecteur de d\u00e9chet.<\/li>\n<li>Le produit est transport\u00e9 gr\u00e2ce \u00e0 un convoyeur motoris\u00e9 vers un tunnel de r\u00e9traction.<\/li>\n<li>Lame de soudure rev\u00eatu en t\u00e9flon pour une dur\u00e9e de vie accrue.<\/li>\n<li>Roues verrouillables pour faciliter le d\u00e9placement et la fixation de la machine.<\/li>\n<li>Syst\u00e8me de perforation du film pour \u00e9viter la formation des bulles d\u2019air.<\/li>\n<li>La machine s\u2019adapte a tout types de tunnels de r\u00e9traction, de diff\u00e9rentes hauteurs et dimensions.<\/li>\n<li>Enrouleur automatique pour la r\u00e9cup\u00e9ration des d\u00e9chets.<\/li>\n<li>La machines est conforme aux normes CE.<\/li>\n<\/ul>\n<p><img loading=\"lazy\" decoding=\"async\" class=\"alignnone wp-image-30576\" src=\"https:\/\/innovexalgerie.com\/machines\/wp-content\/uploads\/2021\/03\/DIMENSION-DU-PRODUIT-SOUDEUSE-BLA8060.jpg\" alt=\"DIMENSION-DU-PRODUIT-SOUDEUSE---BLA8060\" width=\"563\" height=\"176\" srcset=\"https:\/\/innovexalgerie.com\/machines\/wp-content\/uploads\/2021\/03\/DIMENSION-DU-PRODUIT-SOUDEUSE-BLA8060.jpg 743w, https:\/\/innovexalgerie.com\/machines\/wp-content\/uploads\/2021\/03\/DIMENSION-DU-PRODUIT-SOUDEUSE-BLA8060-300x94.jpg 300w, https:\/\/innovexalgerie.com\/machines\/wp-content\/uploads\/2021\/03\/DIMENSION-DU-PRODUIT-SOUDEUSE-BLA8060-600x187.jpg 600w\" sizes=\"auto, (max-width: 563px) 100vw, 563px\" \/><img loading=\"lazy\" decoding=\"async\" class=\"alignnone wp-image-30522\" src=\"https:\/\/innovexalgerie.com\/machines\/wp-content\/uploads\/2021\/03\/filmeuse-a-cloche.jpg\" alt=\"filmeuse \u00e0 cloche\" width=\"538\" height=\"410\" srcset=\"https:\/\/innovexalgerie.com\/machines\/wp-content\/uploads\/2021\/03\/filmeuse-a-cloche.jpg 650w, https:\/\/innovexalgerie.com\/machines\/wp-content\/uploads\/2021\/03\/filmeuse-a-cloche-300x228.jpg 300w, https:\/\/innovexalgerie.com\/machines\/wp-content\/uploads\/2021\/03\/filmeuse-a-cloche-600x457.jpg 600w\" sizes=\"auto, (max-width: 538px) 100vw, 538px\" \/><\/p>\n","protected":false},"excerpt":{"rendered":"<p>Soudeuse en L semi-automatique con\u00e7ue pour les produits larges pour emballage r\u00e9tractable, c&rsquo;est la meilleure solution pour le r\u00e9tr\u00e9cissement de produits de grandes dimensions maximum de La 750 x Lo 550 x H 300 mm, dans un processus industriels continus.<img loading=\"lazy\" decoding=\"async\" class=\"alignnone size-full wp-image-30568\" src=\"https:\/\/innovexalgerie.com\/machines\/wp-content\/uploads\/2021\/03\/icon-soudeuse-pneumatique-ys-sl-6045b-innovex-machine.jpg\" alt=\"icon-soudeuse-pneumatique-ys-sl-6045b-innovex-machine\" width=\"891\" height=\"217\" srcset=\"https:\/\/innovexalgerie.com\/machines\/wp-content\/uploads\/2021\/03\/icon-soudeuse-pneumatique-ys-sl-6045b-innovex-machine.jpg 891w, https:\/\/innovexalgerie.com\/machines\/wp-content\/uploads\/2021\/03\/icon-soudeuse-pneumatique-ys-sl-6045b-innovex-machine-300x73.jpg 300w, https:\/\/innovexalgerie.com\/machines\/wp-content\/uploads\/2021\/03\/icon-soudeuse-pneumatique-ys-sl-6045b-innovex-machine-768x187.jpg 768w, https:\/\/innovexalgerie.com\/machines\/wp-content\/uploads\/2021\/03\/icon-soudeuse-pneumatique-ys-sl-6045b-innovex-machine-600x146.jpg 600w\" sizes=\"auto, (max-width: 891px) 100vw, 891px\" \/><\/p>\n","protected":false},"featured_media":858,"template":"","meta":{"_monsterinsights_skip_tracking":false,"_monsterinsights_sitenote_active":false,"_monsterinsights_sitenote_note":"","_monsterinsights_sitenote_category":0},"product_cat":[35,210],"product_tag":[],"class_list":["post-827","product","type-product","status-publish","has-post-thumbnail","hentry","product_cat-fardeleuse-et-cellophaneuse","product_cat-filmeuses-en-l"],"yoast_head":"<!-- This site is optimized with the Yoast SEO Premium plugin v16.2 (Yoast SEO v16.7) - https:\/\/yoast.com\/wordpress\/plugins\/seo\/ -->\n<title>Filmeuse en L semi-automatique BLA-8060 - Innovex Machines | Innovex Algerie<\/title>\n<meta name=\"description\" content=\"Soudeuse en L semi-automatique con\u00e7ue pour les produits larges pour emballage r\u00e9tractable d&#039;une dimensions maximum La 750 x Lo 550 x H 300mm.\" \/>\n<meta name=\"robots\" content=\"index, follow, max-snippet:-1, max-image-preview:large, max-video-preview:-1\" \/>\n<link rel=\"canonical\" href=\"https:\/\/innovexalgerie.com\/machines\/produit\/filmeuse-en-l-semi-automatique-bla-8060\/\" \/>\n<meta property=\"og:locale\" content=\"fr_FR\" \/>\n<meta property=\"og:type\" content=\"article\" \/>\n<meta property=\"og:title\" content=\"Filmeuse en L semi-automatique BLA-8060 - Innovex Machines | Innovex Algerie\" \/>\n<meta property=\"og:description\" content=\"Soudeuse en L semi-automatique con\u00e7ue pour les produits larges pour emballage r\u00e9tractable d&#039;une dimensions maximum La 750 x Lo 550 x H 300mm.\" \/>\n<meta property=\"og:url\" content=\"https:\/\/innovexalgerie.com\/machines\/produit\/filmeuse-en-l-semi-automatique-bla-8060\/\" \/>\n<meta property=\"og:site_name\" content=\"Innovex Machines | Innovex Algerie\" \/>\n<meta property=\"article:publisher\" content=\"https:\/\/www.facebook.com\/innovexmachine1\" \/>\n<meta property=\"article:modified_time\" content=\"2022-05-31T15:14:37+00:00\" \/>\n<meta property=\"og:image\" content=\"https:\/\/innovexalgerie.com\/machines\/wp-content\/uploads\/2021\/03\/bla-8060.jpg\" \/>\n\t<meta property=\"og:image:width\" content=\"1000\" \/>\n\t<meta property=\"og:image:height\" content=\"1000\" \/>\n<meta name=\"twitter:card\" content=\"summary_large_image\" \/>\n<meta name=\"twitter:label1\" content=\"Dur\u00e9e de lecture est.\" \/>\n\t<meta name=\"twitter:data1\" content=\"2 minutes\" \/>\n<script type=\"application\/ld+json\" class=\"yoast-schema-graph\">{\"@context\":\"https:\/\/schema.org\",\"@graph\":[{\"@type\":\"WebSite\",\"@id\":\"https:\/\/innovexalgerie.com\/machines\/#website\",\"url\":\"https:\/\/innovexalgerie.com\/machines\/\",\"name\":\"Innovex Machines | Innovex Algerie\",\"description\":\"Fournisseur de machines d&#039;emballage et d&#039;imprimerie\",\"potentialAction\":[{\"@type\":\"SearchAction\",\"target\":{\"@type\":\"EntryPoint\",\"urlTemplate\":\"https:\/\/innovexalgerie.com\/machines\/?s={search_term_string}\"},\"query-input\":\"required name=search_term_string\"}],\"inLanguage\":\"fr-FR\"},{\"@type\":\"ImageObject\",\"@id\":\"https:\/\/innovexalgerie.com\/machines\/produit\/filmeuse-en-l-semi-automatique-bla-8060\/#primaryimage\",\"inLanguage\":\"fr-FR\",\"url\":\"https:\/\/innovexalgerie.com\/machines\/wp-content\/uploads\/2021\/03\/bla-8060.jpg\",\"contentUrl\":\"https:\/\/innovexalgerie.com\/machines\/wp-content\/uploads\/2021\/03\/bla-8060.jpg\",\"width\":1000,\"height\":1000,\"caption\":\"Filmeuse en L 8060\"},{\"@type\":\"WebPage\",\"@id\":\"https:\/\/innovexalgerie.com\/machines\/produit\/filmeuse-en-l-semi-automatique-bla-8060\/#webpage\",\"url\":\"https:\/\/innovexalgerie.com\/machines\/produit\/filmeuse-en-l-semi-automatique-bla-8060\/\",\"name\":\"Filmeuse en L semi-automatique BLA-8060 - Innovex Machines | Innovex Algerie\",\"isPartOf\":{\"@id\":\"https:\/\/innovexalgerie.com\/machines\/#website\"},\"primaryImageOfPage\":{\"@id\":\"https:\/\/innovexalgerie.com\/machines\/produit\/filmeuse-en-l-semi-automatique-bla-8060\/#primaryimage\"},\"datePublished\":\"2021-03-24T19:50:23+00:00\",\"dateModified\":\"2022-05-31T15:14:37+00:00\",\"description\":\"Soudeuse en L semi-automatique con\\u00e7ue pour les produits larges pour emballage r\\u00e9tractable d'une dimensions maximum La 750 x Lo 550 x H 300mm.\",\"breadcrumb\":{\"@id\":\"https:\/\/innovexalgerie.com\/machines\/produit\/filmeuse-en-l-semi-automatique-bla-8060\/#breadcrumb\"},\"inLanguage\":\"fr-FR\",\"potentialAction\":[{\"@type\":\"ReadAction\",\"target\":[\"https:\/\/innovexalgerie.com\/machines\/produit\/filmeuse-en-l-semi-automatique-bla-8060\/\"]}]},{\"@type\":\"BreadcrumbList\",\"@id\":\"https:\/\/innovexalgerie.com\/machines\/produit\/filmeuse-en-l-semi-automatique-bla-8060\/#breadcrumb\",\"itemListElement\":[{\"@type\":\"ListItem\",\"position\":1,\"name\":\"Accueil\",\"item\":\"https:\/\/innovexalgerie.com\/machines\/\"},{\"@type\":\"ListItem\",\"position\":2,\"name\":\"Produits\",\"item\":\"https:\/\/innovexalgerie.com\/machines\/boutique\/\"},{\"@type\":\"ListItem\",\"position\":3,\"name\":\"Filmeuse en L semi-automatique BLA-8060\"}]}]}<\/script>\n<!-- \/ Yoast SEO Premium plugin. -->","yoast_head_json":{"title":"Filmeuse en L semi-automatique BLA-8060 - Innovex Machines | Innovex Algerie","description":"Soudeuse en L semi-automatique con\u00e7ue pour les produits larges pour emballage r\u00e9tractable d'une dimensions maximum La 750 x Lo 550 x H 300mm.","robots":{"index":"index","follow":"follow","max-snippet":"max-snippet:-1","max-image-preview":"max-image-preview:large","max-video-preview":"max-video-preview:-1"},"canonical":"https:\/\/innovexalgerie.com\/machines\/produit\/filmeuse-en-l-semi-automatique-bla-8060\/","og_locale":"fr_FR","og_type":"article","og_title":"Filmeuse en L semi-automatique BLA-8060 - Innovex Machines | Innovex Algerie","og_description":"Soudeuse en L semi-automatique con\u00e7ue pour les produits larges pour emballage r\u00e9tractable d'une dimensions maximum La 750 x Lo 550 x H 300mm.","og_url":"https:\/\/innovexalgerie.com\/machines\/produit\/filmeuse-en-l-semi-automatique-bla-8060\/","og_site_name":"Innovex Machines | Innovex Algerie","article_publisher":"https:\/\/www.facebook.com\/innovexmachine1","article_modified_time":"2022-05-31T15:14:37+00:00","og_image":[{"width":1000,"height":1000,"url":"https:\/\/innovexalgerie.com\/machines\/wp-content\/uploads\/2021\/03\/bla-8060.jpg","path":"\/home\/inovex\/public_html\/machines\/wp-content\/uploads\/2021\/03\/bla-8060.jpg","size":"full","id":858,"alt":"Filmeuse en L 8060","pixels":1000000,"type":"image\/jpeg"}],"twitter_card":"summary_large_image","twitter_misc":{"Dur\u00e9e de lecture est.":"2 minutes"},"schema":{"@context":"https:\/\/schema.org","@graph":[{"@type":"WebSite","@id":"https:\/\/innovexalgerie.com\/machines\/#website","url":"https:\/\/innovexalgerie.com\/machines\/","name":"Innovex Machines | Innovex Algerie","description":"Fournisseur de machines d&#039;emballage et d&#039;imprimerie","potentialAction":[{"@type":"SearchAction","target":{"@type":"EntryPoint","urlTemplate":"https:\/\/innovexalgerie.com\/machines\/?s={search_term_string}"},"query-input":"required name=search_term_string"}],"inLanguage":"fr-FR"},{"@type":"ImageObject","@id":"https:\/\/innovexalgerie.com\/machines\/produit\/filmeuse-en-l-semi-automatique-bla-8060\/#primaryimage","inLanguage":"fr-FR","url":"https:\/\/innovexalgerie.com\/machines\/wp-content\/uploads\/2021\/03\/bla-8060.jpg","contentUrl":"https:\/\/innovexalgerie.com\/machines\/wp-content\/uploads\/2021\/03\/bla-8060.jpg","width":1000,"height":1000,"caption":"Filmeuse en L 8060"},{"@type":"WebPage","@id":"https:\/\/innovexalgerie.com\/machines\/produit\/filmeuse-en-l-semi-automatique-bla-8060\/#webpage","url":"https:\/\/innovexalgerie.com\/machines\/produit\/filmeuse-en-l-semi-automatique-bla-8060\/","name":"Filmeuse en L semi-automatique BLA-8060 - Innovex Machines | Innovex Algerie","isPartOf":{"@id":"https:\/\/innovexalgerie.com\/machines\/#website"},"primaryImageOfPage":{"@id":"https:\/\/innovexalgerie.com\/machines\/produit\/filmeuse-en-l-semi-automatique-bla-8060\/#primaryimage"},"datePublished":"2021-03-24T19:50:23+00:00","dateModified":"2022-05-31T15:14:37+00:00","description":"Soudeuse en L semi-automatique con\u00e7ue pour les produits larges pour emballage r\u00e9tractable d'une dimensions maximum La 750 x Lo 550 x H 300mm.","breadcrumb":{"@id":"https:\/\/innovexalgerie.com\/machines\/produit\/filmeuse-en-l-semi-automatique-bla-8060\/#breadcrumb"},"inLanguage":"fr-FR","potentialAction":[{"@type":"ReadAction","target":["https:\/\/innovexalgerie.com\/machines\/produit\/filmeuse-en-l-semi-automatique-bla-8060\/"]}]},{"@type":"BreadcrumbList","@id":"https:\/\/innovexalgerie.com\/machines\/produit\/filmeuse-en-l-semi-automatique-bla-8060\/#breadcrumb","itemListElement":[{"@type":"ListItem","position":1,"name":"Accueil","item":"https:\/\/innovexalgerie.com\/machines\/"},{"@type":"ListItem","position":2,"name":"Produits","item":"https:\/\/innovexalgerie.com\/machines\/boutique\/"},{"@type":"ListItem","position":3,"name":"Filmeuse en L semi-automatique BLA-8060"}]}]}},"_links":{"self":[{"href":"https:\/\/innovexalgerie.com\/machines\/wp-json\/wp\/v2\/product\/827","targetHints":{"allow":["GET"]}}],"collection":[{"href":"https:\/\/innovexalgerie.com\/machines\/wp-json\/wp\/v2\/product"}],"about":[{"href":"https:\/\/innovexalgerie.com\/machines\/wp-json\/wp\/v2\/types\/product"}],"version-history":[{"count":6,"href":"https:\/\/innovexalgerie.com\/machines\/wp-json\/wp\/v2\/product\/827\/revisions"}],"predecessor-version":[{"id":28590,"href":"https:\/\/innovexalgerie.com\/machines\/wp-json\/wp\/v2\/product\/827\/revisions\/28590"}],"wp:featuredmedia":[{"embeddable":true,"href":"https:\/\/innovexalgerie.com\/machines\/wp-json\/wp\/v2\/media\/858"}],"wp:attachment":[{"href":"https:\/\/innovexalgerie.com\/machines\/wp-json\/wp\/v2\/media?parent=827"}],"wp:term":[{"taxonomy":"product_cat","embeddable":true,"href":"https:\/\/innovexalgerie.com\/machines\/wp-json\/wp\/v2\/product_cat?post=827"},{"taxonomy":"product_tag","embeddable":true,"href":"https:\/\/innovexalgerie.com\/machines\/wp-json\/wp\/v2\/product_tag?post=827"}],"curies":[{"name":"wp","href":"https:\/\/api.w.org\/{rel}","templated":true}]}}