{"id":839,"date":"2021-03-24T20:50:24","date_gmt":"2021-03-24T19:50:24","guid":{"rendered":"https:\/\/innovexalgerie.com\/machines2\/?post_type=product&#038;p=839"},"modified":"2022-04-17T14:03:06","modified_gmt":"2022-04-17T13:03:06","slug":"cercleuse-automatique-haute-cadence-ys-505","status":"publish","type":"product","link":"https:\/\/innovexalgerie.com\/machines\/produit\/cercleuse-automatique-haute-cadence-ys-505\/","title":{"rendered":"Cercleuse automatique haute cadence YS-505X \/ YS-509X \/ YS-512X"},"content":{"rendered":"<p>La machine <strong>YS-505X \/ YS-509X \/ YS-512X<\/strong> assure un cerclage automatique efficace et ultra rapide de cartons de diff\u00e9rentes tailles et formes avec une vitesse de cerclage jusqu\u2019\u00e0 75 cerclage\/min, \u00e9cran couleur tactile, moteur brushless durable qui assure une maintenance minimale.<\/p>\n<ul>\n<li>Ecran tactile pour le param\u00e9trage de la machine.<\/li>\n<li>Trois modes de d\u00e9clenchements: d\u00e9tecteur automatique, p\u00e9dale ou par une simple touche sur l\u2019\u00e9cran tactile.<\/li>\n<li>La machine se chauffe rapidement, elle est pr\u00eate \u00e0 l\u2019emploi en moins de 20 secondes.<\/li>\n<li>Changement du feuillard sur le c\u00f4t\u00e9, facile et rapide.<\/li>\n<li>Introduction automatique du feuillard.<\/li>\n<li>Ejection automatique du feuillard en cas de cerclage \u00e0 vide.<\/li>\n<li>Machine conforme aux normes CE.<\/li>\n<\/ul>\n<p>&nbsp;<\/p>\n<p>&nbsp;<\/p>\n<div style=\"width: 640px;\" class=\"wp-video\"><video class=\"wp-video-shortcode\" id=\"video-839-1\" width=\"640\" height=\"360\" preload=\"metadata\" controls=\"controls\"><source type=\"video\/mp4\" src=\"https:\/\/innovexalgerie.com\/machines\/wp-content\/uploads\/2021\/03\/cercleuse-automatique-ys509.mp4?_=1\" \/><a href=\"https:\/\/innovexalgerie.com\/machines\/wp-content\/uploads\/2021\/03\/cercleuse-automatique-ys509.mp4\">https:\/\/innovexalgerie.com\/machines\/wp-content\/uploads\/2021\/03\/cercleuse-automatique-ys509.mp4<\/a><\/video><\/div>\n","protected":false},"excerpt":{"rendered":"<p>La machine assure un cerclage automatique efficace et ultra rapide de cartons de diff\u00e9rentes tailles et formes avec une vitesse de cerclage jusqu&rsquo;\u00e0 1.2 cerclage\/min, adaptable pour feuillard de 5 \/ 9 \/ 12 mm.<\/p>\n<p><img loading=\"lazy\" decoding=\"async\" class=\"alignnone size-full wp-image-30146\" src=\"https:\/\/innovexalgerie.com\/machines\/wp-content\/uploads\/2021\/03\/icon-cercleuse-automatique-innovex-machine.jpg\" alt=\"icon-cercleuse-automatique-innovex-machine\" width=\"856\" height=\"196\" srcset=\"https:\/\/innovexalgerie.com\/machines\/wp-content\/uploads\/2021\/03\/icon-cercleuse-automatique-innovex-machine.jpg 856w, https:\/\/innovexalgerie.com\/machines\/wp-content\/uploads\/2021\/03\/icon-cercleuse-automatique-innovex-machine-300x69.jpg 300w, https:\/\/innovexalgerie.com\/machines\/wp-content\/uploads\/2021\/03\/icon-cercleuse-automatique-innovex-machine-768x176.jpg 768w, https:\/\/innovexalgerie.com\/machines\/wp-content\/uploads\/2021\/03\/icon-cercleuse-automatique-innovex-machine-600x137.jpg 600w\" sizes=\"auto, (max-width: 856px) 100vw, 856px\" \/><\/p>\n<p>&nbsp;<\/p>\n","protected":false},"featured_media":30157,"template":"","meta":{"_monsterinsights_skip_tracking":false,"_monsterinsights_sitenote_active":false,"_monsterinsights_sitenote_note":"","_monsterinsights_sitenote_category":0},"product_cat":[245],"product_tag":[51],"class_list":["post-839","product","type-product","status-publish","has-post-thumbnail","hentry","product_cat-cercleuse","product_tag-cercleuse"],"yoast_head":"<!-- This site is optimized with the Yoast SEO Premium plugin v16.2 (Yoast SEO v16.7) - https:\/\/yoast.com\/wordpress\/plugins\/seo\/ -->\n<title>Cercleuse automatique haute cadence YS-505X \/ YS-509X \/ YS-512X - Innovex Machines | Innovex Algerie<\/title>\n<meta name=\"description\" content=\"la machine assure un cerclage automatique efficace et ultra rapide de cartons de diff\u00e9rentes tailles et formes. innovex machine\" \/>\n<meta name=\"robots\" content=\"index, follow, max-snippet:-1, max-image-preview:large, max-video-preview:-1\" \/>\n<link rel=\"canonical\" href=\"https:\/\/innovexalgerie.com\/machines\/produit\/cercleuse-automatique-haute-cadence-ys-505\/\" \/>\n<meta property=\"og:locale\" content=\"fr_FR\" \/>\n<meta property=\"og:type\" content=\"article\" \/>\n<meta property=\"og:title\" content=\"Cercleuse automatique haute cadence YS-505X \/ YS-509X \/ YS-512X - Innovex Machines | Innovex Algerie\" \/>\n<meta property=\"og:description\" content=\"la machine assure un cerclage automatique efficace et ultra rapide de cartons de diff\u00e9rentes tailles et formes. innovex machine\" \/>\n<meta property=\"og:url\" content=\"https:\/\/innovexalgerie.com\/machines\/produit\/cercleuse-automatique-haute-cadence-ys-505\/\" \/>\n<meta property=\"og:site_name\" content=\"Innovex Machines | Innovex Algerie\" \/>\n<meta property=\"article:publisher\" content=\"https:\/\/www.facebook.com\/innovexmachine1\" \/>\n<meta property=\"article:modified_time\" content=\"2022-04-17T13:03:06+00:00\" \/>\n<meta property=\"og:image\" content=\"https:\/\/innovexalgerie.com\/machines\/wp-content\/uploads\/2021\/03\/CERCLEUSE-AUTO-HAUTE-CADENCE.jpg\" \/>\n\t<meta property=\"og:image:width\" content=\"1500\" \/>\n\t<meta property=\"og:image:height\" content=\"1500\" \/>\n<meta name=\"twitter:card\" content=\"summary_large_image\" \/>\n<meta name=\"twitter:label1\" content=\"Dur\u00e9e de lecture est.\" \/>\n\t<meta name=\"twitter:data1\" content=\"1 minute\" \/>\n<script type=\"application\/ld+json\" class=\"yoast-schema-graph\">{\"@context\":\"https:\/\/schema.org\",\"@graph\":[{\"@type\":\"WebSite\",\"@id\":\"https:\/\/innovexalgerie.com\/machines\/#website\",\"url\":\"https:\/\/innovexalgerie.com\/machines\/\",\"name\":\"Innovex Machines | Innovex Algerie\",\"description\":\"Fournisseur de machines d&#039;emballage et d&#039;imprimerie\",\"potentialAction\":[{\"@type\":\"SearchAction\",\"target\":{\"@type\":\"EntryPoint\",\"urlTemplate\":\"https:\/\/innovexalgerie.com\/machines\/?s={search_term_string}\"},\"query-input\":\"required name=search_term_string\"}],\"inLanguage\":\"fr-FR\"},{\"@type\":\"ImageObject\",\"@id\":\"https:\/\/innovexalgerie.com\/machines\/produit\/cercleuse-automatique-haute-cadence-ys-505\/#primaryimage\",\"inLanguage\":\"fr-FR\",\"url\":\"https:\/\/innovexalgerie.com\/machines\/wp-content\/uploads\/2021\/03\/CERCLEUSE-AUTO-HAUTE-CADENCE.jpg\",\"contentUrl\":\"https:\/\/innovexalgerie.com\/machines\/wp-content\/uploads\/2021\/03\/CERCLEUSE-AUTO-HAUTE-CADENCE.jpg\",\"width\":1500,\"height\":1500,\"caption\":\"CERCLEUSE AUTO HAUTE CADENCE INNOVEX\"},{\"@type\":\"WebPage\",\"@id\":\"https:\/\/innovexalgerie.com\/machines\/produit\/cercleuse-automatique-haute-cadence-ys-505\/#webpage\",\"url\":\"https:\/\/innovexalgerie.com\/machines\/produit\/cercleuse-automatique-haute-cadence-ys-505\/\",\"name\":\"Cercleuse automatique haute cadence YS-505X \/ YS-509X \/ YS-512X - Innovex Machines | Innovex Algerie\",\"isPartOf\":{\"@id\":\"https:\/\/innovexalgerie.com\/machines\/#website\"},\"primaryImageOfPage\":{\"@id\":\"https:\/\/innovexalgerie.com\/machines\/produit\/cercleuse-automatique-haute-cadence-ys-505\/#primaryimage\"},\"datePublished\":\"2021-03-24T19:50:24+00:00\",\"dateModified\":\"2022-04-17T13:03:06+00:00\",\"description\":\"la machine assure un cerclage automatique efficace et ultra rapide de cartons de diff\\u00e9rentes tailles et formes. innovex machine\",\"breadcrumb\":{\"@id\":\"https:\/\/innovexalgerie.com\/machines\/produit\/cercleuse-automatique-haute-cadence-ys-505\/#breadcrumb\"},\"inLanguage\":\"fr-FR\",\"potentialAction\":[{\"@type\":\"ReadAction\",\"target\":[\"https:\/\/innovexalgerie.com\/machines\/produit\/cercleuse-automatique-haute-cadence-ys-505\/\"]}]},{\"@type\":\"BreadcrumbList\",\"@id\":\"https:\/\/innovexalgerie.com\/machines\/produit\/cercleuse-automatique-haute-cadence-ys-505\/#breadcrumb\",\"itemListElement\":[{\"@type\":\"ListItem\",\"position\":1,\"name\":\"Accueil\",\"item\":\"https:\/\/innovexalgerie.com\/machines\/\"},{\"@type\":\"ListItem\",\"position\":2,\"name\":\"Produits\",\"item\":\"https:\/\/innovexalgerie.com\/machines\/boutique\/\"},{\"@type\":\"ListItem\",\"position\":3,\"name\":\"Cercleuse automatique haute cadence YS-505X \/ YS-509X \/ YS-512X\"}]}]}<\/script>\n<!-- \/ Yoast SEO Premium plugin. -->","yoast_head_json":{"title":"Cercleuse automatique haute cadence YS-505X \/ YS-509X \/ YS-512X - Innovex Machines | Innovex Algerie","description":"la machine assure un cerclage automatique efficace et ultra rapide de cartons de diff\u00e9rentes tailles et formes. innovex machine","robots":{"index":"index","follow":"follow","max-snippet":"max-snippet:-1","max-image-preview":"max-image-preview:large","max-video-preview":"max-video-preview:-1"},"canonical":"https:\/\/innovexalgerie.com\/machines\/produit\/cercleuse-automatique-haute-cadence-ys-505\/","og_locale":"fr_FR","og_type":"article","og_title":"Cercleuse automatique haute cadence YS-505X \/ YS-509X \/ YS-512X - Innovex Machines | Innovex Algerie","og_description":"la machine assure un cerclage automatique efficace et ultra rapide de cartons de diff\u00e9rentes tailles et formes. innovex machine","og_url":"https:\/\/innovexalgerie.com\/machines\/produit\/cercleuse-automatique-haute-cadence-ys-505\/","og_site_name":"Innovex Machines | Innovex Algerie","article_publisher":"https:\/\/www.facebook.com\/innovexmachine1","article_modified_time":"2022-04-17T13:03:06+00:00","og_image":[{"width":1500,"height":1500,"url":"https:\/\/innovexalgerie.com\/machines\/wp-content\/uploads\/2021\/03\/CERCLEUSE-AUTO-HAUTE-CADENCE.jpg","path":"\/home\/inovex\/public_html\/machines\/wp-content\/uploads\/2021\/03\/CERCLEUSE-AUTO-HAUTE-CADENCE.jpg","size":"full","id":30157,"alt":"CERCLEUSE AUTO HAUTE CADENCE INNOVEX","pixels":2250000,"type":"image\/jpeg"}],"twitter_card":"summary_large_image","twitter_misc":{"Dur\u00e9e de lecture est.":"1 minute"},"schema":{"@context":"https:\/\/schema.org","@graph":[{"@type":"WebSite","@id":"https:\/\/innovexalgerie.com\/machines\/#website","url":"https:\/\/innovexalgerie.com\/machines\/","name":"Innovex Machines | Innovex Algerie","description":"Fournisseur de machines d&#039;emballage et d&#039;imprimerie","potentialAction":[{"@type":"SearchAction","target":{"@type":"EntryPoint","urlTemplate":"https:\/\/innovexalgerie.com\/machines\/?s={search_term_string}"},"query-input":"required name=search_term_string"}],"inLanguage":"fr-FR"},{"@type":"ImageObject","@id":"https:\/\/innovexalgerie.com\/machines\/produit\/cercleuse-automatique-haute-cadence-ys-505\/#primaryimage","inLanguage":"fr-FR","url":"https:\/\/innovexalgerie.com\/machines\/wp-content\/uploads\/2021\/03\/CERCLEUSE-AUTO-HAUTE-CADENCE.jpg","contentUrl":"https:\/\/innovexalgerie.com\/machines\/wp-content\/uploads\/2021\/03\/CERCLEUSE-AUTO-HAUTE-CADENCE.jpg","width":1500,"height":1500,"caption":"CERCLEUSE AUTO HAUTE CADENCE INNOVEX"},{"@type":"WebPage","@id":"https:\/\/innovexalgerie.com\/machines\/produit\/cercleuse-automatique-haute-cadence-ys-505\/#webpage","url":"https:\/\/innovexalgerie.com\/machines\/produit\/cercleuse-automatique-haute-cadence-ys-505\/","name":"Cercleuse automatique haute cadence YS-505X \/ YS-509X \/ YS-512X - Innovex Machines | Innovex Algerie","isPartOf":{"@id":"https:\/\/innovexalgerie.com\/machines\/#website"},"primaryImageOfPage":{"@id":"https:\/\/innovexalgerie.com\/machines\/produit\/cercleuse-automatique-haute-cadence-ys-505\/#primaryimage"},"datePublished":"2021-03-24T19:50:24+00:00","dateModified":"2022-04-17T13:03:06+00:00","description":"la machine assure un cerclage automatique efficace et ultra rapide de cartons de diff\u00e9rentes tailles et formes. innovex machine","breadcrumb":{"@id":"https:\/\/innovexalgerie.com\/machines\/produit\/cercleuse-automatique-haute-cadence-ys-505\/#breadcrumb"},"inLanguage":"fr-FR","potentialAction":[{"@type":"ReadAction","target":["https:\/\/innovexalgerie.com\/machines\/produit\/cercleuse-automatique-haute-cadence-ys-505\/"]}]},{"@type":"BreadcrumbList","@id":"https:\/\/innovexalgerie.com\/machines\/produit\/cercleuse-automatique-haute-cadence-ys-505\/#breadcrumb","itemListElement":[{"@type":"ListItem","position":1,"name":"Accueil","item":"https:\/\/innovexalgerie.com\/machines\/"},{"@type":"ListItem","position":2,"name":"Produits","item":"https:\/\/innovexalgerie.com\/machines\/boutique\/"},{"@type":"ListItem","position":3,"name":"Cercleuse automatique haute cadence YS-505X \/ YS-509X \/ YS-512X"}]}]}},"_links":{"self":[{"href":"https:\/\/innovexalgerie.com\/machines\/wp-json\/wp\/v2\/product\/839","targetHints":{"allow":["GET"]}}],"collection":[{"href":"https:\/\/innovexalgerie.com\/machines\/wp-json\/wp\/v2\/product"}],"about":[{"href":"https:\/\/innovexalgerie.com\/machines\/wp-json\/wp\/v2\/types\/product"}],"version-history":[{"count":13,"href":"https:\/\/innovexalgerie.com\/machines\/wp-json\/wp\/v2\/product\/839\/revisions"}],"predecessor-version":[{"id":30173,"href":"https:\/\/innovexalgerie.com\/machines\/wp-json\/wp\/v2\/product\/839\/revisions\/30173"}],"wp:featuredmedia":[{"embeddable":true,"href":"https:\/\/innovexalgerie.com\/machines\/wp-json\/wp\/v2\/media\/30157"}],"wp:attachment":[{"href":"https:\/\/innovexalgerie.com\/machines\/wp-json\/wp\/v2\/media?parent=839"}],"wp:term":[{"taxonomy":"product_cat","embeddable":true,"href":"https:\/\/innovexalgerie.com\/machines\/wp-json\/wp\/v2\/product_cat?post=839"},{"taxonomy":"product_tag","embeddable":true,"href":"https:\/\/innovexalgerie.com\/machines\/wp-json\/wp\/v2\/product_tag?post=839"}],"curies":[{"name":"wp","href":"https:\/\/api.w.org\/{rel}","templated":true}]}}