{"id":851,"date":"2021-03-24T20:50:24","date_gmt":"2021-03-24T19:50:24","guid":{"rendered":"https:\/\/innovexalgerie.com\/machines2\/?post_type=product&#038;p=851"},"modified":"2025-09-11T11:56:39","modified_gmt":"2025-09-11T10:56:39","slug":"machine-sous-vide-mini-type-hvc-260t","status":"publish","type":"product","link":"https:\/\/innovexalgerie.com\/machines\/produit\/machine-sous-vide-mini-type-hvc-260t\/","title":{"rendered":"Machine Sous-vide Mini Type HVC-260T"},"content":{"rendered":"<p>La machine Sous-vide Mini Type <strong>HVC-260T<\/strong> assure l\u2019aspiration de l\u2019air et la soudure au m\u00eame temps, elle est id\u00e9ale pour un conditionnement optimal des produits agro alimentaires pour petit et moyenne cadence, elle utilis\u00e9 dans des petites restaurantes, supermarch\u00e9s, laboratoires&#8230;<br \/>\nDimensions de la chambre: 385\u00d7282mm.<\/p>\n<ul>\n<li>Machine facile \u00e0 utiliser, \u00e0 nettoyer et \u00e0 entretenir.<\/li>\n<li>Fabriqu\u00e9e enti\u00e8rement en acier inoxydable, (structure int\u00e9rieure, carrosserie et chambre \u00e0 vide.<\/li>\n<li>Couvercle bomb\u00e9 pour augmenter le volume de la chambre.<\/li>\n<li>Barre de soudure rev\u00eatu du t\u00e9flon qui permet une \u00e9tanch\u00e9it\u00e9 propre et sans liaison.<\/li>\n<li>Machine conforme aux normes CE.<\/li>\n<\/ul>\n","protected":false},"excerpt":{"rendered":"<p>Mini conditionneuse sous vide, elle est id\u00e9ale pour un conditionnement optimal des produits agro alimentaires pour petit et moyenne cadence, elle utilis\u00e9 dans des petites restaurants, supermarch\u00e9s, laboratoires&#8230;<\/p>\n<p><img loading=\"lazy\" decoding=\"async\" class=\"alignnone wp-image-29867 size-full\" src=\"https:\/\/innovexalgerie.com\/machines\/wp-content\/uploads\/2021\/10\/icon-sous-vide.jpg\" alt=\"icon machine sous-vide innovex\" width=\"700\" height=\"195\" srcset=\"https:\/\/innovexalgerie.com\/machines\/wp-content\/uploads\/2021\/10\/icon-sous-vide.jpg 700w, https:\/\/innovexalgerie.com\/machines\/wp-content\/uploads\/2021\/10\/icon-sous-vide-300x84.jpg 300w, https:\/\/innovexalgerie.com\/machines\/wp-content\/uploads\/2021\/10\/icon-sous-vide-600x167.jpg 600w\" sizes=\"auto, (max-width: 700px) 100vw, 700px\" \/><\/p>\n","protected":false},"featured_media":911,"template":"","meta":{"_monsterinsights_skip_tracking":false,"_monsterinsights_sitenote_active":false,"_monsterinsights_sitenote_note":"","_monsterinsights_sitenote_category":0},"product_cat":[23,205],"product_tag":[24,87,25],"class_list":["post-851","product","type-product","status-publish","has-post-thumbnail","hentry","product_cat-sous-vides","product_cat-mini-sous-vide","product_tag-emballage","product_tag-sac","product_tag-sous-vide"],"yoast_head":"<!-- This site is optimized with the Yoast SEO Premium plugin v16.2 (Yoast SEO v16.7) - https:\/\/yoast.com\/wordpress\/plugins\/seo\/ -->\n<title>Machine Sous-vide Mini Type HVC-260T - Innovex Machines | Innovex Algerie<\/title>\n<meta name=\"description\" content=\"Machine sous vide Mini Type, elle est id\u00e9ale pour un conditionnement optimal des produits agro alimentaires pour petit et moyenne cadence.\" \/>\n<meta name=\"robots\" content=\"index, follow, max-snippet:-1, max-image-preview:large, max-video-preview:-1\" \/>\n<link rel=\"canonical\" href=\"https:\/\/innovexalgerie.com\/machines\/produit\/machine-sous-vide-mini-type-hvc-260t\/\" \/>\n<meta property=\"og:locale\" content=\"fr_FR\" \/>\n<meta property=\"og:type\" content=\"article\" \/>\n<meta property=\"og:title\" content=\"Machine Sous-vide Mini Type HVC-260T - Innovex Machines | Innovex Algerie\" \/>\n<meta property=\"og:description\" content=\"Machine sous vide Mini Type, elle est id\u00e9ale pour un conditionnement optimal des produits agro alimentaires pour petit et moyenne cadence.\" \/>\n<meta property=\"og:url\" content=\"https:\/\/innovexalgerie.com\/machines\/produit\/machine-sous-vide-mini-type-hvc-260t\/\" \/>\n<meta property=\"og:site_name\" content=\"Innovex Machines | Innovex Algerie\" \/>\n<meta property=\"article:publisher\" content=\"https:\/\/www.facebook.com\/innovexmachine1\" \/>\n<meta property=\"article:modified_time\" content=\"2025-09-11T10:56:39+00:00\" \/>\n<meta property=\"og:image\" content=\"https:\/\/innovexalgerie.com\/machines\/wp-content\/uploads\/2021\/03\/Untitled-2.jpg\" \/>\n\t<meta property=\"og:image:width\" content=\"1000\" \/>\n\t<meta property=\"og:image:height\" content=\"1000\" \/>\n<meta name=\"twitter:card\" content=\"summary_large_image\" \/>\n<meta name=\"twitter:label1\" content=\"Dur\u00e9e de lecture est.\" \/>\n\t<meta name=\"twitter:data1\" content=\"1 minute\" \/>\n<script type=\"application\/ld+json\" class=\"yoast-schema-graph\">{\"@context\":\"https:\/\/schema.org\",\"@graph\":[{\"@type\":\"WebSite\",\"@id\":\"https:\/\/innovexalgerie.com\/machines\/#website\",\"url\":\"https:\/\/innovexalgerie.com\/machines\/\",\"name\":\"Innovex Machines | Innovex Algerie\",\"description\":\"Fournisseur de machines d&#039;emballage et d&#039;imprimerie\",\"potentialAction\":[{\"@type\":\"SearchAction\",\"target\":{\"@type\":\"EntryPoint\",\"urlTemplate\":\"https:\/\/innovexalgerie.com\/machines\/?s={search_term_string}\"},\"query-input\":\"required name=search_term_string\"}],\"inLanguage\":\"fr-FR\"},{\"@type\":\"ImageObject\",\"@id\":\"https:\/\/innovexalgerie.com\/machines\/produit\/machine-sous-vide-mini-type-hvc-260t\/#primaryimage\",\"inLanguage\":\"fr-FR\",\"url\":\"https:\/\/innovexalgerie.com\/machines\/wp-content\/uploads\/2021\/03\/Untitled-2.jpg\",\"contentUrl\":\"https:\/\/innovexalgerie.com\/machines\/wp-content\/uploads\/2021\/03\/Untitled-2.jpg\",\"width\":1000,\"height\":1000},{\"@type\":\"WebPage\",\"@id\":\"https:\/\/innovexalgerie.com\/machines\/produit\/machine-sous-vide-mini-type-hvc-260t\/#webpage\",\"url\":\"https:\/\/innovexalgerie.com\/machines\/produit\/machine-sous-vide-mini-type-hvc-260t\/\",\"name\":\"Machine Sous-vide Mini Type HVC-260T - Innovex Machines | Innovex Algerie\",\"isPartOf\":{\"@id\":\"https:\/\/innovexalgerie.com\/machines\/#website\"},\"primaryImageOfPage\":{\"@id\":\"https:\/\/innovexalgerie.com\/machines\/produit\/machine-sous-vide-mini-type-hvc-260t\/#primaryimage\"},\"datePublished\":\"2021-03-24T19:50:24+00:00\",\"dateModified\":\"2025-09-11T10:56:39+00:00\",\"description\":\"Machine sous vide Mini Type, elle est id\\u00e9ale pour un conditionnement optimal des produits agro alimentaires pour petit et moyenne cadence.\",\"breadcrumb\":{\"@id\":\"https:\/\/innovexalgerie.com\/machines\/produit\/machine-sous-vide-mini-type-hvc-260t\/#breadcrumb\"},\"inLanguage\":\"fr-FR\",\"potentialAction\":[{\"@type\":\"ReadAction\",\"target\":[\"https:\/\/innovexalgerie.com\/machines\/produit\/machine-sous-vide-mini-type-hvc-260t\/\"]}]},{\"@type\":\"BreadcrumbList\",\"@id\":\"https:\/\/innovexalgerie.com\/machines\/produit\/machine-sous-vide-mini-type-hvc-260t\/#breadcrumb\",\"itemListElement\":[{\"@type\":\"ListItem\",\"position\":1,\"name\":\"Accueil\",\"item\":\"https:\/\/innovexalgerie.com\/machines\/\"},{\"@type\":\"ListItem\",\"position\":2,\"name\":\"Produits\",\"item\":\"https:\/\/innovexalgerie.com\/machines\/boutique\/\"},{\"@type\":\"ListItem\",\"position\":3,\"name\":\"Machine Sous-vide Mini Type HVC-260T\"}]}]}<\/script>\n<!-- \/ Yoast SEO Premium plugin. -->","yoast_head_json":{"title":"Machine Sous-vide Mini Type HVC-260T - Innovex Machines | Innovex Algerie","description":"Machine sous vide Mini Type, elle est id\u00e9ale pour un conditionnement optimal des produits agro alimentaires pour petit et moyenne cadence.","robots":{"index":"index","follow":"follow","max-snippet":"max-snippet:-1","max-image-preview":"max-image-preview:large","max-video-preview":"max-video-preview:-1"},"canonical":"https:\/\/innovexalgerie.com\/machines\/produit\/machine-sous-vide-mini-type-hvc-260t\/","og_locale":"fr_FR","og_type":"article","og_title":"Machine Sous-vide Mini Type HVC-260T - Innovex Machines | Innovex Algerie","og_description":"Machine sous vide Mini Type, elle est id\u00e9ale pour un conditionnement optimal des produits agro alimentaires pour petit et moyenne cadence.","og_url":"https:\/\/innovexalgerie.com\/machines\/produit\/machine-sous-vide-mini-type-hvc-260t\/","og_site_name":"Innovex Machines | Innovex Algerie","article_publisher":"https:\/\/www.facebook.com\/innovexmachine1","article_modified_time":"2025-09-11T10:56:39+00:00","og_image":[{"width":1000,"height":1000,"url":"https:\/\/innovexalgerie.com\/machines\/wp-content\/uploads\/2021\/03\/Untitled-2.jpg","path":"\/home\/inovex\/public_html\/machines\/wp-content\/uploads\/2021\/03\/Untitled-2.jpg","size":"full","id":911,"alt":"","pixels":1000000,"type":"image\/jpeg"}],"twitter_card":"summary_large_image","twitter_misc":{"Dur\u00e9e de lecture est.":"1 minute"},"schema":{"@context":"https:\/\/schema.org","@graph":[{"@type":"WebSite","@id":"https:\/\/innovexalgerie.com\/machines\/#website","url":"https:\/\/innovexalgerie.com\/machines\/","name":"Innovex Machines | Innovex Algerie","description":"Fournisseur de machines d&#039;emballage et d&#039;imprimerie","potentialAction":[{"@type":"SearchAction","target":{"@type":"EntryPoint","urlTemplate":"https:\/\/innovexalgerie.com\/machines\/?s={search_term_string}"},"query-input":"required name=search_term_string"}],"inLanguage":"fr-FR"},{"@type":"ImageObject","@id":"https:\/\/innovexalgerie.com\/machines\/produit\/machine-sous-vide-mini-type-hvc-260t\/#primaryimage","inLanguage":"fr-FR","url":"https:\/\/innovexalgerie.com\/machines\/wp-content\/uploads\/2021\/03\/Untitled-2.jpg","contentUrl":"https:\/\/innovexalgerie.com\/machines\/wp-content\/uploads\/2021\/03\/Untitled-2.jpg","width":1000,"height":1000},{"@type":"WebPage","@id":"https:\/\/innovexalgerie.com\/machines\/produit\/machine-sous-vide-mini-type-hvc-260t\/#webpage","url":"https:\/\/innovexalgerie.com\/machines\/produit\/machine-sous-vide-mini-type-hvc-260t\/","name":"Machine Sous-vide Mini Type HVC-260T - Innovex Machines | Innovex Algerie","isPartOf":{"@id":"https:\/\/innovexalgerie.com\/machines\/#website"},"primaryImageOfPage":{"@id":"https:\/\/innovexalgerie.com\/machines\/produit\/machine-sous-vide-mini-type-hvc-260t\/#primaryimage"},"datePublished":"2021-03-24T19:50:24+00:00","dateModified":"2025-09-11T10:56:39+00:00","description":"Machine sous vide Mini Type, elle est id\u00e9ale pour un conditionnement optimal des produits agro alimentaires pour petit et moyenne cadence.","breadcrumb":{"@id":"https:\/\/innovexalgerie.com\/machines\/produit\/machine-sous-vide-mini-type-hvc-260t\/#breadcrumb"},"inLanguage":"fr-FR","potentialAction":[{"@type":"ReadAction","target":["https:\/\/innovexalgerie.com\/machines\/produit\/machine-sous-vide-mini-type-hvc-260t\/"]}]},{"@type":"BreadcrumbList","@id":"https:\/\/innovexalgerie.com\/machines\/produit\/machine-sous-vide-mini-type-hvc-260t\/#breadcrumb","itemListElement":[{"@type":"ListItem","position":1,"name":"Accueil","item":"https:\/\/innovexalgerie.com\/machines\/"},{"@type":"ListItem","position":2,"name":"Produits","item":"https:\/\/innovexalgerie.com\/machines\/boutique\/"},{"@type":"ListItem","position":3,"name":"Machine Sous-vide Mini Type HVC-260T"}]}]}},"_links":{"self":[{"href":"https:\/\/innovexalgerie.com\/machines\/wp-json\/wp\/v2\/product\/851","targetHints":{"allow":["GET"]}}],"collection":[{"href":"https:\/\/innovexalgerie.com\/machines\/wp-json\/wp\/v2\/product"}],"about":[{"href":"https:\/\/innovexalgerie.com\/machines\/wp-json\/wp\/v2\/types\/product"}],"version-history":[{"count":19,"href":"https:\/\/innovexalgerie.com\/machines\/wp-json\/wp\/v2\/product\/851\/revisions"}],"predecessor-version":[{"id":33684,"href":"https:\/\/innovexalgerie.com\/machines\/wp-json\/wp\/v2\/product\/851\/revisions\/33684"}],"wp:featuredmedia":[{"embeddable":true,"href":"https:\/\/innovexalgerie.com\/machines\/wp-json\/wp\/v2\/media\/911"}],"wp:attachment":[{"href":"https:\/\/innovexalgerie.com\/machines\/wp-json\/wp\/v2\/media?parent=851"}],"wp:term":[{"taxonomy":"product_cat","embeddable":true,"href":"https:\/\/innovexalgerie.com\/machines\/wp-json\/wp\/v2\/product_cat?post=851"},{"taxonomy":"product_tag","embeddable":true,"href":"https:\/\/innovexalgerie.com\/machines\/wp-json\/wp\/v2\/product_tag?post=851"}],"curies":[{"name":"wp","href":"https:\/\/api.w.org\/{rel}","templated":true}]}}