{"id":896,"date":"2021-03-24T20:50:48","date_gmt":"2021-03-24T19:50:48","guid":{"rendered":"https:\/\/innovexalgerie.com\/machines2\/?post_type=product&#038;p=896"},"modified":"2022-06-15T09:24:45","modified_gmt":"2022-06-15T08:24:45","slug":"tunnel-de-retraction-mini-a-table-dsa-4020","status":"publish","type":"product","link":"https:\/\/innovexalgerie.com\/machines\/produit\/tunnel-de-retraction-mini-a-table-dsa-4020\/","title":{"rendered":"Tunnel de r\u00e9traction mini \u00e0 table DSA-4020"},"content":{"rendered":"<p>Mini tunnel de r\u00e9traction \u00e0 table <strong>DSA-4020<\/strong> de haute qualit\u00e9 est adaptable aux production de petite et moyenne cadence, muni de r\u00e9sistances en acier inoxydable et un tapie convoyeur en acier rev\u00eatu en t\u00e9flon qui assure une finition optimale d\u2019emballage.<br \/>\nMuni d\u2019une fen\u00eatre et une lampe pour voir le produit lors de la r\u00e9traction. dimension d\u2019entr\u00e9 est 40 x 20cm ce dernier s&rsquo;int\u00e8gre facilement dans des lignes de conditionnement et garantit un fonctionnement continu \u00e9nerg\u00e9tiquement efficace.<\/p>\n<ul>\n<li>Contr\u00f4le num\u00e9rique r\u00e9glable de la temp\u00e9rature s\u2019adapte \u00e0 tout types de films.<\/li>\n<li>Tunnel enti\u00e8rement isol\u00e9 pour \u00e9viter les fuites de chaleur \u00e0 l&rsquo;ext\u00e9rieur.<\/li>\n<li>Tapis transporteur \u00e0 rouleau en acier caoutchout\u00e9s r\u00e9sistants \u00e0 la chaleur.<\/li>\n<li>Vitesse r\u00e9glable du tapis transporteur .<\/li>\n<li>Tapis transporteur \u00e0 rouleaux en acier rev\u00eatue en t\u00e9flon PTFE de haute qualit\u00e9.<\/li>\n<li>Ventilateur puissant pour circulation de l&rsquo;air dans le tunnel, et une bonne r\u00e9partition de chaleur .<\/li>\n<li>T\u00eate de tunnel ouvrable pour nettoyer ou r\u00e9parer.<\/li>\n<li>Une Lampe \u00e0 l&rsquo;int\u00e9rieur du tunnel qui permet l\u2019op\u00e9rateur de voir le produit lors de la r\u00e9traction.<\/li>\n<li>Tube r\u00e9sistance en inox.<\/li>\n<li>Interrupteur d&rsquo;arr\u00eat d&rsquo;urgence.<\/li>\n<li>Une fen\u00eatre qui permet de voir le produit \u00e0 l&rsquo;int\u00e9rieur du tunnel.<\/li>\n<li>Format non encombrant id\u00e9al pour les petites espaces.<\/li>\n<\/ul>\n","protected":false},"excerpt":{"rendered":"<p>Tunnel de r\u00e9traction mini \u00e0 table de haute qualit\u00e9 est adaptable aux production de petite et moyenne cadence, il\u00a0s&rsquo;int\u00e8gre facilement dans des lignes de conditionnement et garantit un fonctionnement continu \u00e9nerg\u00e9tiquement efficace.<img loading=\"lazy\" decoding=\"async\" class=\"alignnone size-full wp-image-30675\" src=\"https:\/\/innovexalgerie.com\/machines\/wp-content\/uploads\/2021\/03\/icon-tunnel.jpg\" alt=\"icon-tunnel dsa4020\" width=\"891\" height=\"217\" srcset=\"https:\/\/innovexalgerie.com\/machines\/wp-content\/uploads\/2021\/03\/icon-tunnel.jpg 891w, https:\/\/innovexalgerie.com\/machines\/wp-content\/uploads\/2021\/03\/icon-tunnel-300x73.jpg 300w, https:\/\/innovexalgerie.com\/machines\/wp-content\/uploads\/2021\/03\/icon-tunnel-768x187.jpg 768w, https:\/\/innovexalgerie.com\/machines\/wp-content\/uploads\/2021\/03\/icon-tunnel-600x146.jpg 600w\" sizes=\"auto, (max-width: 891px) 100vw, 891px\" \/><\/p>\n","protected":false},"featured_media":937,"template":"","meta":{"_monsterinsights_skip_tracking":false,"_monsterinsights_sitenote_active":false,"_monsterinsights_sitenote_note":"","_monsterinsights_sitenote_category":0},"product_cat":[35,213],"product_tag":[31,63,64,65],"class_list":["post-896","product","type-product","status-publish","has-post-thumbnail","hentry","product_cat-fardeleuse-et-cellophaneuse","product_cat-tunnel-de-retraction","product_tag-fardeleuse","product_tag-four","product_tag-four-de-retraction","product_tag-tunnel-de-retraction"],"yoast_head":"<!-- This site is optimized with the Yoast SEO Premium plugin v16.2 (Yoast SEO v16.7) - https:\/\/yoast.com\/wordpress\/plugins\/seo\/ -->\n<title>Tunnel de r\u00e9traction mini \u00e0 table DSA-4020 - Innovex Machines | Innovex Algerie<\/title>\n<meta name=\"description\" content=\"Tunnel de r\u00e9traction mini \u00e0 table DSA4020 de haute qualit\u00e9 est adaptable aux production de petite et moyenne cadence. Innovex Algerie\" \/>\n<meta name=\"robots\" content=\"index, follow, max-snippet:-1, max-image-preview:large, max-video-preview:-1\" \/>\n<link rel=\"canonical\" href=\"https:\/\/innovexalgerie.com\/machines\/produit\/tunnel-de-retraction-mini-a-table-dsa-4020\/\" \/>\n<meta property=\"og:locale\" content=\"fr_FR\" \/>\n<meta property=\"og:type\" content=\"article\" \/>\n<meta property=\"og:title\" content=\"Tunnel de r\u00e9traction mini \u00e0 table DSA-4020 - Innovex Machines | Innovex Algerie\" \/>\n<meta property=\"og:description\" content=\"Tunnel de r\u00e9traction mini \u00e0 table DSA4020 de haute qualit\u00e9 est adaptable aux production de petite et moyenne cadence. Innovex Algerie\" \/>\n<meta property=\"og:url\" content=\"https:\/\/innovexalgerie.com\/machines\/produit\/tunnel-de-retraction-mini-a-table-dsa-4020\/\" \/>\n<meta property=\"og:site_name\" content=\"Innovex Machines | Innovex Algerie\" \/>\n<meta property=\"article:publisher\" content=\"https:\/\/www.facebook.com\/innovexmachine1\" \/>\n<meta property=\"article:modified_time\" content=\"2022-06-15T08:24:45+00:00\" \/>\n<meta property=\"og:image\" content=\"https:\/\/innovexalgerie.com\/machines\/wp-content\/uploads\/2021\/03\/Tunnel-de-re\u0301traction-mini-a\u0300-table-DSA4020-05.jpg\" \/>\n\t<meta property=\"og:image:width\" content=\"892\" \/>\n\t<meta property=\"og:image:height\" content=\"821\" \/>\n<meta name=\"twitter:card\" content=\"summary_large_image\" \/>\n<meta name=\"twitter:label1\" content=\"Dur\u00e9e de lecture est.\" \/>\n\t<meta name=\"twitter:data1\" content=\"1 minute\" \/>\n<script type=\"application\/ld+json\" class=\"yoast-schema-graph\">{\"@context\":\"https:\/\/schema.org\",\"@graph\":[{\"@type\":\"WebSite\",\"@id\":\"https:\/\/innovexalgerie.com\/machines\/#website\",\"url\":\"https:\/\/innovexalgerie.com\/machines\/\",\"name\":\"Innovex Machines | Innovex Algerie\",\"description\":\"Fournisseur de machines d&#039;emballage et d&#039;imprimerie\",\"potentialAction\":[{\"@type\":\"SearchAction\",\"target\":{\"@type\":\"EntryPoint\",\"urlTemplate\":\"https:\/\/innovexalgerie.com\/machines\/?s={search_term_string}\"},\"query-input\":\"required name=search_term_string\"}],\"inLanguage\":\"fr-FR\"},{\"@type\":\"ImageObject\",\"@id\":\"https:\/\/innovexalgerie.com\/machines\/produit\/tunnel-de-retraction-mini-a-table-dsa-4020\/#primaryimage\",\"inLanguage\":\"fr-FR\",\"url\":\"https:\/\/innovexalgerie.com\/machines\/wp-content\/uploads\/2021\/03\/Tunnel-de-re\\u0301traction-mini-a\\u0300-table-DSA4020-05.jpg\",\"contentUrl\":\"https:\/\/innovexalgerie.com\/machines\/wp-content\/uploads\/2021\/03\/Tunnel-de-re\\u0301traction-mini-a\\u0300-table-DSA4020-05.jpg\",\"width\":892,\"height\":821},{\"@type\":\"WebPage\",\"@id\":\"https:\/\/innovexalgerie.com\/machines\/produit\/tunnel-de-retraction-mini-a-table-dsa-4020\/#webpage\",\"url\":\"https:\/\/innovexalgerie.com\/machines\/produit\/tunnel-de-retraction-mini-a-table-dsa-4020\/\",\"name\":\"Tunnel de r\\u00e9traction mini \\u00e0 table DSA-4020 - Innovex Machines | Innovex Algerie\",\"isPartOf\":{\"@id\":\"https:\/\/innovexalgerie.com\/machines\/#website\"},\"primaryImageOfPage\":{\"@id\":\"https:\/\/innovexalgerie.com\/machines\/produit\/tunnel-de-retraction-mini-a-table-dsa-4020\/#primaryimage\"},\"datePublished\":\"2021-03-24T19:50:48+00:00\",\"dateModified\":\"2022-06-15T08:24:45+00:00\",\"description\":\"Tunnel de r\\u00e9traction mini \\u00e0 table DSA4020 de haute qualit\\u00e9 est adaptable aux production de petite et moyenne cadence. Innovex Algerie\",\"breadcrumb\":{\"@id\":\"https:\/\/innovexalgerie.com\/machines\/produit\/tunnel-de-retraction-mini-a-table-dsa-4020\/#breadcrumb\"},\"inLanguage\":\"fr-FR\",\"potentialAction\":[{\"@type\":\"ReadAction\",\"target\":[\"https:\/\/innovexalgerie.com\/machines\/produit\/tunnel-de-retraction-mini-a-table-dsa-4020\/\"]}]},{\"@type\":\"BreadcrumbList\",\"@id\":\"https:\/\/innovexalgerie.com\/machines\/produit\/tunnel-de-retraction-mini-a-table-dsa-4020\/#breadcrumb\",\"itemListElement\":[{\"@type\":\"ListItem\",\"position\":1,\"name\":\"Accueil\",\"item\":\"https:\/\/innovexalgerie.com\/machines\/\"},{\"@type\":\"ListItem\",\"position\":2,\"name\":\"Produits\",\"item\":\"https:\/\/innovexalgerie.com\/machines\/boutique\/\"},{\"@type\":\"ListItem\",\"position\":3,\"name\":\"Tunnel de r\\u00e9traction mini \\u00e0 table DSA-4020\"}]}]}<\/script>\n<!-- \/ Yoast SEO Premium plugin. -->","yoast_head_json":{"title":"Tunnel de r\u00e9traction mini \u00e0 table DSA-4020 - Innovex Machines | Innovex Algerie","description":"Tunnel de r\u00e9traction mini \u00e0 table DSA4020 de haute qualit\u00e9 est adaptable aux production de petite et moyenne cadence. Innovex Algerie","robots":{"index":"index","follow":"follow","max-snippet":"max-snippet:-1","max-image-preview":"max-image-preview:large","max-video-preview":"max-video-preview:-1"},"canonical":"https:\/\/innovexalgerie.com\/machines\/produit\/tunnel-de-retraction-mini-a-table-dsa-4020\/","og_locale":"fr_FR","og_type":"article","og_title":"Tunnel de r\u00e9traction mini \u00e0 table DSA-4020 - Innovex Machines | Innovex Algerie","og_description":"Tunnel de r\u00e9traction mini \u00e0 table DSA4020 de haute qualit\u00e9 est adaptable aux production de petite et moyenne cadence. Innovex Algerie","og_url":"https:\/\/innovexalgerie.com\/machines\/produit\/tunnel-de-retraction-mini-a-table-dsa-4020\/","og_site_name":"Innovex Machines | Innovex Algerie","article_publisher":"https:\/\/www.facebook.com\/innovexmachine1","article_modified_time":"2022-06-15T08:24:45+00:00","og_image":[{"width":892,"height":821,"url":"https:\/\/innovexalgerie.com\/machines\/wp-content\/uploads\/2021\/03\/Tunnel-de-re\u0301traction-mini-a\u0300-table-DSA4020-05.jpg","path":"\/home\/inovex\/public_html\/machines\/wp-content\/uploads\/2021\/03\/Tunnel-de-re\u0301traction-mini-a\u0300-table-DSA4020-05.jpg","size":"full","id":937,"alt":"","pixels":732332,"type":"image\/jpeg"}],"twitter_card":"summary_large_image","twitter_misc":{"Dur\u00e9e de lecture est.":"1 minute"},"schema":{"@context":"https:\/\/schema.org","@graph":[{"@type":"WebSite","@id":"https:\/\/innovexalgerie.com\/machines\/#website","url":"https:\/\/innovexalgerie.com\/machines\/","name":"Innovex Machines | Innovex Algerie","description":"Fournisseur de machines d&#039;emballage et d&#039;imprimerie","potentialAction":[{"@type":"SearchAction","target":{"@type":"EntryPoint","urlTemplate":"https:\/\/innovexalgerie.com\/machines\/?s={search_term_string}"},"query-input":"required name=search_term_string"}],"inLanguage":"fr-FR"},{"@type":"ImageObject","@id":"https:\/\/innovexalgerie.com\/machines\/produit\/tunnel-de-retraction-mini-a-table-dsa-4020\/#primaryimage","inLanguage":"fr-FR","url":"https:\/\/innovexalgerie.com\/machines\/wp-content\/uploads\/2021\/03\/Tunnel-de-re\u0301traction-mini-a\u0300-table-DSA4020-05.jpg","contentUrl":"https:\/\/innovexalgerie.com\/machines\/wp-content\/uploads\/2021\/03\/Tunnel-de-re\u0301traction-mini-a\u0300-table-DSA4020-05.jpg","width":892,"height":821},{"@type":"WebPage","@id":"https:\/\/innovexalgerie.com\/machines\/produit\/tunnel-de-retraction-mini-a-table-dsa-4020\/#webpage","url":"https:\/\/innovexalgerie.com\/machines\/produit\/tunnel-de-retraction-mini-a-table-dsa-4020\/","name":"Tunnel de r\u00e9traction mini \u00e0 table DSA-4020 - Innovex Machines | Innovex Algerie","isPartOf":{"@id":"https:\/\/innovexalgerie.com\/machines\/#website"},"primaryImageOfPage":{"@id":"https:\/\/innovexalgerie.com\/machines\/produit\/tunnel-de-retraction-mini-a-table-dsa-4020\/#primaryimage"},"datePublished":"2021-03-24T19:50:48+00:00","dateModified":"2022-06-15T08:24:45+00:00","description":"Tunnel de r\u00e9traction mini \u00e0 table DSA4020 de haute qualit\u00e9 est adaptable aux production de petite et moyenne cadence. Innovex Algerie","breadcrumb":{"@id":"https:\/\/innovexalgerie.com\/machines\/produit\/tunnel-de-retraction-mini-a-table-dsa-4020\/#breadcrumb"},"inLanguage":"fr-FR","potentialAction":[{"@type":"ReadAction","target":["https:\/\/innovexalgerie.com\/machines\/produit\/tunnel-de-retraction-mini-a-table-dsa-4020\/"]}]},{"@type":"BreadcrumbList","@id":"https:\/\/innovexalgerie.com\/machines\/produit\/tunnel-de-retraction-mini-a-table-dsa-4020\/#breadcrumb","itemListElement":[{"@type":"ListItem","position":1,"name":"Accueil","item":"https:\/\/innovexalgerie.com\/machines\/"},{"@type":"ListItem","position":2,"name":"Produits","item":"https:\/\/innovexalgerie.com\/machines\/boutique\/"},{"@type":"ListItem","position":3,"name":"Tunnel de r\u00e9traction mini \u00e0 table DSA-4020"}]}]}},"_links":{"self":[{"href":"https:\/\/innovexalgerie.com\/machines\/wp-json\/wp\/v2\/product\/896","targetHints":{"allow":["GET"]}}],"collection":[{"href":"https:\/\/innovexalgerie.com\/machines\/wp-json\/wp\/v2\/product"}],"about":[{"href":"https:\/\/innovexalgerie.com\/machines\/wp-json\/wp\/v2\/types\/product"}],"version-history":[{"count":13,"href":"https:\/\/innovexalgerie.com\/machines\/wp-json\/wp\/v2\/product\/896\/revisions"}],"predecessor-version":[{"id":30681,"href":"https:\/\/innovexalgerie.com\/machines\/wp-json\/wp\/v2\/product\/896\/revisions\/30681"}],"wp:featuredmedia":[{"embeddable":true,"href":"https:\/\/innovexalgerie.com\/machines\/wp-json\/wp\/v2\/media\/937"}],"wp:attachment":[{"href":"https:\/\/innovexalgerie.com\/machines\/wp-json\/wp\/v2\/media?parent=896"}],"wp:term":[{"taxonomy":"product_cat","embeddable":true,"href":"https:\/\/innovexalgerie.com\/machines\/wp-json\/wp\/v2\/product_cat?post=896"},{"taxonomy":"product_tag","embeddable":true,"href":"https:\/\/innovexalgerie.com\/machines\/wp-json\/wp\/v2\/product_tag?post=896"}],"curies":[{"name":"wp","href":"https:\/\/api.w.org\/{rel}","templated":true}]}}