{"id":902,"date":"2021-03-24T20:50:48","date_gmt":"2021-03-24T19:50:48","guid":{"rendered":"https:\/\/innovexalgerie.com\/machines2\/?post_type=product&#038;p=902"},"modified":"2022-06-27T14:09:11","modified_gmt":"2022-06-27T13:09:11","slug":"devidoir-ruban-adhesif-professionnel","status":"publish","type":"product","link":"https:\/\/innovexalgerie.com\/machines\/produit\/devidoir-ruban-adhesif-professionnel\/","title":{"rendered":"D\u00e9vidoir ruban adh\u00e9sif PROFESSIONNEL"},"content":{"rendered":"<p>D\u00e9vidoir manuel professionnel de ruban adh\u00e9sif pour usage intensif, tr\u00e8s solide gr\u00e2ce \u00e0 une structure en m\u00e9tal poss\u00e8de une lame de coupe anti-coupure ainsi qu&rsquo;un frein permettant une application optimale et s\u00e9curise de tout ruban d&#8217;emballage.<\/p>\n<p>&nbsp;<\/p>\n<ul>\n<li>Adapt\u00e9 \u00e0 une utilisation quotidienne et intensive.<\/li>\n<li>Lame r\u00e9tractable garantissant une coupe nette du ruban adh\u00e9sif.<\/li>\n<li>D\u00e9rouleur d&rsquo;adh\u00e9sif de type pistolet offrant une prise en main ergonomique.<\/li>\n<li>Frein r\u00e9glable pour ajuster la tension du ruban adh\u00e9sif lors du d\u00e9vidage.<\/li>\n<li>Contr\u00f4le de la tension r\u00e9glable \u00e0 la main.<\/li>\n<li>Poign\u00e9e ergonomique en caoutchouc.<\/li>\n<li>Roulette en caoutchouc souple\u00a0pour assurer l\u2019adh\u00e9sivit\u00e9 du ruban adh\u00e9sif.<\/li>\n<\/ul>\n<p>&nbsp;<\/p>\n","protected":false},"excerpt":{"rendered":"<p>D\u00e9vidoir manuel professionnel de ruban adh\u00e9sif pour usage intensif, tr\u00e8s solide gr\u00e2ce \u00e0 une structure en m\u00e9tal poss\u00e8de une lame de coupe anti-coupure ainsi qu&rsquo;un frein permettant une application optimale et s\u00e9curise de tout ruban d&#8217;emballage.<img loading=\"lazy\" decoding=\"async\" class=\"alignnone size-full wp-image-30912\" src=\"https:\/\/innovexalgerie.com\/machines\/wp-content\/uploads\/2021\/03\/icon-devidoir-du-ruban-adhesif.jpg\" alt=\"icon-d\u00e9vidoir-du-ruban-adh\u00e9sif innovex machine \" width=\"922\" height=\"217\" srcset=\"https:\/\/innovexalgerie.com\/machines\/wp-content\/uploads\/2021\/03\/icon-devidoir-du-ruban-adhesif.jpg 922w, https:\/\/innovexalgerie.com\/machines\/wp-content\/uploads\/2021\/03\/icon-devidoir-du-ruban-adhesif-300x71.jpg 300w, https:\/\/innovexalgerie.com\/machines\/wp-content\/uploads\/2021\/03\/icon-devidoir-du-ruban-adhesif-768x181.jpg 768w, https:\/\/innovexalgerie.com\/machines\/wp-content\/uploads\/2021\/03\/icon-devidoir-du-ruban-adhesif-600x141.jpg 600w\" sizes=\"auto, (max-width: 922px) 100vw, 922px\" \/><\/p>\n","protected":false},"featured_media":28724,"template":"","meta":{"_monsterinsights_skip_tracking":false,"_monsterinsights_sitenote_active":false,"_monsterinsights_sitenote_note":"","_monsterinsights_sitenote_category":0},"product_cat":[237],"product_tag":[197,56,57,198,199,58,200,59,201],"class_list":["post-902","product","type-product","status-publish","has-post-thumbnail","hentry","product_cat-tous-accessoires","product_tag-adhesif","product_tag-bande-adhesive","product_tag-carton-sealer","product_tag-devidoir","product_tag-dispenser","product_tag-fermeuse","product_tag-ruban","product_tag-scotcheuse","product_tag-tape"],"yoast_head":"<!-- This site is optimized with the Yoast SEO Premium plugin v16.2 (Yoast SEO v16.7) - https:\/\/yoast.com\/wordpress\/plugins\/seo\/ -->\n<title>D\u00e9vidoir ruban adh\u00e9sif PROFESSIONNEL - Innovex Machines | Innovex Algerie<\/title>\n<meta name=\"description\" content=\"D\u00e9vidoir ruban adh\u00e9sif PROFESSIONNEL avec structure en acier et un design ergonomique pour plus de confort.\" \/>\n<meta name=\"robots\" content=\"index, follow, max-snippet:-1, max-image-preview:large, max-video-preview:-1\" \/>\n<link rel=\"canonical\" href=\"https:\/\/innovexalgerie.com\/machines\/produit\/devidoir-ruban-adhesif-professionnel\/\" \/>\n<meta property=\"og:locale\" content=\"fr_FR\" \/>\n<meta property=\"og:type\" content=\"article\" \/>\n<meta property=\"og:title\" content=\"D\u00e9vidoir ruban adh\u00e9sif PROFESSIONNEL - Innovex Machines | Innovex Algerie\" \/>\n<meta property=\"og:description\" content=\"D\u00e9vidoir ruban adh\u00e9sif PROFESSIONNEL avec structure en acier et un design ergonomique pour plus de confort.\" \/>\n<meta property=\"og:url\" content=\"https:\/\/innovexalgerie.com\/machines\/produit\/devidoir-ruban-adhesif-professionnel\/\" \/>\n<meta property=\"og:site_name\" content=\"Innovex Machines | Innovex Algerie\" \/>\n<meta property=\"article:publisher\" content=\"https:\/\/www.facebook.com\/innovexmachine1\" \/>\n<meta property=\"article:modified_time\" content=\"2022-06-27T13:09:11+00:00\" \/>\n<meta property=\"og:image\" content=\"https:\/\/innovexalgerie.com\/machines\/wp-content\/uploads\/2021\/03\/Capture-de\u0301cran-2021-10-06-a\u0300-8.09.24-AM.png\" \/>\n\t<meta property=\"og:image:width\" content=\"1240\" \/>\n\t<meta property=\"og:image:height\" content=\"1244\" \/>\n<meta name=\"twitter:card\" content=\"summary_large_image\" \/>\n<meta name=\"twitter:label1\" content=\"Dur\u00e9e de lecture est.\" \/>\n\t<meta name=\"twitter:data1\" content=\"1 minute\" \/>\n<script type=\"application\/ld+json\" class=\"yoast-schema-graph\">{\"@context\":\"https:\/\/schema.org\",\"@graph\":[{\"@type\":\"WebSite\",\"@id\":\"https:\/\/innovexalgerie.com\/machines\/#website\",\"url\":\"https:\/\/innovexalgerie.com\/machines\/\",\"name\":\"Innovex Machines | Innovex Algerie\",\"description\":\"Fournisseur de machines d&#039;emballage et d&#039;imprimerie\",\"potentialAction\":[{\"@type\":\"SearchAction\",\"target\":{\"@type\":\"EntryPoint\",\"urlTemplate\":\"https:\/\/innovexalgerie.com\/machines\/?s={search_term_string}\"},\"query-input\":\"required name=search_term_string\"}],\"inLanguage\":\"fr-FR\"},{\"@type\":\"ImageObject\",\"@id\":\"https:\/\/innovexalgerie.com\/machines\/produit\/devidoir-ruban-adhesif-professionnel\/#primaryimage\",\"inLanguage\":\"fr-FR\",\"url\":\"https:\/\/innovexalgerie.com\/machines\/wp-content\/uploads\/2021\/03\/Capture-de\\u0301cran-2021-10-06-a\\u0300-8.09.24-AM.png\",\"contentUrl\":\"https:\/\/innovexalgerie.com\/machines\/wp-content\/uploads\/2021\/03\/Capture-de\\u0301cran-2021-10-06-a\\u0300-8.09.24-AM.png\",\"width\":1240,\"height\":1244},{\"@type\":\"WebPage\",\"@id\":\"https:\/\/innovexalgerie.com\/machines\/produit\/devidoir-ruban-adhesif-professionnel\/#webpage\",\"url\":\"https:\/\/innovexalgerie.com\/machines\/produit\/devidoir-ruban-adhesif-professionnel\/\",\"name\":\"D\\u00e9vidoir ruban adh\\u00e9sif PROFESSIONNEL - Innovex Machines | Innovex Algerie\",\"isPartOf\":{\"@id\":\"https:\/\/innovexalgerie.com\/machines\/#website\"},\"primaryImageOfPage\":{\"@id\":\"https:\/\/innovexalgerie.com\/machines\/produit\/devidoir-ruban-adhesif-professionnel\/#primaryimage\"},\"datePublished\":\"2021-03-24T19:50:48+00:00\",\"dateModified\":\"2022-06-27T13:09:11+00:00\",\"description\":\"D\\u00e9vidoir ruban adh\\u00e9sif PROFESSIONNEL avec structure en acier et un design ergonomique pour plus de confort.\",\"breadcrumb\":{\"@id\":\"https:\/\/innovexalgerie.com\/machines\/produit\/devidoir-ruban-adhesif-professionnel\/#breadcrumb\"},\"inLanguage\":\"fr-FR\",\"potentialAction\":[{\"@type\":\"ReadAction\",\"target\":[\"https:\/\/innovexalgerie.com\/machines\/produit\/devidoir-ruban-adhesif-professionnel\/\"]}]},{\"@type\":\"BreadcrumbList\",\"@id\":\"https:\/\/innovexalgerie.com\/machines\/produit\/devidoir-ruban-adhesif-professionnel\/#breadcrumb\",\"itemListElement\":[{\"@type\":\"ListItem\",\"position\":1,\"name\":\"Accueil\",\"item\":\"https:\/\/innovexalgerie.com\/machines\/\"},{\"@type\":\"ListItem\",\"position\":2,\"name\":\"Produits\",\"item\":\"https:\/\/innovexalgerie.com\/machines\/boutique\/\"},{\"@type\":\"ListItem\",\"position\":3,\"name\":\"D\\u00e9vidoir ruban adh\\u00e9sif PROFESSIONNEL\"}]}]}<\/script>\n<!-- \/ Yoast SEO Premium plugin. -->","yoast_head_json":{"title":"D\u00e9vidoir ruban adh\u00e9sif PROFESSIONNEL - Innovex Machines | Innovex Algerie","description":"D\u00e9vidoir ruban adh\u00e9sif PROFESSIONNEL avec structure en acier et un design ergonomique pour plus de confort.","robots":{"index":"index","follow":"follow","max-snippet":"max-snippet:-1","max-image-preview":"max-image-preview:large","max-video-preview":"max-video-preview:-1"},"canonical":"https:\/\/innovexalgerie.com\/machines\/produit\/devidoir-ruban-adhesif-professionnel\/","og_locale":"fr_FR","og_type":"article","og_title":"D\u00e9vidoir ruban adh\u00e9sif PROFESSIONNEL - Innovex Machines | Innovex Algerie","og_description":"D\u00e9vidoir ruban adh\u00e9sif PROFESSIONNEL avec structure en acier et un design ergonomique pour plus de confort.","og_url":"https:\/\/innovexalgerie.com\/machines\/produit\/devidoir-ruban-adhesif-professionnel\/","og_site_name":"Innovex Machines | Innovex Algerie","article_publisher":"https:\/\/www.facebook.com\/innovexmachine1","article_modified_time":"2022-06-27T13:09:11+00:00","og_image":[{"width":1240,"height":1244,"url":"https:\/\/innovexalgerie.com\/machines\/wp-content\/uploads\/2021\/03\/Capture-de\u0301cran-2021-10-06-a\u0300-8.09.24-AM.png","path":"\/home\/inovex\/public_html\/machines\/wp-content\/uploads\/2021\/03\/Capture-de\u0301cran-2021-10-06-a\u0300-8.09.24-AM.png","size":"full","id":28724,"alt":"","pixels":1542560,"type":"image\/png"}],"twitter_card":"summary_large_image","twitter_misc":{"Dur\u00e9e de lecture est.":"1 minute"},"schema":{"@context":"https:\/\/schema.org","@graph":[{"@type":"WebSite","@id":"https:\/\/innovexalgerie.com\/machines\/#website","url":"https:\/\/innovexalgerie.com\/machines\/","name":"Innovex Machines | Innovex Algerie","description":"Fournisseur de machines d&#039;emballage et d&#039;imprimerie","potentialAction":[{"@type":"SearchAction","target":{"@type":"EntryPoint","urlTemplate":"https:\/\/innovexalgerie.com\/machines\/?s={search_term_string}"},"query-input":"required name=search_term_string"}],"inLanguage":"fr-FR"},{"@type":"ImageObject","@id":"https:\/\/innovexalgerie.com\/machines\/produit\/devidoir-ruban-adhesif-professionnel\/#primaryimage","inLanguage":"fr-FR","url":"https:\/\/innovexalgerie.com\/machines\/wp-content\/uploads\/2021\/03\/Capture-de\u0301cran-2021-10-06-a\u0300-8.09.24-AM.png","contentUrl":"https:\/\/innovexalgerie.com\/machines\/wp-content\/uploads\/2021\/03\/Capture-de\u0301cran-2021-10-06-a\u0300-8.09.24-AM.png","width":1240,"height":1244},{"@type":"WebPage","@id":"https:\/\/innovexalgerie.com\/machines\/produit\/devidoir-ruban-adhesif-professionnel\/#webpage","url":"https:\/\/innovexalgerie.com\/machines\/produit\/devidoir-ruban-adhesif-professionnel\/","name":"D\u00e9vidoir ruban adh\u00e9sif PROFESSIONNEL - Innovex Machines | Innovex Algerie","isPartOf":{"@id":"https:\/\/innovexalgerie.com\/machines\/#website"},"primaryImageOfPage":{"@id":"https:\/\/innovexalgerie.com\/machines\/produit\/devidoir-ruban-adhesif-professionnel\/#primaryimage"},"datePublished":"2021-03-24T19:50:48+00:00","dateModified":"2022-06-27T13:09:11+00:00","description":"D\u00e9vidoir ruban adh\u00e9sif PROFESSIONNEL avec structure en acier et un design ergonomique pour plus de confort.","breadcrumb":{"@id":"https:\/\/innovexalgerie.com\/machines\/produit\/devidoir-ruban-adhesif-professionnel\/#breadcrumb"},"inLanguage":"fr-FR","potentialAction":[{"@type":"ReadAction","target":["https:\/\/innovexalgerie.com\/machines\/produit\/devidoir-ruban-adhesif-professionnel\/"]}]},{"@type":"BreadcrumbList","@id":"https:\/\/innovexalgerie.com\/machines\/produit\/devidoir-ruban-adhesif-professionnel\/#breadcrumb","itemListElement":[{"@type":"ListItem","position":1,"name":"Accueil","item":"https:\/\/innovexalgerie.com\/machines\/"},{"@type":"ListItem","position":2,"name":"Produits","item":"https:\/\/innovexalgerie.com\/machines\/boutique\/"},{"@type":"ListItem","position":3,"name":"D\u00e9vidoir ruban adh\u00e9sif PROFESSIONNEL"}]}]}},"_links":{"self":[{"href":"https:\/\/innovexalgerie.com\/machines\/wp-json\/wp\/v2\/product\/902","targetHints":{"allow":["GET"]}}],"collection":[{"href":"https:\/\/innovexalgerie.com\/machines\/wp-json\/wp\/v2\/product"}],"about":[{"href":"https:\/\/innovexalgerie.com\/machines\/wp-json\/wp\/v2\/types\/product"}],"version-history":[{"count":8,"href":"https:\/\/innovexalgerie.com\/machines\/wp-json\/wp\/v2\/product\/902\/revisions"}],"predecessor-version":[{"id":30914,"href":"https:\/\/innovexalgerie.com\/machines\/wp-json\/wp\/v2\/product\/902\/revisions\/30914"}],"wp:featuredmedia":[{"embeddable":true,"href":"https:\/\/innovexalgerie.com\/machines\/wp-json\/wp\/v2\/media\/28724"}],"wp:attachment":[{"href":"https:\/\/innovexalgerie.com\/machines\/wp-json\/wp\/v2\/media?parent=902"}],"wp:term":[{"taxonomy":"product_cat","embeddable":true,"href":"https:\/\/innovexalgerie.com\/machines\/wp-json\/wp\/v2\/product_cat?post=902"},{"taxonomy":"product_tag","embeddable":true,"href":"https:\/\/innovexalgerie.com\/machines\/wp-json\/wp\/v2\/product_tag?post=902"}],"curies":[{"name":"wp","href":"https:\/\/api.w.org\/{rel}","templated":true}]}}