{"id":313,"date":"2022-03-28T21:52:45","date_gmt":"2022-03-28T20:52:45","guid":{"rendered":"https:\/\/innovexalgerie.com\/new_manutention\/?post_type=product&#038;p=313"},"modified":"2023-10-30T13:09:55","modified_gmt":"2023-10-30T12:09:55","slug":"nacelle-elevatrice-a-mat-et-ciseau-sc-series","status":"publish","type":"product","link":"https:\/\/innovexalgerie.com\/manutention\/produit\/nacelle-elevatrice-a-mat-et-ciseau-sc-series\/","title":{"rendered":"Nacelle \u00e9l\u00e9vatrice \u00e0 m\u00e2t et ciseau SC Series"},"content":{"rendered":"<p>Nacelle \u00e9l\u00e9vatrice \u00e0 m\u00e2t et ciseau<strong> SC Series, <\/strong>offre une fonction de marche automatique, de levage vertical et d&rsquo;extension de plate-forme, adapt\u00e9e \u00e0 l&rsquo;environnement<br \/>\nint\u00e9rieur et ext\u00e9rieur. Largement utilis\u00e9e dans l&rsquo;\u00e9nergie \u00e9lectrique, la p\u00e9trochimie, installation et maintenance d&rsquo;\u00e9quipements de fabrication. Les op\u00e9rateurs peuvent conduire, diriger et soulever directement sur la plateforme par une manette multifonctions.\u00a0<strong><br \/>\n<\/strong><\/p>\n<div><\/div>\n<div class=\"sc-3fi1by-0 hlEuXW\">Quelques applications :<\/div>\n<div class=\"sc-3fi1by-0 hlEuXW\">&#8211; Pose et installations \u00e9clairage, climatisation, installation \u00e9lectrique-hydraulique-incendie.<br \/>\n&#8211; Restauration, isolation, s\u00e9curit\u00e9 b\u00e2timents.<br \/>\n&#8211; Stockage, logistique, gestion des stocks, rayonnage.<br \/>\n&#8211; Nettoyage.<br \/>\n&#8211; Peinture &#8230;..<\/div>\n","protected":false},"excerpt":{"rendered":"<p><span class=\"sc-1nqzt6e-0 VJmlf\">Nacelle \u00e9l\u00e9vatrice SC Series \u00e0 ciseaux mobile <\/span>pour marcher automatiquement et soulever verticalement adapt\u00e9 \u00e0 une utilisation int\u00e9rieure et ext\u00e9rieure.<\/p>\n","protected":false},"featured_media":332,"template":"","meta":{"_monsterinsights_skip_tracking":false,"_monsterinsights_sitenote_active":false,"_monsterinsights_sitenote_note":"","_monsterinsights_sitenote_category":0},"product_cat":[62,23],"product_tag":[42],"class_list":["post-313","product","type-product","status-publish","has-post-thumbnail","hentry","product_cat-nacelle","product_cat-accessoires","product_tag-nacelle"],"acf":[],"yoast_head":"<!-- This site is optimized with the Yoast SEO plugin v22.6 - https:\/\/yoast.com\/wordpress\/plugins\/seo\/ -->\n<title>Nacelle \u00e9l\u00e9vatrice \u00e0 m\u00e2t et ciseau SC Series - INNOVEX Alg\u00e9rie | Manutention<\/title>\n<meta name=\"robots\" content=\"index, follow, max-snippet:-1, max-image-preview:large, max-video-preview:-1\" \/>\n<link rel=\"canonical\" href=\"https:\/\/innovexalgerie.com\/manutention\/produit\/nacelle-elevatrice-a-mat-et-ciseau-sc-series\/\" \/>\n<meta property=\"og:locale\" content=\"fr_FR\" \/>\n<meta property=\"og:type\" content=\"article\" \/>\n<meta property=\"og:title\" content=\"Nacelle \u00e9l\u00e9vatrice \u00e0 m\u00e2t et ciseau SC Series - INNOVEX Alg\u00e9rie | Manutention\" \/>\n<meta property=\"og:description\" content=\"Nacelle \u00e9l\u00e9vatrice SC Series \u00e0 ciseaux mobile pour marcher automatiquement et soulever verticalement adapt\u00e9 \u00e0 une utilisation int\u00e9rieure et ext\u00e9rieure.\" \/>\n<meta property=\"og:url\" content=\"https:\/\/innovexalgerie.com\/manutention\/produit\/nacelle-elevatrice-a-mat-et-ciseau-sc-series\/\" \/>\n<meta property=\"og:site_name\" content=\"INNOVEX Alg\u00e9rie | Manutention\" \/>\n<meta property=\"article:modified_time\" content=\"2023-10-30T12:09:55+00:00\" \/>\n<meta property=\"og:image\" content=\"https:\/\/innovexalgerie.com\/manutention\/wp-content\/uploads\/2022\/03\/Nacelle-1000X1000-compressed-1.jpg\" \/>\n\t<meta property=\"og:image:width\" content=\"1000\" \/>\n\t<meta property=\"og:image:height\" content=\"1000\" \/>\n\t<meta property=\"og:image:type\" content=\"image\/jpeg\" \/>\n<meta name=\"twitter:card\" content=\"summary_large_image\" \/>\n<script type=\"application\/ld+json\" class=\"yoast-schema-graph\">{\"@context\":\"https:\/\/schema.org\",\"@graph\":[{\"@type\":\"WebPage\",\"@id\":\"https:\/\/innovexalgerie.com\/manutention\/produit\/nacelle-elevatrice-a-mat-et-ciseau-sc-series\/\",\"url\":\"https:\/\/innovexalgerie.com\/manutention\/produit\/nacelle-elevatrice-a-mat-et-ciseau-sc-series\/\",\"name\":\"Nacelle \u00e9l\u00e9vatrice \u00e0 m\u00e2t et ciseau SC Series - INNOVEX Alg\u00e9rie | Manutention\",\"isPartOf\":{\"@id\":\"https:\/\/innovexalgerie.com\/manutention\/#website\"},\"primaryImageOfPage\":{\"@id\":\"https:\/\/innovexalgerie.com\/manutention\/produit\/nacelle-elevatrice-a-mat-et-ciseau-sc-series\/#primaryimage\"},\"image\":{\"@id\":\"https:\/\/innovexalgerie.com\/manutention\/produit\/nacelle-elevatrice-a-mat-et-ciseau-sc-series\/#primaryimage\"},\"thumbnailUrl\":\"https:\/\/innovexalgerie.com\/manutention\/wp-content\/uploads\/2022\/03\/Nacelle-1000X1000-compressed-1.jpg\",\"datePublished\":\"2022-03-28T20:52:45+00:00\",\"dateModified\":\"2023-10-30T12:09:55+00:00\",\"breadcrumb\":{\"@id\":\"https:\/\/innovexalgerie.com\/manutention\/produit\/nacelle-elevatrice-a-mat-et-ciseau-sc-series\/#breadcrumb\"},\"inLanguage\":\"fr-FR\",\"potentialAction\":[{\"@type\":\"ReadAction\",\"target\":[\"https:\/\/innovexalgerie.com\/manutention\/produit\/nacelle-elevatrice-a-mat-et-ciseau-sc-series\/\"]}]},{\"@type\":\"ImageObject\",\"inLanguage\":\"fr-FR\",\"@id\":\"https:\/\/innovexalgerie.com\/manutention\/produit\/nacelle-elevatrice-a-mat-et-ciseau-sc-series\/#primaryimage\",\"url\":\"https:\/\/innovexalgerie.com\/manutention\/wp-content\/uploads\/2022\/03\/Nacelle-1000X1000-compressed-1.jpg\",\"contentUrl\":\"https:\/\/innovexalgerie.com\/manutention\/wp-content\/uploads\/2022\/03\/Nacelle-1000X1000-compressed-1.jpg\",\"width\":1000,\"height\":1000},{\"@type\":\"BreadcrumbList\",\"@id\":\"https:\/\/innovexalgerie.com\/manutention\/produit\/nacelle-elevatrice-a-mat-et-ciseau-sc-series\/#breadcrumb\",\"itemListElement\":[{\"@type\":\"ListItem\",\"position\":1,\"name\":\"Accueil\",\"item\":\"https:\/\/innovexalgerie.com\/manutention\/\"},{\"@type\":\"ListItem\",\"position\":2,\"name\":\"Boutique\",\"item\":\"https:\/\/innovexalgerie.com\/manutention\/boutique\/\"},{\"@type\":\"ListItem\",\"position\":3,\"name\":\"Nacelle \u00e9l\u00e9vatrice \u00e0 m\u00e2t et ciseau SC Series\"}]},{\"@type\":\"WebSite\",\"@id\":\"https:\/\/innovexalgerie.com\/manutention\/#website\",\"url\":\"https:\/\/innovexalgerie.com\/manutention\/\",\"name\":\"INNOVEX Alg\u00e9rie | Manutention\",\"description\":\"Manutention\",\"publisher\":{\"@id\":\"https:\/\/innovexalgerie.com\/manutention\/#organization\"},\"potentialAction\":[{\"@type\":\"SearchAction\",\"target\":{\"@type\":\"EntryPoint\",\"urlTemplate\":\"https:\/\/innovexalgerie.com\/manutention\/?s={search_term_string}\"},\"query-input\":\"required name=search_term_string\"}],\"inLanguage\":\"fr-FR\"},{\"@type\":\"Organization\",\"@id\":\"https:\/\/innovexalgerie.com\/manutention\/#organization\",\"name\":\"INNOVEX Alg\u00e9rie | Manutention\",\"url\":\"https:\/\/innovexalgerie.com\/manutention\/\",\"logo\":{\"@type\":\"ImageObject\",\"inLanguage\":\"fr-FR\",\"@id\":\"https:\/\/innovexalgerie.com\/manutention\/#\/schema\/logo\/image\/\",\"url\":\"https:\/\/innovexalgerie.com\/manutention\/wp-content\/uploads\/2022\/03\/innovex_manutention_logo.svg\",\"contentUrl\":\"https:\/\/innovexalgerie.com\/manutention\/wp-content\/uploads\/2022\/03\/innovex_manutention_logo.svg\",\"width\":133,\"height\":36,\"caption\":\"INNOVEX Alg\u00e9rie | Manutention\"},\"image\":{\"@id\":\"https:\/\/innovexalgerie.com\/manutention\/#\/schema\/logo\/image\/\"}}]}<\/script>\n<!-- \/ Yoast SEO plugin. -->","yoast_head_json":{"title":"Nacelle \u00e9l\u00e9vatrice \u00e0 m\u00e2t et ciseau SC Series - INNOVEX Alg\u00e9rie | Manutention","robots":{"index":"index","follow":"follow","max-snippet":"max-snippet:-1","max-image-preview":"max-image-preview:large","max-video-preview":"max-video-preview:-1"},"canonical":"https:\/\/innovexalgerie.com\/manutention\/produit\/nacelle-elevatrice-a-mat-et-ciseau-sc-series\/","og_locale":"fr_FR","og_type":"article","og_title":"Nacelle \u00e9l\u00e9vatrice \u00e0 m\u00e2t et ciseau SC Series - INNOVEX Alg\u00e9rie | Manutention","og_description":"Nacelle \u00e9l\u00e9vatrice SC Series \u00e0 ciseaux mobile pour marcher automatiquement et soulever verticalement adapt\u00e9 \u00e0 une utilisation int\u00e9rieure et ext\u00e9rieure.","og_url":"https:\/\/innovexalgerie.com\/manutention\/produit\/nacelle-elevatrice-a-mat-et-ciseau-sc-series\/","og_site_name":"INNOVEX Alg\u00e9rie | Manutention","article_modified_time":"2023-10-30T12:09:55+00:00","og_image":[{"width":1000,"height":1000,"url":"https:\/\/innovexalgerie.com\/manutention\/wp-content\/uploads\/2022\/03\/Nacelle-1000X1000-compressed-1.jpg","type":"image\/jpeg"}],"twitter_card":"summary_large_image","schema":{"@context":"https:\/\/schema.org","@graph":[{"@type":"WebPage","@id":"https:\/\/innovexalgerie.com\/manutention\/produit\/nacelle-elevatrice-a-mat-et-ciseau-sc-series\/","url":"https:\/\/innovexalgerie.com\/manutention\/produit\/nacelle-elevatrice-a-mat-et-ciseau-sc-series\/","name":"Nacelle \u00e9l\u00e9vatrice \u00e0 m\u00e2t et ciseau SC Series - INNOVEX Alg\u00e9rie | Manutention","isPartOf":{"@id":"https:\/\/innovexalgerie.com\/manutention\/#website"},"primaryImageOfPage":{"@id":"https:\/\/innovexalgerie.com\/manutention\/produit\/nacelle-elevatrice-a-mat-et-ciseau-sc-series\/#primaryimage"},"image":{"@id":"https:\/\/innovexalgerie.com\/manutention\/produit\/nacelle-elevatrice-a-mat-et-ciseau-sc-series\/#primaryimage"},"thumbnailUrl":"https:\/\/innovexalgerie.com\/manutention\/wp-content\/uploads\/2022\/03\/Nacelle-1000X1000-compressed-1.jpg","datePublished":"2022-03-28T20:52:45+00:00","dateModified":"2023-10-30T12:09:55+00:00","breadcrumb":{"@id":"https:\/\/innovexalgerie.com\/manutention\/produit\/nacelle-elevatrice-a-mat-et-ciseau-sc-series\/#breadcrumb"},"inLanguage":"fr-FR","potentialAction":[{"@type":"ReadAction","target":["https:\/\/innovexalgerie.com\/manutention\/produit\/nacelle-elevatrice-a-mat-et-ciseau-sc-series\/"]}]},{"@type":"ImageObject","inLanguage":"fr-FR","@id":"https:\/\/innovexalgerie.com\/manutention\/produit\/nacelle-elevatrice-a-mat-et-ciseau-sc-series\/#primaryimage","url":"https:\/\/innovexalgerie.com\/manutention\/wp-content\/uploads\/2022\/03\/Nacelle-1000X1000-compressed-1.jpg","contentUrl":"https:\/\/innovexalgerie.com\/manutention\/wp-content\/uploads\/2022\/03\/Nacelle-1000X1000-compressed-1.jpg","width":1000,"height":1000},{"@type":"BreadcrumbList","@id":"https:\/\/innovexalgerie.com\/manutention\/produit\/nacelle-elevatrice-a-mat-et-ciseau-sc-series\/#breadcrumb","itemListElement":[{"@type":"ListItem","position":1,"name":"Accueil","item":"https:\/\/innovexalgerie.com\/manutention\/"},{"@type":"ListItem","position":2,"name":"Boutique","item":"https:\/\/innovexalgerie.com\/manutention\/boutique\/"},{"@type":"ListItem","position":3,"name":"Nacelle \u00e9l\u00e9vatrice \u00e0 m\u00e2t et ciseau SC Series"}]},{"@type":"WebSite","@id":"https:\/\/innovexalgerie.com\/manutention\/#website","url":"https:\/\/innovexalgerie.com\/manutention\/","name":"INNOVEX Alg\u00e9rie | Manutention","description":"Manutention","publisher":{"@id":"https:\/\/innovexalgerie.com\/manutention\/#organization"},"potentialAction":[{"@type":"SearchAction","target":{"@type":"EntryPoint","urlTemplate":"https:\/\/innovexalgerie.com\/manutention\/?s={search_term_string}"},"query-input":"required name=search_term_string"}],"inLanguage":"fr-FR"},{"@type":"Organization","@id":"https:\/\/innovexalgerie.com\/manutention\/#organization","name":"INNOVEX Alg\u00e9rie | Manutention","url":"https:\/\/innovexalgerie.com\/manutention\/","logo":{"@type":"ImageObject","inLanguage":"fr-FR","@id":"https:\/\/innovexalgerie.com\/manutention\/#\/schema\/logo\/image\/","url":"https:\/\/innovexalgerie.com\/manutention\/wp-content\/uploads\/2022\/03\/innovex_manutention_logo.svg","contentUrl":"https:\/\/innovexalgerie.com\/manutention\/wp-content\/uploads\/2022\/03\/innovex_manutention_logo.svg","width":133,"height":36,"caption":"INNOVEX Alg\u00e9rie | Manutention"},"image":{"@id":"https:\/\/innovexalgerie.com\/manutention\/#\/schema\/logo\/image\/"}}]}},"_links":{"self":[{"href":"https:\/\/innovexalgerie.com\/manutention\/wp-json\/wp\/v2\/product\/313","targetHints":{"allow":["GET"]}}],"collection":[{"href":"https:\/\/innovexalgerie.com\/manutention\/wp-json\/wp\/v2\/product"}],"about":[{"href":"https:\/\/innovexalgerie.com\/manutention\/wp-json\/wp\/v2\/types\/product"}],"wp:featuredmedia":[{"embeddable":true,"href":"https:\/\/innovexalgerie.com\/manutention\/wp-json\/wp\/v2\/media\/332"}],"wp:attachment":[{"href":"https:\/\/innovexalgerie.com\/manutention\/wp-json\/wp\/v2\/media?parent=313"}],"wp:term":[{"taxonomy":"product_cat","embeddable":true,"href":"https:\/\/innovexalgerie.com\/manutention\/wp-json\/wp\/v2\/product_cat?post=313"},{"taxonomy":"product_tag","embeddable":true,"href":"https:\/\/innovexalgerie.com\/manutention\/wp-json\/wp\/v2\/product_tag?post=313"}],"curies":[{"name":"wp","href":"https:\/\/api.w.org\/{rel}","templated":true}]}}