{"id":3501,"date":"2024-01-29T11:31:03","date_gmt":"2024-01-29T10:31:03","guid":{"rendered":"https:\/\/innovexalgerie.com\/manutention\/?post_type=product&#038;p=3501"},"modified":"2024-05-07T09:47:28","modified_gmt":"2024-05-07T08:47:28","slug":"pont-roulant-portique-a-hauteur-ajustable-hbb-2023","status":"publish","type":"product","link":"https:\/\/innovexalgerie.com\/manutention\/produit\/pont-roulant-portique-a-hauteur-ajustable-hbb-2023\/","title":{"rendered":"Pont roulant portique \u00e0 hauteur ajustable HBB-2023"},"content":{"rendered":"<p>Pont roulant portique \u00e0 hauteur ajustable<strong> HBB-2023,<\/strong> d\u2019une capacit\u00e9 de 2 tonnes. Sont largement utilis\u00e9s dans les entrep\u00f4ts, les usines et les chantiers de construction pour faciliter les op\u00e9rations de levage et de d\u00e9placement de mat\u00e9riaux lourds et volumineux.<\/p>\n<ul>\n<li>D\u00e9placement manuel du pont.<\/li>\n<li>Hauteur de levage r\u00e9glable de 2-3m, cela donne aux op\u00e9rateurs une flexibilit\u00e9 dans leurs op\u00e9rations.<\/li>\n<li>Palan \u00e9lectrique \u00e0 cable peut soulever des charges allant jusqu&rsquo;\u00e0 1 tonnes.<\/li>\n<\/ul>\n","protected":false},"excerpt":{"rendered":"<p>Pont roulant portique \u00e0 hauteur ajustable, sont largement utilis\u00e9s dans les entrep\u00f4ts, les usines et les chantiers de construction pour faciliter les op\u00e9rations de levage et de d\u00e9placement de mat\u00e9riaux lourds et volumineux.<\/p>\n","protected":false},"featured_media":3514,"template":"","meta":{"_monsterinsights_skip_tracking":false,"_monsterinsights_sitenote_active":false,"_monsterinsights_sitenote_note":"","_monsterinsights_sitenote_category":0},"product_cat":[23,75],"product_tag":[42],"class_list":["post-3501","product","type-product","status-publish","has-post-thumbnail","hentry","product_cat-accessoires","product_cat-pont-roulant-portique","product_tag-nacelle"],"acf":[],"yoast_head":"<!-- This site is optimized with the Yoast SEO plugin v22.6 - https:\/\/yoast.com\/wordpress\/plugins\/seo\/ -->\n<title>Pont roulant portique \u00e0 hauteur ajustable HBB-2023 - INNOVEX Alg\u00e9rie | Manutention<\/title>\n<meta name=\"robots\" content=\"index, follow, max-snippet:-1, max-image-preview:large, max-video-preview:-1\" \/>\n<link rel=\"canonical\" href=\"https:\/\/innovexalgerie.com\/manutention\/produit\/pont-roulant-portique-a-hauteur-ajustable-hbb-2023\/\" \/>\n<meta property=\"og:locale\" content=\"fr_FR\" \/>\n<meta property=\"og:type\" content=\"article\" \/>\n<meta property=\"og:title\" content=\"Pont roulant portique \u00e0 hauteur ajustable HBB-2023 - INNOVEX Alg\u00e9rie | Manutention\" \/>\n<meta property=\"og:description\" content=\"Pont roulant portique \u00e0 hauteur ajustable, sont largement utilis\u00e9s dans les entrep\u00f4ts, les usines et les chantiers de construction pour faciliter les op\u00e9rations de levage et de d\u00e9placement de mat\u00e9riaux lourds et volumineux.\" \/>\n<meta property=\"og:url\" content=\"https:\/\/innovexalgerie.com\/manutention\/produit\/pont-roulant-portique-a-hauteur-ajustable-hbb-2023\/\" \/>\n<meta property=\"og:site_name\" content=\"INNOVEX Alg\u00e9rie | Manutention\" \/>\n<meta property=\"article:modified_time\" content=\"2024-05-07T08:47:28+00:00\" \/>\n<meta property=\"og:image\" content=\"https:\/\/innovexalgerie.com\/manutention\/wp-content\/uploads\/2024\/01\/PONT-ROULANT-ELEC-AJUSTABLE-HBB-INNOVEX-.jpg\" \/>\n\t<meta property=\"og:image:width\" content=\"1000\" \/>\n\t<meta property=\"og:image:height\" content=\"1000\" \/>\n\t<meta property=\"og:image:type\" content=\"image\/jpeg\" \/>\n<meta name=\"twitter:card\" content=\"summary_large_image\" \/>\n<meta name=\"twitter:label1\" content=\"Dur\u00e9e de lecture estim\u00e9e\" \/>\n\t<meta name=\"twitter:data1\" content=\"1 minute\" \/>\n<script type=\"application\/ld+json\" class=\"yoast-schema-graph\">{\"@context\":\"https:\/\/schema.org\",\"@graph\":[{\"@type\":\"WebPage\",\"@id\":\"https:\/\/innovexalgerie.com\/manutention\/produit\/pont-roulant-portique-a-hauteur-ajustable-hbb-2023\/\",\"url\":\"https:\/\/innovexalgerie.com\/manutention\/produit\/pont-roulant-portique-a-hauteur-ajustable-hbb-2023\/\",\"name\":\"Pont roulant portique \u00e0 hauteur ajustable HBB-2023 - INNOVEX Alg\u00e9rie | Manutention\",\"isPartOf\":{\"@id\":\"https:\/\/innovexalgerie.com\/manutention\/#website\"},\"primaryImageOfPage\":{\"@id\":\"https:\/\/innovexalgerie.com\/manutention\/produit\/pont-roulant-portique-a-hauteur-ajustable-hbb-2023\/#primaryimage\"},\"image\":{\"@id\":\"https:\/\/innovexalgerie.com\/manutention\/produit\/pont-roulant-portique-a-hauteur-ajustable-hbb-2023\/#primaryimage\"},\"thumbnailUrl\":\"https:\/\/innovexalgerie.com\/manutention\/wp-content\/uploads\/2024\/01\/PONT-ROULANT-ELEC-AJUSTABLE-HBB-INNOVEX-.jpg\",\"datePublished\":\"2024-01-29T10:31:03+00:00\",\"dateModified\":\"2024-05-07T08:47:28+00:00\",\"breadcrumb\":{\"@id\":\"https:\/\/innovexalgerie.com\/manutention\/produit\/pont-roulant-portique-a-hauteur-ajustable-hbb-2023\/#breadcrumb\"},\"inLanguage\":\"fr-FR\",\"potentialAction\":[{\"@type\":\"ReadAction\",\"target\":[\"https:\/\/innovexalgerie.com\/manutention\/produit\/pont-roulant-portique-a-hauteur-ajustable-hbb-2023\/\"]}]},{\"@type\":\"ImageObject\",\"inLanguage\":\"fr-FR\",\"@id\":\"https:\/\/innovexalgerie.com\/manutention\/produit\/pont-roulant-portique-a-hauteur-ajustable-hbb-2023\/#primaryimage\",\"url\":\"https:\/\/innovexalgerie.com\/manutention\/wp-content\/uploads\/2024\/01\/PONT-ROULANT-ELEC-AJUSTABLE-HBB-INNOVEX-.jpg\",\"contentUrl\":\"https:\/\/innovexalgerie.com\/manutention\/wp-content\/uploads\/2024\/01\/PONT-ROULANT-ELEC-AJUSTABLE-HBB-INNOVEX-.jpg\",\"width\":1000,\"height\":1000,\"caption\":\"Pont roulant portique\"},{\"@type\":\"BreadcrumbList\",\"@id\":\"https:\/\/innovexalgerie.com\/manutention\/produit\/pont-roulant-portique-a-hauteur-ajustable-hbb-2023\/#breadcrumb\",\"itemListElement\":[{\"@type\":\"ListItem\",\"position\":1,\"name\":\"Accueil\",\"item\":\"https:\/\/innovexalgerie.com\/manutention\/\"},{\"@type\":\"ListItem\",\"position\":2,\"name\":\"Boutique\",\"item\":\"https:\/\/innovexalgerie.com\/manutention\/boutique\/\"},{\"@type\":\"ListItem\",\"position\":3,\"name\":\"Pont roulant portique \u00e0 hauteur ajustable HBB-2023\"}]},{\"@type\":\"WebSite\",\"@id\":\"https:\/\/innovexalgerie.com\/manutention\/#website\",\"url\":\"https:\/\/innovexalgerie.com\/manutention\/\",\"name\":\"INNOVEX Alg\u00e9rie | Manutention\",\"description\":\"Manutention\",\"publisher\":{\"@id\":\"https:\/\/innovexalgerie.com\/manutention\/#organization\"},\"potentialAction\":[{\"@type\":\"SearchAction\",\"target\":{\"@type\":\"EntryPoint\",\"urlTemplate\":\"https:\/\/innovexalgerie.com\/manutention\/?s={search_term_string}\"},\"query-input\":\"required name=search_term_string\"}],\"inLanguage\":\"fr-FR\"},{\"@type\":\"Organization\",\"@id\":\"https:\/\/innovexalgerie.com\/manutention\/#organization\",\"name\":\"INNOVEX Alg\u00e9rie | Manutention\",\"url\":\"https:\/\/innovexalgerie.com\/manutention\/\",\"logo\":{\"@type\":\"ImageObject\",\"inLanguage\":\"fr-FR\",\"@id\":\"https:\/\/innovexalgerie.com\/manutention\/#\/schema\/logo\/image\/\",\"url\":\"https:\/\/innovexalgerie.com\/manutention\/wp-content\/uploads\/2022\/03\/innovex_manutention_logo.svg\",\"contentUrl\":\"https:\/\/innovexalgerie.com\/manutention\/wp-content\/uploads\/2022\/03\/innovex_manutention_logo.svg\",\"width\":133,\"height\":36,\"caption\":\"INNOVEX Alg\u00e9rie | Manutention\"},\"image\":{\"@id\":\"https:\/\/innovexalgerie.com\/manutention\/#\/schema\/logo\/image\/\"}}]}<\/script>\n<!-- \/ Yoast SEO plugin. -->","yoast_head_json":{"title":"Pont roulant portique \u00e0 hauteur ajustable HBB-2023 - INNOVEX Alg\u00e9rie | Manutention","robots":{"index":"index","follow":"follow","max-snippet":"max-snippet:-1","max-image-preview":"max-image-preview:large","max-video-preview":"max-video-preview:-1"},"canonical":"https:\/\/innovexalgerie.com\/manutention\/produit\/pont-roulant-portique-a-hauteur-ajustable-hbb-2023\/","og_locale":"fr_FR","og_type":"article","og_title":"Pont roulant portique \u00e0 hauteur ajustable HBB-2023 - INNOVEX Alg\u00e9rie | Manutention","og_description":"Pont roulant portique \u00e0 hauteur ajustable, sont largement utilis\u00e9s dans les entrep\u00f4ts, les usines et les chantiers de construction pour faciliter les op\u00e9rations de levage et de d\u00e9placement de mat\u00e9riaux lourds et volumineux.","og_url":"https:\/\/innovexalgerie.com\/manutention\/produit\/pont-roulant-portique-a-hauteur-ajustable-hbb-2023\/","og_site_name":"INNOVEX Alg\u00e9rie | Manutention","article_modified_time":"2024-05-07T08:47:28+00:00","og_image":[{"width":1000,"height":1000,"url":"https:\/\/innovexalgerie.com\/manutention\/wp-content\/uploads\/2024\/01\/PONT-ROULANT-ELEC-AJUSTABLE-HBB-INNOVEX-.jpg","type":"image\/jpeg"}],"twitter_card":"summary_large_image","twitter_misc":{"Dur\u00e9e de lecture estim\u00e9e":"1 minute"},"schema":{"@context":"https:\/\/schema.org","@graph":[{"@type":"WebPage","@id":"https:\/\/innovexalgerie.com\/manutention\/produit\/pont-roulant-portique-a-hauteur-ajustable-hbb-2023\/","url":"https:\/\/innovexalgerie.com\/manutention\/produit\/pont-roulant-portique-a-hauteur-ajustable-hbb-2023\/","name":"Pont roulant portique \u00e0 hauteur ajustable HBB-2023 - INNOVEX Alg\u00e9rie | Manutention","isPartOf":{"@id":"https:\/\/innovexalgerie.com\/manutention\/#website"},"primaryImageOfPage":{"@id":"https:\/\/innovexalgerie.com\/manutention\/produit\/pont-roulant-portique-a-hauteur-ajustable-hbb-2023\/#primaryimage"},"image":{"@id":"https:\/\/innovexalgerie.com\/manutention\/produit\/pont-roulant-portique-a-hauteur-ajustable-hbb-2023\/#primaryimage"},"thumbnailUrl":"https:\/\/innovexalgerie.com\/manutention\/wp-content\/uploads\/2024\/01\/PONT-ROULANT-ELEC-AJUSTABLE-HBB-INNOVEX-.jpg","datePublished":"2024-01-29T10:31:03+00:00","dateModified":"2024-05-07T08:47:28+00:00","breadcrumb":{"@id":"https:\/\/innovexalgerie.com\/manutention\/produit\/pont-roulant-portique-a-hauteur-ajustable-hbb-2023\/#breadcrumb"},"inLanguage":"fr-FR","potentialAction":[{"@type":"ReadAction","target":["https:\/\/innovexalgerie.com\/manutention\/produit\/pont-roulant-portique-a-hauteur-ajustable-hbb-2023\/"]}]},{"@type":"ImageObject","inLanguage":"fr-FR","@id":"https:\/\/innovexalgerie.com\/manutention\/produit\/pont-roulant-portique-a-hauteur-ajustable-hbb-2023\/#primaryimage","url":"https:\/\/innovexalgerie.com\/manutention\/wp-content\/uploads\/2024\/01\/PONT-ROULANT-ELEC-AJUSTABLE-HBB-INNOVEX-.jpg","contentUrl":"https:\/\/innovexalgerie.com\/manutention\/wp-content\/uploads\/2024\/01\/PONT-ROULANT-ELEC-AJUSTABLE-HBB-INNOVEX-.jpg","width":1000,"height":1000,"caption":"Pont roulant portique"},{"@type":"BreadcrumbList","@id":"https:\/\/innovexalgerie.com\/manutention\/produit\/pont-roulant-portique-a-hauteur-ajustable-hbb-2023\/#breadcrumb","itemListElement":[{"@type":"ListItem","position":1,"name":"Accueil","item":"https:\/\/innovexalgerie.com\/manutention\/"},{"@type":"ListItem","position":2,"name":"Boutique","item":"https:\/\/innovexalgerie.com\/manutention\/boutique\/"},{"@type":"ListItem","position":3,"name":"Pont roulant portique \u00e0 hauteur ajustable HBB-2023"}]},{"@type":"WebSite","@id":"https:\/\/innovexalgerie.com\/manutention\/#website","url":"https:\/\/innovexalgerie.com\/manutention\/","name":"INNOVEX Alg\u00e9rie | Manutention","description":"Manutention","publisher":{"@id":"https:\/\/innovexalgerie.com\/manutention\/#organization"},"potentialAction":[{"@type":"SearchAction","target":{"@type":"EntryPoint","urlTemplate":"https:\/\/innovexalgerie.com\/manutention\/?s={search_term_string}"},"query-input":"required name=search_term_string"}],"inLanguage":"fr-FR"},{"@type":"Organization","@id":"https:\/\/innovexalgerie.com\/manutention\/#organization","name":"INNOVEX Alg\u00e9rie | Manutention","url":"https:\/\/innovexalgerie.com\/manutention\/","logo":{"@type":"ImageObject","inLanguage":"fr-FR","@id":"https:\/\/innovexalgerie.com\/manutention\/#\/schema\/logo\/image\/","url":"https:\/\/innovexalgerie.com\/manutention\/wp-content\/uploads\/2022\/03\/innovex_manutention_logo.svg","contentUrl":"https:\/\/innovexalgerie.com\/manutention\/wp-content\/uploads\/2022\/03\/innovex_manutention_logo.svg","width":133,"height":36,"caption":"INNOVEX Alg\u00e9rie | Manutention"},"image":{"@id":"https:\/\/innovexalgerie.com\/manutention\/#\/schema\/logo\/image\/"}}]}},"_links":{"self":[{"href":"https:\/\/innovexalgerie.com\/manutention\/wp-json\/wp\/v2\/product\/3501","targetHints":{"allow":["GET"]}}],"collection":[{"href":"https:\/\/innovexalgerie.com\/manutention\/wp-json\/wp\/v2\/product"}],"about":[{"href":"https:\/\/innovexalgerie.com\/manutention\/wp-json\/wp\/v2\/types\/product"}],"wp:featuredmedia":[{"embeddable":true,"href":"https:\/\/innovexalgerie.com\/manutention\/wp-json\/wp\/v2\/media\/3514"}],"wp:attachment":[{"href":"https:\/\/innovexalgerie.com\/manutention\/wp-json\/wp\/v2\/media?parent=3501"}],"wp:term":[{"taxonomy":"product_cat","embeddable":true,"href":"https:\/\/innovexalgerie.com\/manutention\/wp-json\/wp\/v2\/product_cat?post=3501"},{"taxonomy":"product_tag","embeddable":true,"href":"https:\/\/innovexalgerie.com\/manutention\/wp-json\/wp\/v2\/product_tag?post=3501"}],"curies":[{"name":"wp","href":"https:\/\/api.w.org\/{rel}","templated":true}]}}