{"id":3906,"date":"2024-06-29T15:55:36","date_gmt":"2024-06-29T14:55:36","guid":{"rendered":"https:\/\/innovexalgerie.com\/manutention\/?post_type=product&#038;p=3906"},"modified":"2024-06-30T15:23:28","modified_gmt":"2024-06-30T14:23:28","slug":"chariot-diable-pour-bouteille-a-gaz-ht2046c","status":"publish","type":"product","link":"https:\/\/innovexalgerie.com\/manutention\/produit\/chariot-diable-pour-bouteille-a-gaz-ht2046c\/","title":{"rendered":"Chariot diable pour bouteille \u00e0 gaz HT2046C"},"content":{"rendered":"<p>Chariot diable pour bouteille \u00e0 gaz en acier avec roue stabilisatrice, \u00e0 inclinaison r\u00e9glable l\u00e9ger, maniable et robuste. Con\u00e7u pour transporter facilement des bouteilles \u00e0 gaz, allant jusqu\u2019\u00e0<br \/>\n200kg, est une solution tr\u00e8s efficace pour la manutention des bobine \u00e0 gaz<\/p>\n<ul>\n<li>L\u00e8ve et transporte facilement les bouteilles de gaz.<\/li>\n<li>Support pliable dot\u00e9 d\u2019une cha\u00eene de maintien pour s\u00e9curiser le cylindre.<\/li>\n<li>Diam\u00e8tre maximal du cylindre de 230mm.<\/li>\n<li>\u00c9quip\u00e9 de (02) roues pneumatiques en caoutchouc solide r\u00e9sistant \u00e0 l&rsquo;usure, et 2 roulettes \u00e0 freins pivotantes stabilisatrice<\/li>\n<\/ul>\n","protected":false},"excerpt":{"rendered":"<p>Chariot diable pour bouteille \u00e0 gaz en acier avec roue stabilisatrice, \u00e0 inclinaison r\u00e9glable l\u00e9ger, maniable et robuste. Con\u00e7u pour transporter facilement des bouteilles \u00e0 gaz, allant jusqu\u2019\u00e0<br \/>\n200kg, est une solution tr\u00e8s efficace pour la manutention des bobine \u00e0 gaz<\/p>\n","protected":false},"featured_media":3914,"template":"","meta":{"_monsterinsights_skip_tracking":false,"_monsterinsights_sitenote_active":false,"_monsterinsights_sitenote_note":"","_monsterinsights_sitenote_category":0},"product_cat":[77],"product_tag":[],"class_list":["post-3906","product","type-product","status-publish","has-post-thumbnail","hentry","product_cat-chariot-diable"],"acf":[],"yoast_head":"<!-- This site is optimized with the Yoast SEO plugin v22.6 - https:\/\/yoast.com\/wordpress\/plugins\/seo\/ -->\n<title>Chariot diable pour bouteille \u00e0 gaz HT2046C - INNOVEX Alg\u00e9rie | Manutention<\/title>\n<meta name=\"robots\" content=\"index, follow, max-snippet:-1, max-image-preview:large, max-video-preview:-1\" \/>\n<link rel=\"canonical\" href=\"https:\/\/innovexalgerie.com\/manutention\/produit\/chariot-diable-pour-bouteille-a-gaz-ht2046c\/\" \/>\n<meta property=\"og:locale\" content=\"fr_FR\" \/>\n<meta property=\"og:type\" content=\"article\" \/>\n<meta property=\"og:title\" content=\"Chariot diable pour bouteille \u00e0 gaz HT2046C - INNOVEX Alg\u00e9rie | Manutention\" \/>\n<meta property=\"og:description\" content=\"Chariot diable pour bouteille \u00e0 gaz en acier avec roue stabilisatrice, \u00e0 inclinaison r\u00e9glable l\u00e9ger, maniable et robuste. Con\u00e7u pour transporter facilement des bouteilles \u00e0 gaz, allant jusqu\u2019\u00e0 200kg, est une solution tr\u00e8s efficace pour la manutention des bobine \u00e0 gaz\" \/>\n<meta property=\"og:url\" content=\"https:\/\/innovexalgerie.com\/manutention\/produit\/chariot-diable-pour-bouteille-a-gaz-ht2046c\/\" \/>\n<meta property=\"og:site_name\" content=\"INNOVEX Alg\u00e9rie | Manutention\" \/>\n<meta property=\"article:modified_time\" content=\"2024-06-30T14:23:28+00:00\" \/>\n<meta property=\"og:image\" content=\"https:\/\/innovexalgerie.com\/manutention\/wp-content\/uploads\/2024\/06\/HT2046C-Chariot-diable-pour-bouteille-a-gaz.jpg\" \/>\n\t<meta property=\"og:image:width\" content=\"1000\" \/>\n\t<meta property=\"og:image:height\" content=\"1000\" \/>\n\t<meta property=\"og:image:type\" content=\"image\/jpeg\" \/>\n<meta name=\"twitter:card\" content=\"summary_large_image\" \/>\n<meta name=\"twitter:label1\" content=\"Dur\u00e9e de lecture estim\u00e9e\" \/>\n\t<meta name=\"twitter:data1\" content=\"1 minute\" \/>\n<script type=\"application\/ld+json\" class=\"yoast-schema-graph\">{\"@context\":\"https:\/\/schema.org\",\"@graph\":[{\"@type\":\"WebPage\",\"@id\":\"https:\/\/innovexalgerie.com\/manutention\/produit\/chariot-diable-pour-bouteille-a-gaz-ht2046c\/\",\"url\":\"https:\/\/innovexalgerie.com\/manutention\/produit\/chariot-diable-pour-bouteille-a-gaz-ht2046c\/\",\"name\":\"Chariot diable pour bouteille \u00e0 gaz HT2046C - INNOVEX Alg\u00e9rie | Manutention\",\"isPartOf\":{\"@id\":\"https:\/\/innovexalgerie.com\/manutention\/#website\"},\"primaryImageOfPage\":{\"@id\":\"https:\/\/innovexalgerie.com\/manutention\/produit\/chariot-diable-pour-bouteille-a-gaz-ht2046c\/#primaryimage\"},\"image\":{\"@id\":\"https:\/\/innovexalgerie.com\/manutention\/produit\/chariot-diable-pour-bouteille-a-gaz-ht2046c\/#primaryimage\"},\"thumbnailUrl\":\"https:\/\/innovexalgerie.com\/manutention\/wp-content\/uploads\/2024\/06\/HT2046C-Chariot-diable-pour-bouteille-a-gaz.jpg\",\"datePublished\":\"2024-06-29T14:55:36+00:00\",\"dateModified\":\"2024-06-30T14:23:28+00:00\",\"breadcrumb\":{\"@id\":\"https:\/\/innovexalgerie.com\/manutention\/produit\/chariot-diable-pour-bouteille-a-gaz-ht2046c\/#breadcrumb\"},\"inLanguage\":\"fr-FR\",\"potentialAction\":[{\"@type\":\"ReadAction\",\"target\":[\"https:\/\/innovexalgerie.com\/manutention\/produit\/chariot-diable-pour-bouteille-a-gaz-ht2046c\/\"]}]},{\"@type\":\"ImageObject\",\"inLanguage\":\"fr-FR\",\"@id\":\"https:\/\/innovexalgerie.com\/manutention\/produit\/chariot-diable-pour-bouteille-a-gaz-ht2046c\/#primaryimage\",\"url\":\"https:\/\/innovexalgerie.com\/manutention\/wp-content\/uploads\/2024\/06\/HT2046C-Chariot-diable-pour-bouteille-a-gaz.jpg\",\"contentUrl\":\"https:\/\/innovexalgerie.com\/manutention\/wp-content\/uploads\/2024\/06\/HT2046C-Chariot-diable-pour-bouteille-a-gaz.jpg\",\"width\":1000,\"height\":1000},{\"@type\":\"BreadcrumbList\",\"@id\":\"https:\/\/innovexalgerie.com\/manutention\/produit\/chariot-diable-pour-bouteille-a-gaz-ht2046c\/#breadcrumb\",\"itemListElement\":[{\"@type\":\"ListItem\",\"position\":1,\"name\":\"Accueil\",\"item\":\"https:\/\/innovexalgerie.com\/manutention\/\"},{\"@type\":\"ListItem\",\"position\":2,\"name\":\"Boutique\",\"item\":\"https:\/\/innovexalgerie.com\/manutention\/boutique\/\"},{\"@type\":\"ListItem\",\"position\":3,\"name\":\"Chariot diable pour bouteille \u00e0 gaz HT2046C\"}]},{\"@type\":\"WebSite\",\"@id\":\"https:\/\/innovexalgerie.com\/manutention\/#website\",\"url\":\"https:\/\/innovexalgerie.com\/manutention\/\",\"name\":\"INNOVEX Alg\u00e9rie | Manutention\",\"description\":\"Manutention\",\"publisher\":{\"@id\":\"https:\/\/innovexalgerie.com\/manutention\/#organization\"},\"potentialAction\":[{\"@type\":\"SearchAction\",\"target\":{\"@type\":\"EntryPoint\",\"urlTemplate\":\"https:\/\/innovexalgerie.com\/manutention\/?s={search_term_string}\"},\"query-input\":\"required name=search_term_string\"}],\"inLanguage\":\"fr-FR\"},{\"@type\":\"Organization\",\"@id\":\"https:\/\/innovexalgerie.com\/manutention\/#organization\",\"name\":\"INNOVEX Alg\u00e9rie | Manutention\",\"url\":\"https:\/\/innovexalgerie.com\/manutention\/\",\"logo\":{\"@type\":\"ImageObject\",\"inLanguage\":\"fr-FR\",\"@id\":\"https:\/\/innovexalgerie.com\/manutention\/#\/schema\/logo\/image\/\",\"url\":\"https:\/\/innovexalgerie.com\/manutention\/wp-content\/uploads\/2022\/03\/innovex_manutention_logo.svg\",\"contentUrl\":\"https:\/\/innovexalgerie.com\/manutention\/wp-content\/uploads\/2022\/03\/innovex_manutention_logo.svg\",\"width\":133,\"height\":36,\"caption\":\"INNOVEX Alg\u00e9rie | Manutention\"},\"image\":{\"@id\":\"https:\/\/innovexalgerie.com\/manutention\/#\/schema\/logo\/image\/\"}}]}<\/script>\n<!-- \/ Yoast SEO plugin. -->","yoast_head_json":{"title":"Chariot diable pour bouteille \u00e0 gaz HT2046C - INNOVEX Alg\u00e9rie | Manutention","robots":{"index":"index","follow":"follow","max-snippet":"max-snippet:-1","max-image-preview":"max-image-preview:large","max-video-preview":"max-video-preview:-1"},"canonical":"https:\/\/innovexalgerie.com\/manutention\/produit\/chariot-diable-pour-bouteille-a-gaz-ht2046c\/","og_locale":"fr_FR","og_type":"article","og_title":"Chariot diable pour bouteille \u00e0 gaz HT2046C - INNOVEX Alg\u00e9rie | Manutention","og_description":"Chariot diable pour bouteille \u00e0 gaz en acier avec roue stabilisatrice, \u00e0 inclinaison r\u00e9glable l\u00e9ger, maniable et robuste. Con\u00e7u pour transporter facilement des bouteilles \u00e0 gaz, allant jusqu\u2019\u00e0 200kg, est une solution tr\u00e8s efficace pour la manutention des bobine \u00e0 gaz","og_url":"https:\/\/innovexalgerie.com\/manutention\/produit\/chariot-diable-pour-bouteille-a-gaz-ht2046c\/","og_site_name":"INNOVEX Alg\u00e9rie | Manutention","article_modified_time":"2024-06-30T14:23:28+00:00","og_image":[{"width":1000,"height":1000,"url":"https:\/\/innovexalgerie.com\/manutention\/wp-content\/uploads\/2024\/06\/HT2046C-Chariot-diable-pour-bouteille-a-gaz.jpg","type":"image\/jpeg"}],"twitter_card":"summary_large_image","twitter_misc":{"Dur\u00e9e de lecture estim\u00e9e":"1 minute"},"schema":{"@context":"https:\/\/schema.org","@graph":[{"@type":"WebPage","@id":"https:\/\/innovexalgerie.com\/manutention\/produit\/chariot-diable-pour-bouteille-a-gaz-ht2046c\/","url":"https:\/\/innovexalgerie.com\/manutention\/produit\/chariot-diable-pour-bouteille-a-gaz-ht2046c\/","name":"Chariot diable pour bouteille \u00e0 gaz HT2046C - INNOVEX Alg\u00e9rie | Manutention","isPartOf":{"@id":"https:\/\/innovexalgerie.com\/manutention\/#website"},"primaryImageOfPage":{"@id":"https:\/\/innovexalgerie.com\/manutention\/produit\/chariot-diable-pour-bouteille-a-gaz-ht2046c\/#primaryimage"},"image":{"@id":"https:\/\/innovexalgerie.com\/manutention\/produit\/chariot-diable-pour-bouteille-a-gaz-ht2046c\/#primaryimage"},"thumbnailUrl":"https:\/\/innovexalgerie.com\/manutention\/wp-content\/uploads\/2024\/06\/HT2046C-Chariot-diable-pour-bouteille-a-gaz.jpg","datePublished":"2024-06-29T14:55:36+00:00","dateModified":"2024-06-30T14:23:28+00:00","breadcrumb":{"@id":"https:\/\/innovexalgerie.com\/manutention\/produit\/chariot-diable-pour-bouteille-a-gaz-ht2046c\/#breadcrumb"},"inLanguage":"fr-FR","potentialAction":[{"@type":"ReadAction","target":["https:\/\/innovexalgerie.com\/manutention\/produit\/chariot-diable-pour-bouteille-a-gaz-ht2046c\/"]}]},{"@type":"ImageObject","inLanguage":"fr-FR","@id":"https:\/\/innovexalgerie.com\/manutention\/produit\/chariot-diable-pour-bouteille-a-gaz-ht2046c\/#primaryimage","url":"https:\/\/innovexalgerie.com\/manutention\/wp-content\/uploads\/2024\/06\/HT2046C-Chariot-diable-pour-bouteille-a-gaz.jpg","contentUrl":"https:\/\/innovexalgerie.com\/manutention\/wp-content\/uploads\/2024\/06\/HT2046C-Chariot-diable-pour-bouteille-a-gaz.jpg","width":1000,"height":1000},{"@type":"BreadcrumbList","@id":"https:\/\/innovexalgerie.com\/manutention\/produit\/chariot-diable-pour-bouteille-a-gaz-ht2046c\/#breadcrumb","itemListElement":[{"@type":"ListItem","position":1,"name":"Accueil","item":"https:\/\/innovexalgerie.com\/manutention\/"},{"@type":"ListItem","position":2,"name":"Boutique","item":"https:\/\/innovexalgerie.com\/manutention\/boutique\/"},{"@type":"ListItem","position":3,"name":"Chariot diable pour bouteille \u00e0 gaz HT2046C"}]},{"@type":"WebSite","@id":"https:\/\/innovexalgerie.com\/manutention\/#website","url":"https:\/\/innovexalgerie.com\/manutention\/","name":"INNOVEX Alg\u00e9rie | Manutention","description":"Manutention","publisher":{"@id":"https:\/\/innovexalgerie.com\/manutention\/#organization"},"potentialAction":[{"@type":"SearchAction","target":{"@type":"EntryPoint","urlTemplate":"https:\/\/innovexalgerie.com\/manutention\/?s={search_term_string}"},"query-input":"required name=search_term_string"}],"inLanguage":"fr-FR"},{"@type":"Organization","@id":"https:\/\/innovexalgerie.com\/manutention\/#organization","name":"INNOVEX Alg\u00e9rie | Manutention","url":"https:\/\/innovexalgerie.com\/manutention\/","logo":{"@type":"ImageObject","inLanguage":"fr-FR","@id":"https:\/\/innovexalgerie.com\/manutention\/#\/schema\/logo\/image\/","url":"https:\/\/innovexalgerie.com\/manutention\/wp-content\/uploads\/2022\/03\/innovex_manutention_logo.svg","contentUrl":"https:\/\/innovexalgerie.com\/manutention\/wp-content\/uploads\/2022\/03\/innovex_manutention_logo.svg","width":133,"height":36,"caption":"INNOVEX Alg\u00e9rie | Manutention"},"image":{"@id":"https:\/\/innovexalgerie.com\/manutention\/#\/schema\/logo\/image\/"}}]}},"_links":{"self":[{"href":"https:\/\/innovexalgerie.com\/manutention\/wp-json\/wp\/v2\/product\/3906","targetHints":{"allow":["GET"]}}],"collection":[{"href":"https:\/\/innovexalgerie.com\/manutention\/wp-json\/wp\/v2\/product"}],"about":[{"href":"https:\/\/innovexalgerie.com\/manutention\/wp-json\/wp\/v2\/types\/product"}],"wp:featuredmedia":[{"embeddable":true,"href":"https:\/\/innovexalgerie.com\/manutention\/wp-json\/wp\/v2\/media\/3914"}],"wp:attachment":[{"href":"https:\/\/innovexalgerie.com\/manutention\/wp-json\/wp\/v2\/media?parent=3906"}],"wp:term":[{"taxonomy":"product_cat","embeddable":true,"href":"https:\/\/innovexalgerie.com\/manutention\/wp-json\/wp\/v2\/product_cat?post=3906"},{"taxonomy":"product_tag","embeddable":true,"href":"https:\/\/innovexalgerie.com\/manutention\/wp-json\/wp\/v2\/product_tag?post=3906"}],"curies":[{"name":"wp","href":"https:\/\/api.w.org\/{rel}","templated":true}]}}