{"id":4173,"date":"2024-10-21T16:08:08","date_gmt":"2024-10-21T15:08:08","guid":{"rendered":"https:\/\/innovexalgerie.com\/manutention\/?post_type=product&#038;p=4173"},"modified":"2025-10-22T08:35:44","modified_gmt":"2025-10-22T07:35:44","slug":"tablier-a-deplacement-lateral-sss35f-1100b","status":"publish","type":"product","link":"https:\/\/innovexalgerie.com\/manutention\/produit\/tablier-a-deplacement-lateral-sss35f-1100b\/","title":{"rendered":"Tablier \u00e0 d\u00e9placement lat\u00e9ral 7SSS30-B001"},"content":{"rendered":"<div class=\"chat-list relative custom-scrollbar-reset-margin custom-scrollbar custom-scrollbar-hidden pb-9 flex-1 overflow-y-auto\">\n<div class=\"mx-auto max-w-[790px]\">\n<div class=\"message-item-outer relative px-3\" data-id=\"fb61c22d-10b8-4183-8c60-d416ca19dac4\">\n<div class=\"content-area pl-[26px]\">\n<div class=\"message-item select-text relative\">\n<div class=\"message-inner relative\">\n<div class=\"py-[2px]\">\n<div class=\"flex flex-col gap-2\">\n<div class=\"answer-markdown-box overflow-x-auto select-text custom-scrollbar\">\n<div class=\"markdown-body\">\n<p>Tablier \u00e0 d\u00e9placement lat\u00e9ral <strong>7SSS30-B001<\/strong>\u00a0pour chariot \u00e9l\u00e9vateur, permettent de d\u00e9placer une charge d&rsquo;un c\u00f4t\u00e9 \u00e0 l&rsquo;autre pour un levage et un placement rapides et pr\u00e9cis.<\/p>\n<ul>\n<li>Capacit\u00e9 de charge 3500kg.<\/li>\n<li>Vitesse uniforme: la conception des tiges de v\u00e9rin \u00e0 double extr\u00e9mit\u00e9 permet une vitesse de d\u00e9placement identique dans les deux directions.<\/li>\n<li>\u00a0L&rsquo;accrochage de cet accessoire correspond au norme ISO 3A, il est pratiquement adaptable au chariots de capacit\u00e9 de 2501 au 4999kg.<\/li>\n<li>\u00a0Montage sans soudure: exp\u00e9di\u00e9s pr\u00e9-assembl\u00e9s et graiss\u00e9s, pr\u00eats \u00e0 \u00eatre install\u00e9s, sans soudure ni perforation requises.<\/li>\n<li>La glissi\u00e8re r\u00e9sistante \u00e0 l&rsquo;usure garantit un glissement fluide, tandis que le crochet de coul\u00e9e est stable et solide.<\/li>\n<li>L&rsquo;utilisation de ces taliers pr\u00e9sente de nombreux avantages:<\/li>\n<\/ul>\n<blockquote><p>&#8211; L&rsquo;op\u00e9rateur peut ajuster la position des marchandises de 100 mm.<\/p><\/blockquote>\n<blockquote><p>&#8211; R\u00e9duction du temps et diminution des dommages aux palettes et marchandises, et am\u00e9lioration de la maniabilit\u00e9 dans les angles \u00e9troits.<\/p><\/blockquote>\n<\/div>\n<\/div>\n<\/div>\n<\/div>\n<\/div>\n<\/div>\n<\/div>\n<\/div>\n<\/div>\n<\/div>\n","protected":false},"excerpt":{"rendered":"<p>Tablier \u00e0 d\u00e9placement lat\u00e9ral pour chariot \u00e9l\u00e9vateur, permettent de d\u00e9placer une charge d&rsquo;un c\u00f4t\u00e9 \u00e0 l&rsquo;autre pour un levage et un placement rapides et pr\u00e9cis.<\/p>\n","protected":false},"featured_media":4172,"template":"","meta":{"_monsterinsights_skip_tracking":false,"_monsterinsights_sitenote_active":false,"_monsterinsights_sitenote_note":"","_monsterinsights_sitenote_category":0},"product_cat":[82],"product_tag":[64,37,38,63],"class_list":["post-4173","product","type-product","status-publish","has-post-thumbnail","hentry","product_cat-accessoires-chariot-elevateur","product_tag-fut","product_tag-levage","product_tag-manutention","product_tag-pince"],"acf":[],"yoast_head":"<!-- This site is optimized with the Yoast SEO plugin v22.6 - https:\/\/yoast.com\/wordpress\/plugins\/seo\/ -->\n<title>Tablier \u00e0 d\u00e9placement lat\u00e9ral 7SSS30-B001 - INNOVEX Alg\u00e9rie | Manutention<\/title>\n<meta name=\"description\" content=\"Tablier \u00e0 d\u00e9placement lat\u00e9ral pour chariot \u00e9l\u00e9vateur, permettent de d\u00e9placer une charge d&#039;un c\u00f4t\u00e9 \u00e0 l&#039;autre pour un levage et un placement rapides et pr\u00e9cis\" \/>\n<meta name=\"robots\" content=\"index, follow, max-snippet:-1, max-image-preview:large, max-video-preview:-1\" \/>\n<link rel=\"canonical\" href=\"https:\/\/innovexalgerie.com\/manutention\/produit\/tablier-a-deplacement-lateral-sss35f-1100b\/\" \/>\n<meta property=\"og:locale\" content=\"fr_FR\" \/>\n<meta property=\"og:type\" content=\"article\" \/>\n<meta property=\"og:title\" content=\"Tablier \u00e0 d\u00e9placement lat\u00e9ral 7SSS30-B001 - INNOVEX Alg\u00e9rie | Manutention\" \/>\n<meta property=\"og:description\" content=\"Tablier \u00e0 d\u00e9placement lat\u00e9ral pour chariot \u00e9l\u00e9vateur, permettent de d\u00e9placer une charge d&#039;un c\u00f4t\u00e9 \u00e0 l&#039;autre pour un levage et un placement rapides et pr\u00e9cis\" \/>\n<meta property=\"og:url\" content=\"https:\/\/innovexalgerie.com\/manutention\/produit\/tablier-a-deplacement-lateral-sss35f-1100b\/\" \/>\n<meta property=\"og:site_name\" content=\"INNOVEX Alg\u00e9rie | Manutention\" \/>\n<meta property=\"article:modified_time\" content=\"2025-10-22T07:35:44+00:00\" \/>\n<meta property=\"og:image\" content=\"https:\/\/innovexalgerie.com\/manutention\/wp-content\/uploads\/2024\/10\/Tablier-a-deplacement-lateral-SSS25F-1040A.jpg\" \/>\n\t<meta property=\"og:image:width\" content=\"1000\" \/>\n\t<meta property=\"og:image:height\" content=\"1000\" \/>\n\t<meta property=\"og:image:type\" content=\"image\/jpeg\" \/>\n<meta name=\"twitter:card\" content=\"summary_large_image\" \/>\n<meta name=\"twitter:label1\" content=\"Dur\u00e9e de lecture estim\u00e9e\" \/>\n\t<meta name=\"twitter:data1\" content=\"1 minute\" \/>\n<script type=\"application\/ld+json\" class=\"yoast-schema-graph\">{\"@context\":\"https:\/\/schema.org\",\"@graph\":[{\"@type\":\"WebPage\",\"@id\":\"https:\/\/innovexalgerie.com\/manutention\/produit\/tablier-a-deplacement-lateral-sss35f-1100b\/\",\"url\":\"https:\/\/innovexalgerie.com\/manutention\/produit\/tablier-a-deplacement-lateral-sss35f-1100b\/\",\"name\":\"Tablier \u00e0 d\u00e9placement lat\u00e9ral 7SSS30-B001 - INNOVEX Alg\u00e9rie | Manutention\",\"isPartOf\":{\"@id\":\"https:\/\/innovexalgerie.com\/manutention\/#website\"},\"primaryImageOfPage\":{\"@id\":\"https:\/\/innovexalgerie.com\/manutention\/produit\/tablier-a-deplacement-lateral-sss35f-1100b\/#primaryimage\"},\"image\":{\"@id\":\"https:\/\/innovexalgerie.com\/manutention\/produit\/tablier-a-deplacement-lateral-sss35f-1100b\/#primaryimage\"},\"thumbnailUrl\":\"https:\/\/innovexalgerie.com\/manutention\/wp-content\/uploads\/2024\/10\/Tablier-a-deplacement-lateral-SSS25F-1040A.jpg\",\"datePublished\":\"2024-10-21T15:08:08+00:00\",\"dateModified\":\"2025-10-22T07:35:44+00:00\",\"description\":\"Tablier \u00e0 d\u00e9placement lat\u00e9ral pour chariot \u00e9l\u00e9vateur, permettent de d\u00e9placer une charge d'un c\u00f4t\u00e9 \u00e0 l'autre pour un levage et un placement rapides et pr\u00e9cis\",\"breadcrumb\":{\"@id\":\"https:\/\/innovexalgerie.com\/manutention\/produit\/tablier-a-deplacement-lateral-sss35f-1100b\/#breadcrumb\"},\"inLanguage\":\"fr-FR\",\"potentialAction\":[{\"@type\":\"ReadAction\",\"target\":[\"https:\/\/innovexalgerie.com\/manutention\/produit\/tablier-a-deplacement-lateral-sss35f-1100b\/\"]}]},{\"@type\":\"ImageObject\",\"inLanguage\":\"fr-FR\",\"@id\":\"https:\/\/innovexalgerie.com\/manutention\/produit\/tablier-a-deplacement-lateral-sss35f-1100b\/#primaryimage\",\"url\":\"https:\/\/innovexalgerie.com\/manutention\/wp-content\/uploads\/2024\/10\/Tablier-a-deplacement-lateral-SSS25F-1040A.jpg\",\"contentUrl\":\"https:\/\/innovexalgerie.com\/manutention\/wp-content\/uploads\/2024\/10\/Tablier-a-deplacement-lateral-SSS25F-1040A.jpg\",\"width\":1000,\"height\":1000,\"caption\":\"Tablier \u00e0 d\u00e9placement lat\u00e9ral innovex algerie\"},{\"@type\":\"BreadcrumbList\",\"@id\":\"https:\/\/innovexalgerie.com\/manutention\/produit\/tablier-a-deplacement-lateral-sss35f-1100b\/#breadcrumb\",\"itemListElement\":[{\"@type\":\"ListItem\",\"position\":1,\"name\":\"Accueil\",\"item\":\"https:\/\/innovexalgerie.com\/manutention\/\"},{\"@type\":\"ListItem\",\"position\":2,\"name\":\"Boutique\",\"item\":\"https:\/\/innovexalgerie.com\/manutention\/boutique\/\"},{\"@type\":\"ListItem\",\"position\":3,\"name\":\"Tablier \u00e0 d\u00e9placement lat\u00e9ral 7SSS30-B001\"}]},{\"@type\":\"WebSite\",\"@id\":\"https:\/\/innovexalgerie.com\/manutention\/#website\",\"url\":\"https:\/\/innovexalgerie.com\/manutention\/\",\"name\":\"INNOVEX Alg\u00e9rie | Manutention\",\"description\":\"Manutention\",\"publisher\":{\"@id\":\"https:\/\/innovexalgerie.com\/manutention\/#organization\"},\"potentialAction\":[{\"@type\":\"SearchAction\",\"target\":{\"@type\":\"EntryPoint\",\"urlTemplate\":\"https:\/\/innovexalgerie.com\/manutention\/?s={search_term_string}\"},\"query-input\":\"required name=search_term_string\"}],\"inLanguage\":\"fr-FR\"},{\"@type\":\"Organization\",\"@id\":\"https:\/\/innovexalgerie.com\/manutention\/#organization\",\"name\":\"INNOVEX Alg\u00e9rie | Manutention\",\"url\":\"https:\/\/innovexalgerie.com\/manutention\/\",\"logo\":{\"@type\":\"ImageObject\",\"inLanguage\":\"fr-FR\",\"@id\":\"https:\/\/innovexalgerie.com\/manutention\/#\/schema\/logo\/image\/\",\"url\":\"https:\/\/innovexalgerie.com\/manutention\/wp-content\/uploads\/2022\/03\/innovex_manutention_logo.svg\",\"contentUrl\":\"https:\/\/innovexalgerie.com\/manutention\/wp-content\/uploads\/2022\/03\/innovex_manutention_logo.svg\",\"width\":133,\"height\":36,\"caption\":\"INNOVEX Alg\u00e9rie | Manutention\"},\"image\":{\"@id\":\"https:\/\/innovexalgerie.com\/manutention\/#\/schema\/logo\/image\/\"}}]}<\/script>\n<!-- \/ Yoast SEO plugin. -->","yoast_head_json":{"title":"Tablier \u00e0 d\u00e9placement lat\u00e9ral 7SSS30-B001 - INNOVEX Alg\u00e9rie | Manutention","description":"Tablier \u00e0 d\u00e9placement lat\u00e9ral pour chariot \u00e9l\u00e9vateur, permettent de d\u00e9placer une charge d'un c\u00f4t\u00e9 \u00e0 l'autre pour un levage et un placement rapides et pr\u00e9cis","robots":{"index":"index","follow":"follow","max-snippet":"max-snippet:-1","max-image-preview":"max-image-preview:large","max-video-preview":"max-video-preview:-1"},"canonical":"https:\/\/innovexalgerie.com\/manutention\/produit\/tablier-a-deplacement-lateral-sss35f-1100b\/","og_locale":"fr_FR","og_type":"article","og_title":"Tablier \u00e0 d\u00e9placement lat\u00e9ral 7SSS30-B001 - INNOVEX Alg\u00e9rie | Manutention","og_description":"Tablier \u00e0 d\u00e9placement lat\u00e9ral pour chariot \u00e9l\u00e9vateur, permettent de d\u00e9placer une charge d'un c\u00f4t\u00e9 \u00e0 l'autre pour un levage et un placement rapides et pr\u00e9cis","og_url":"https:\/\/innovexalgerie.com\/manutention\/produit\/tablier-a-deplacement-lateral-sss35f-1100b\/","og_site_name":"INNOVEX Alg\u00e9rie | Manutention","article_modified_time":"2025-10-22T07:35:44+00:00","og_image":[{"width":1000,"height":1000,"url":"https:\/\/innovexalgerie.com\/manutention\/wp-content\/uploads\/2024\/10\/Tablier-a-deplacement-lateral-SSS25F-1040A.jpg","type":"image\/jpeg"}],"twitter_card":"summary_large_image","twitter_misc":{"Dur\u00e9e de lecture estim\u00e9e":"1 minute"},"schema":{"@context":"https:\/\/schema.org","@graph":[{"@type":"WebPage","@id":"https:\/\/innovexalgerie.com\/manutention\/produit\/tablier-a-deplacement-lateral-sss35f-1100b\/","url":"https:\/\/innovexalgerie.com\/manutention\/produit\/tablier-a-deplacement-lateral-sss35f-1100b\/","name":"Tablier \u00e0 d\u00e9placement lat\u00e9ral 7SSS30-B001 - INNOVEX Alg\u00e9rie | Manutention","isPartOf":{"@id":"https:\/\/innovexalgerie.com\/manutention\/#website"},"primaryImageOfPage":{"@id":"https:\/\/innovexalgerie.com\/manutention\/produit\/tablier-a-deplacement-lateral-sss35f-1100b\/#primaryimage"},"image":{"@id":"https:\/\/innovexalgerie.com\/manutention\/produit\/tablier-a-deplacement-lateral-sss35f-1100b\/#primaryimage"},"thumbnailUrl":"https:\/\/innovexalgerie.com\/manutention\/wp-content\/uploads\/2024\/10\/Tablier-a-deplacement-lateral-SSS25F-1040A.jpg","datePublished":"2024-10-21T15:08:08+00:00","dateModified":"2025-10-22T07:35:44+00:00","description":"Tablier \u00e0 d\u00e9placement lat\u00e9ral pour chariot \u00e9l\u00e9vateur, permettent de d\u00e9placer une charge d'un c\u00f4t\u00e9 \u00e0 l'autre pour un levage et un placement rapides et pr\u00e9cis","breadcrumb":{"@id":"https:\/\/innovexalgerie.com\/manutention\/produit\/tablier-a-deplacement-lateral-sss35f-1100b\/#breadcrumb"},"inLanguage":"fr-FR","potentialAction":[{"@type":"ReadAction","target":["https:\/\/innovexalgerie.com\/manutention\/produit\/tablier-a-deplacement-lateral-sss35f-1100b\/"]}]},{"@type":"ImageObject","inLanguage":"fr-FR","@id":"https:\/\/innovexalgerie.com\/manutention\/produit\/tablier-a-deplacement-lateral-sss35f-1100b\/#primaryimage","url":"https:\/\/innovexalgerie.com\/manutention\/wp-content\/uploads\/2024\/10\/Tablier-a-deplacement-lateral-SSS25F-1040A.jpg","contentUrl":"https:\/\/innovexalgerie.com\/manutention\/wp-content\/uploads\/2024\/10\/Tablier-a-deplacement-lateral-SSS25F-1040A.jpg","width":1000,"height":1000,"caption":"Tablier \u00e0 d\u00e9placement lat\u00e9ral innovex algerie"},{"@type":"BreadcrumbList","@id":"https:\/\/innovexalgerie.com\/manutention\/produit\/tablier-a-deplacement-lateral-sss35f-1100b\/#breadcrumb","itemListElement":[{"@type":"ListItem","position":1,"name":"Accueil","item":"https:\/\/innovexalgerie.com\/manutention\/"},{"@type":"ListItem","position":2,"name":"Boutique","item":"https:\/\/innovexalgerie.com\/manutention\/boutique\/"},{"@type":"ListItem","position":3,"name":"Tablier \u00e0 d\u00e9placement lat\u00e9ral 7SSS30-B001"}]},{"@type":"WebSite","@id":"https:\/\/innovexalgerie.com\/manutention\/#website","url":"https:\/\/innovexalgerie.com\/manutention\/","name":"INNOVEX Alg\u00e9rie | Manutention","description":"Manutention","publisher":{"@id":"https:\/\/innovexalgerie.com\/manutention\/#organization"},"potentialAction":[{"@type":"SearchAction","target":{"@type":"EntryPoint","urlTemplate":"https:\/\/innovexalgerie.com\/manutention\/?s={search_term_string}"},"query-input":"required name=search_term_string"}],"inLanguage":"fr-FR"},{"@type":"Organization","@id":"https:\/\/innovexalgerie.com\/manutention\/#organization","name":"INNOVEX Alg\u00e9rie | Manutention","url":"https:\/\/innovexalgerie.com\/manutention\/","logo":{"@type":"ImageObject","inLanguage":"fr-FR","@id":"https:\/\/innovexalgerie.com\/manutention\/#\/schema\/logo\/image\/","url":"https:\/\/innovexalgerie.com\/manutention\/wp-content\/uploads\/2022\/03\/innovex_manutention_logo.svg","contentUrl":"https:\/\/innovexalgerie.com\/manutention\/wp-content\/uploads\/2022\/03\/innovex_manutention_logo.svg","width":133,"height":36,"caption":"INNOVEX Alg\u00e9rie | Manutention"},"image":{"@id":"https:\/\/innovexalgerie.com\/manutention\/#\/schema\/logo\/image\/"}}]}},"_links":{"self":[{"href":"https:\/\/innovexalgerie.com\/manutention\/wp-json\/wp\/v2\/product\/4173","targetHints":{"allow":["GET"]}}],"collection":[{"href":"https:\/\/innovexalgerie.com\/manutention\/wp-json\/wp\/v2\/product"}],"about":[{"href":"https:\/\/innovexalgerie.com\/manutention\/wp-json\/wp\/v2\/types\/product"}],"wp:featuredmedia":[{"embeddable":true,"href":"https:\/\/innovexalgerie.com\/manutention\/wp-json\/wp\/v2\/media\/4172"}],"wp:attachment":[{"href":"https:\/\/innovexalgerie.com\/manutention\/wp-json\/wp\/v2\/media?parent=4173"}],"wp:term":[{"taxonomy":"product_cat","embeddable":true,"href":"https:\/\/innovexalgerie.com\/manutention\/wp-json\/wp\/v2\/product_cat?post=4173"},{"taxonomy":"product_tag","embeddable":true,"href":"https:\/\/innovexalgerie.com\/manutention\/wp-json\/wp\/v2\/product_tag?post=4173"}],"curies":[{"name":"wp","href":"https:\/\/api.w.org\/{rel}","templated":true}]}}