{"id":4176,"date":"2024-10-22T08:48:44","date_gmt":"2024-10-22T07:48:44","guid":{"rendered":"https:\/\/innovexalgerie.com\/manutention\/?post_type=product&#038;p=4176"},"modified":"2025-10-12T12:21:02","modified_gmt":"2025-10-12T11:21:02","slug":"rotateur-de-caisse-special-pour-bac-en-plastique-brh15b-980b","status":"publish","type":"product","link":"https:\/\/innovexalgerie.com\/manutention\/produit\/rotateur-de-caisse-special-pour-bac-en-plastique-brh15b-980b\/","title":{"rendered":"Rotateur de caisse sp\u00e9cial pour bac en plastique BRH15B-980B"},"content":{"rendered":"<div class=\"chat-list relative custom-scrollbar-reset-margin custom-scrollbar custom-scrollbar-hidden pb-9 flex-1 overflow-y-auto\">\n<div class=\"mx-auto max-w-[790px]\">\n<div class=\"message-item-outer relative px-3\" data-id=\"fb61c22d-10b8-4183-8c60-d416ca19dac4\">\n<div class=\"content-area pl-[26px]\">\n<div class=\"message-item select-text relative\">\n<div class=\"message-inner relative\">\n<div class=\"py-[2px]\">\n<div class=\"flex flex-col gap-2\">\n<div class=\"answer-markdown-box overflow-x-auto select-text custom-scrollbar\">\n<div class=\"markdown-body\">\n<p>Rotateur de caisse sp\u00e9cial pour bac en plastique<strong> BRH15B-980B<\/strong> est un accessoire con\u00e7u pour les chariots \u00e9l\u00e9vateurs, sp\u00e9cifiquement destin\u00e9 \u00e0 la manipulation de bacs et conteneurs en plastique diverses dans diverses industries.<\/p>\n<ul>\n<li>Equip\u00e9e d&rsquo;un verin hydraulique vertical pour assurer l&rsquo;attachement du bac en haut et en bas.<\/li>\n<li>Elle est \u00e9quip\u00e9e aussi d&rsquo;un syst\u00e8me hydraulique pour retourner et vider le bac en 180\u00b0.<\/li>\n<li>L&rsquo;accrochage de cet accessoire correspond au norme ISO 3A, il est pratiquement adaptable au chariots de capacit\u00e9<br \/>\nde 2501 au 4999kg.<\/li>\n<li>\u00a0Le syst\u00e8me de verrouillage automatique des fourches maintient le conteneur en place pendant la rotation, et l&#8217;emp\u00eache de glisser ou de tomber.<\/li>\n<li>\u00a0Les bras de serrage sont r\u00e9glables, permettant ainsi de s&rsquo;adapter aux dimensions des conteneurs \u00e0 manipuler.<\/li>\n<li>Am\u00e9liore l&rsquo;efficacit\u00e9 des op\u00e9rations de manutention en particulier la manipulation manuelle des bacs, optimisant ainsi la productivit\u00e9 et la s\u00e9curit\u00e9 dans les environnements industriels.<\/li>\n<\/ul>\n<\/div>\n<\/div>\n<\/div>\n<\/div>\n<\/div>\n<\/div>\n<\/div>\n<\/div>\n<\/div>\n<\/div>\n","protected":false},"excerpt":{"rendered":"<p>Rotateur de caisse est con\u00e7u pour la manipulation et le basculement de bacs en plastique, permet de manipuler et vider des bacs de marchandises, id\u00e9al pour les industries logistiques , agroalimentaires, recyclage, et autres domaines n\u00e9cessitant le vidage ou le d\u00e9placement fr\u00e9quent de bacs ou conteneurs.<\/p>\n","protected":false},"featured_media":4180,"template":"","meta":{"_monsterinsights_skip_tracking":false,"_monsterinsights_sitenote_active":false,"_monsterinsights_sitenote_note":"","_monsterinsights_sitenote_category":0},"product_cat":[82],"product_tag":[64,37,38,63],"class_list":["post-4176","product","type-product","status-publish","has-post-thumbnail","hentry","product_cat-accessoires-chariot-elevateur","product_tag-fut","product_tag-levage","product_tag-manutention","product_tag-pince"],"acf":[],"yoast_head":"<!-- This site is optimized with the Yoast SEO plugin v22.6 - https:\/\/yoast.com\/wordpress\/plugins\/seo\/ -->\n<title>Rotateur de caisse sp\u00e9cial pour bac en plastique BRH15B-980B - INNOVEX Alg\u00e9rie | Manutention<\/title>\n<meta name=\"robots\" content=\"index, follow, max-snippet:-1, max-image-preview:large, max-video-preview:-1\" \/>\n<link rel=\"canonical\" href=\"https:\/\/innovexalgerie.com\/manutention\/produit\/rotateur-de-caisse-special-pour-bac-en-plastique-brh15b-980b\/\" \/>\n<meta property=\"og:locale\" content=\"fr_FR\" \/>\n<meta property=\"og:type\" content=\"article\" \/>\n<meta property=\"og:title\" content=\"Rotateur de caisse sp\u00e9cial pour bac en plastique BRH15B-980B - INNOVEX Alg\u00e9rie | Manutention\" \/>\n<meta property=\"og:description\" content=\"Rotateur de caisse est con\u00e7u pour la manipulation et le basculement de bacs en plastique, permet de manipuler et vider des bacs de marchandises, id\u00e9al pour les industries logistiques , agroalimentaires, recyclage, et autres domaines n\u00e9cessitant le vidage ou le d\u00e9placement fr\u00e9quent de bacs ou conteneurs.\" \/>\n<meta property=\"og:url\" content=\"https:\/\/innovexalgerie.com\/manutention\/produit\/rotateur-de-caisse-special-pour-bac-en-plastique-brh15b-980b\/\" \/>\n<meta property=\"og:site_name\" content=\"INNOVEX Alg\u00e9rie | Manutention\" \/>\n<meta property=\"article:modified_time\" content=\"2025-10-12T11:21:02+00:00\" \/>\n<meta property=\"og:image\" content=\"https:\/\/innovexalgerie.com\/manutention\/wp-content\/uploads\/2024\/10\/Rotateur-de-caisse-special-pour-bac-en-plastique.jpg\" \/>\n\t<meta property=\"og:image:width\" content=\"1000\" \/>\n\t<meta property=\"og:image:height\" content=\"1000\" \/>\n\t<meta property=\"og:image:type\" content=\"image\/jpeg\" \/>\n<meta name=\"twitter:card\" content=\"summary_large_image\" \/>\n<meta name=\"twitter:label1\" content=\"Dur\u00e9e de lecture estim\u00e9e\" \/>\n\t<meta name=\"twitter:data1\" content=\"1 minute\" \/>\n<script type=\"application\/ld+json\" class=\"yoast-schema-graph\">{\"@context\":\"https:\/\/schema.org\",\"@graph\":[{\"@type\":\"WebPage\",\"@id\":\"https:\/\/innovexalgerie.com\/manutention\/produit\/rotateur-de-caisse-special-pour-bac-en-plastique-brh15b-980b\/\",\"url\":\"https:\/\/innovexalgerie.com\/manutention\/produit\/rotateur-de-caisse-special-pour-bac-en-plastique-brh15b-980b\/\",\"name\":\"Rotateur de caisse sp\u00e9cial pour bac en plastique BRH15B-980B - INNOVEX Alg\u00e9rie | Manutention\",\"isPartOf\":{\"@id\":\"https:\/\/innovexalgerie.com\/manutention\/#website\"},\"primaryImageOfPage\":{\"@id\":\"https:\/\/innovexalgerie.com\/manutention\/produit\/rotateur-de-caisse-special-pour-bac-en-plastique-brh15b-980b\/#primaryimage\"},\"image\":{\"@id\":\"https:\/\/innovexalgerie.com\/manutention\/produit\/rotateur-de-caisse-special-pour-bac-en-plastique-brh15b-980b\/#primaryimage\"},\"thumbnailUrl\":\"https:\/\/innovexalgerie.com\/manutention\/wp-content\/uploads\/2024\/10\/Rotateur-de-caisse-special-pour-bac-en-plastique.jpg\",\"datePublished\":\"2024-10-22T07:48:44+00:00\",\"dateModified\":\"2025-10-12T11:21:02+00:00\",\"breadcrumb\":{\"@id\":\"https:\/\/innovexalgerie.com\/manutention\/produit\/rotateur-de-caisse-special-pour-bac-en-plastique-brh15b-980b\/#breadcrumb\"},\"inLanguage\":\"fr-FR\",\"potentialAction\":[{\"@type\":\"ReadAction\",\"target\":[\"https:\/\/innovexalgerie.com\/manutention\/produit\/rotateur-de-caisse-special-pour-bac-en-plastique-brh15b-980b\/\"]}]},{\"@type\":\"ImageObject\",\"inLanguage\":\"fr-FR\",\"@id\":\"https:\/\/innovexalgerie.com\/manutention\/produit\/rotateur-de-caisse-special-pour-bac-en-plastique-brh15b-980b\/#primaryimage\",\"url\":\"https:\/\/innovexalgerie.com\/manutention\/wp-content\/uploads\/2024\/10\/Rotateur-de-caisse-special-pour-bac-en-plastique.jpg\",\"contentUrl\":\"https:\/\/innovexalgerie.com\/manutention\/wp-content\/uploads\/2024\/10\/Rotateur-de-caisse-special-pour-bac-en-plastique.jpg\",\"width\":1000,\"height\":1000,\"caption\":\"Rotateur de caisse sp\u00e9cial pour bac en plastique innovex algerie\"},{\"@type\":\"BreadcrumbList\",\"@id\":\"https:\/\/innovexalgerie.com\/manutention\/produit\/rotateur-de-caisse-special-pour-bac-en-plastique-brh15b-980b\/#breadcrumb\",\"itemListElement\":[{\"@type\":\"ListItem\",\"position\":1,\"name\":\"Accueil\",\"item\":\"https:\/\/innovexalgerie.com\/manutention\/\"},{\"@type\":\"ListItem\",\"position\":2,\"name\":\"Boutique\",\"item\":\"https:\/\/innovexalgerie.com\/manutention\/boutique\/\"},{\"@type\":\"ListItem\",\"position\":3,\"name\":\"Rotateur de caisse sp\u00e9cial pour bac en plastique BRH15B-980B\"}]},{\"@type\":\"WebSite\",\"@id\":\"https:\/\/innovexalgerie.com\/manutention\/#website\",\"url\":\"https:\/\/innovexalgerie.com\/manutention\/\",\"name\":\"INNOVEX Alg\u00e9rie | Manutention\",\"description\":\"Manutention\",\"publisher\":{\"@id\":\"https:\/\/innovexalgerie.com\/manutention\/#organization\"},\"potentialAction\":[{\"@type\":\"SearchAction\",\"target\":{\"@type\":\"EntryPoint\",\"urlTemplate\":\"https:\/\/innovexalgerie.com\/manutention\/?s={search_term_string}\"},\"query-input\":\"required name=search_term_string\"}],\"inLanguage\":\"fr-FR\"},{\"@type\":\"Organization\",\"@id\":\"https:\/\/innovexalgerie.com\/manutention\/#organization\",\"name\":\"INNOVEX Alg\u00e9rie | Manutention\",\"url\":\"https:\/\/innovexalgerie.com\/manutention\/\",\"logo\":{\"@type\":\"ImageObject\",\"inLanguage\":\"fr-FR\",\"@id\":\"https:\/\/innovexalgerie.com\/manutention\/#\/schema\/logo\/image\/\",\"url\":\"https:\/\/innovexalgerie.com\/manutention\/wp-content\/uploads\/2022\/03\/innovex_manutention_logo.svg\",\"contentUrl\":\"https:\/\/innovexalgerie.com\/manutention\/wp-content\/uploads\/2022\/03\/innovex_manutention_logo.svg\",\"width\":133,\"height\":36,\"caption\":\"INNOVEX Alg\u00e9rie | Manutention\"},\"image\":{\"@id\":\"https:\/\/innovexalgerie.com\/manutention\/#\/schema\/logo\/image\/\"}}]}<\/script>\n<!-- \/ Yoast SEO plugin. -->","yoast_head_json":{"title":"Rotateur de caisse sp\u00e9cial pour bac en plastique BRH15B-980B - INNOVEX Alg\u00e9rie | Manutention","robots":{"index":"index","follow":"follow","max-snippet":"max-snippet:-1","max-image-preview":"max-image-preview:large","max-video-preview":"max-video-preview:-1"},"canonical":"https:\/\/innovexalgerie.com\/manutention\/produit\/rotateur-de-caisse-special-pour-bac-en-plastique-brh15b-980b\/","og_locale":"fr_FR","og_type":"article","og_title":"Rotateur de caisse sp\u00e9cial pour bac en plastique BRH15B-980B - INNOVEX Alg\u00e9rie | Manutention","og_description":"Rotateur de caisse est con\u00e7u pour la manipulation et le basculement de bacs en plastique, permet de manipuler et vider des bacs de marchandises, id\u00e9al pour les industries logistiques , agroalimentaires, recyclage, et autres domaines n\u00e9cessitant le vidage ou le d\u00e9placement fr\u00e9quent de bacs ou conteneurs.","og_url":"https:\/\/innovexalgerie.com\/manutention\/produit\/rotateur-de-caisse-special-pour-bac-en-plastique-brh15b-980b\/","og_site_name":"INNOVEX Alg\u00e9rie | Manutention","article_modified_time":"2025-10-12T11:21:02+00:00","og_image":[{"width":1000,"height":1000,"url":"https:\/\/innovexalgerie.com\/manutention\/wp-content\/uploads\/2024\/10\/Rotateur-de-caisse-special-pour-bac-en-plastique.jpg","type":"image\/jpeg"}],"twitter_card":"summary_large_image","twitter_misc":{"Dur\u00e9e de lecture estim\u00e9e":"1 minute"},"schema":{"@context":"https:\/\/schema.org","@graph":[{"@type":"WebPage","@id":"https:\/\/innovexalgerie.com\/manutention\/produit\/rotateur-de-caisse-special-pour-bac-en-plastique-brh15b-980b\/","url":"https:\/\/innovexalgerie.com\/manutention\/produit\/rotateur-de-caisse-special-pour-bac-en-plastique-brh15b-980b\/","name":"Rotateur de caisse sp\u00e9cial pour bac en plastique BRH15B-980B - INNOVEX Alg\u00e9rie | Manutention","isPartOf":{"@id":"https:\/\/innovexalgerie.com\/manutention\/#website"},"primaryImageOfPage":{"@id":"https:\/\/innovexalgerie.com\/manutention\/produit\/rotateur-de-caisse-special-pour-bac-en-plastique-brh15b-980b\/#primaryimage"},"image":{"@id":"https:\/\/innovexalgerie.com\/manutention\/produit\/rotateur-de-caisse-special-pour-bac-en-plastique-brh15b-980b\/#primaryimage"},"thumbnailUrl":"https:\/\/innovexalgerie.com\/manutention\/wp-content\/uploads\/2024\/10\/Rotateur-de-caisse-special-pour-bac-en-plastique.jpg","datePublished":"2024-10-22T07:48:44+00:00","dateModified":"2025-10-12T11:21:02+00:00","breadcrumb":{"@id":"https:\/\/innovexalgerie.com\/manutention\/produit\/rotateur-de-caisse-special-pour-bac-en-plastique-brh15b-980b\/#breadcrumb"},"inLanguage":"fr-FR","potentialAction":[{"@type":"ReadAction","target":["https:\/\/innovexalgerie.com\/manutention\/produit\/rotateur-de-caisse-special-pour-bac-en-plastique-brh15b-980b\/"]}]},{"@type":"ImageObject","inLanguage":"fr-FR","@id":"https:\/\/innovexalgerie.com\/manutention\/produit\/rotateur-de-caisse-special-pour-bac-en-plastique-brh15b-980b\/#primaryimage","url":"https:\/\/innovexalgerie.com\/manutention\/wp-content\/uploads\/2024\/10\/Rotateur-de-caisse-special-pour-bac-en-plastique.jpg","contentUrl":"https:\/\/innovexalgerie.com\/manutention\/wp-content\/uploads\/2024\/10\/Rotateur-de-caisse-special-pour-bac-en-plastique.jpg","width":1000,"height":1000,"caption":"Rotateur de caisse sp\u00e9cial pour bac en plastique innovex algerie"},{"@type":"BreadcrumbList","@id":"https:\/\/innovexalgerie.com\/manutention\/produit\/rotateur-de-caisse-special-pour-bac-en-plastique-brh15b-980b\/#breadcrumb","itemListElement":[{"@type":"ListItem","position":1,"name":"Accueil","item":"https:\/\/innovexalgerie.com\/manutention\/"},{"@type":"ListItem","position":2,"name":"Boutique","item":"https:\/\/innovexalgerie.com\/manutention\/boutique\/"},{"@type":"ListItem","position":3,"name":"Rotateur de caisse sp\u00e9cial pour bac en plastique BRH15B-980B"}]},{"@type":"WebSite","@id":"https:\/\/innovexalgerie.com\/manutention\/#website","url":"https:\/\/innovexalgerie.com\/manutention\/","name":"INNOVEX Alg\u00e9rie | Manutention","description":"Manutention","publisher":{"@id":"https:\/\/innovexalgerie.com\/manutention\/#organization"},"potentialAction":[{"@type":"SearchAction","target":{"@type":"EntryPoint","urlTemplate":"https:\/\/innovexalgerie.com\/manutention\/?s={search_term_string}"},"query-input":"required name=search_term_string"}],"inLanguage":"fr-FR"},{"@type":"Organization","@id":"https:\/\/innovexalgerie.com\/manutention\/#organization","name":"INNOVEX Alg\u00e9rie | Manutention","url":"https:\/\/innovexalgerie.com\/manutention\/","logo":{"@type":"ImageObject","inLanguage":"fr-FR","@id":"https:\/\/innovexalgerie.com\/manutention\/#\/schema\/logo\/image\/","url":"https:\/\/innovexalgerie.com\/manutention\/wp-content\/uploads\/2022\/03\/innovex_manutention_logo.svg","contentUrl":"https:\/\/innovexalgerie.com\/manutention\/wp-content\/uploads\/2022\/03\/innovex_manutention_logo.svg","width":133,"height":36,"caption":"INNOVEX Alg\u00e9rie | Manutention"},"image":{"@id":"https:\/\/innovexalgerie.com\/manutention\/#\/schema\/logo\/image\/"}}]}},"_links":{"self":[{"href":"https:\/\/innovexalgerie.com\/manutention\/wp-json\/wp\/v2\/product\/4176","targetHints":{"allow":["GET"]}}],"collection":[{"href":"https:\/\/innovexalgerie.com\/manutention\/wp-json\/wp\/v2\/product"}],"about":[{"href":"https:\/\/innovexalgerie.com\/manutention\/wp-json\/wp\/v2\/types\/product"}],"wp:featuredmedia":[{"embeddable":true,"href":"https:\/\/innovexalgerie.com\/manutention\/wp-json\/wp\/v2\/media\/4180"}],"wp:attachment":[{"href":"https:\/\/innovexalgerie.com\/manutention\/wp-json\/wp\/v2\/media?parent=4176"}],"wp:term":[{"taxonomy":"product_cat","embeddable":true,"href":"https:\/\/innovexalgerie.com\/manutention\/wp-json\/wp\/v2\/product_cat?post=4176"},{"taxonomy":"product_tag","embeddable":true,"href":"https:\/\/innovexalgerie.com\/manutention\/wp-json\/wp\/v2\/product_tag?post=4176"}],"curies":[{"name":"wp","href":"https:\/\/api.w.org\/{rel}","templated":true}]}}