{"id":1057,"date":"2022-11-07T09:07:59","date_gmt":"2022-11-07T08:07:59","guid":{"rendered":"https:\/\/innovexalgerie.com\/pieces\/?post_type=product&#038;p=1057"},"modified":"2022-11-07T09:14:16","modified_gmt":"2022-11-07T08:14:16","slug":"joint-silicone-en-grade-alimentaire-15x30mm","status":"publish","type":"product","link":"https:\/\/innovexalgerie.com\/pieces\/produit\/teflon\/silicone-transparent\/joint-silicone-en-grade-alimentaire-15x30mm\/","title":{"rendered":"Joint Silicone en Grade Alimentaire 15x30mm"},"content":{"rendered":"","protected":false},"excerpt":{"rendered":"<p>Joint Silicone en Grade Alimentaire Carr\u00e9e, r\u00e9sistant \u00e0 haute Temp\u00e9rature Imperm\u00e9able \u00e0 l&rsquo;eau Absorption des Chocs.<\/p>\n","protected":false},"featured_media":1058,"template":"","meta":{"inline_featured_image":false,"_monsterinsights_skip_tracking":false,"_monsterinsights_sitenote_active":false,"_monsterinsights_sitenote_note":"","_monsterinsights_sitenote_category":0},"product_cat":[22,70],"product_tag":[],"class_list":["post-1057","product","type-product","status-publish","has-post-thumbnail","hentry","product_cat-teflon","product_cat-silicone-transparent"],"acf":[],"_links":{"self":[{"href":"https:\/\/innovexalgerie.com\/pieces\/wp-json\/wp\/v2\/product\/1057","targetHints":{"allow":["GET"]}}],"collection":[{"href":"https:\/\/innovexalgerie.com\/pieces\/wp-json\/wp\/v2\/product"}],"about":[{"href":"https:\/\/innovexalgerie.com\/pieces\/wp-json\/wp\/v2\/types\/product"}],"wp:featuredmedia":[{"embeddable":true,"href":"https:\/\/innovexalgerie.com\/pieces\/wp-json\/wp\/v2\/media\/1058"}],"wp:attachment":[{"href":"https:\/\/innovexalgerie.com\/pieces\/wp-json\/wp\/v2\/media?parent=1057"}],"wp:term":[{"taxonomy":"product_cat","embeddable":true,"href":"https:\/\/innovexalgerie.com\/pieces\/wp-json\/wp\/v2\/product_cat?post=1057"},{"taxonomy":"product_tag","embeddable":true,"href":"https:\/\/innovexalgerie.com\/pieces\/wp-json\/wp\/v2\/product_tag?post=1057"}],"curies":[{"name":"wp","href":"https:\/\/api.w.org\/{rel}","templated":true}]}}