{"id":2670,"date":"2024-10-03T10:52:36","date_gmt":"2024-10-03T09:52:36","guid":{"rendered":"https:\/\/innovexalgerie.com\/pieces\/?post_type=product&#038;p=2670"},"modified":"2024-10-03T10:54:53","modified_gmt":"2024-10-03T09:54:53","slug":"tube-resistance-fardeleuse-a-cloche-ys-zb-4255","status":"publish","type":"product","link":"https:\/\/innovexalgerie.com\/pieces\/produit\/emballage\/fardeleuse\/tube-resistance-fardeleuse-a-cloche-ys-zb-4255\/","title":{"rendered":"Tube R\u00e9sistance fardeleuse  \u00e0 cloche YS-ZB 4255"},"content":{"rendered":"<p>Tube R\u00e9sistance fardeleuse \u00e0 cloche YS-ZB 4255<\/p>\n","protected":false},"excerpt":{"rendered":"<p>Tube R\u00e9sistance fardeleuse \u00e0 cloche YS-ZB 4255<\/p>\n","protected":false},"featured_media":2671,"template":"","meta":{"inline_featured_image":false,"_monsterinsights_skip_tracking":false,"_monsterinsights_sitenote_active":false,"_monsterinsights_sitenote_note":"","_monsterinsights_sitenote_category":0},"product_cat":[24,141,77,88],"product_tag":[],"class_list":["post-2670","product","type-product","status-publish","has-post-thumbnail","hentry","product_cat-resistance","product_cat-tube-resistance-ailette","product_cat-emballage","product_cat-fardeleuse"],"acf":[],"_links":{"self":[{"href":"https:\/\/innovexalgerie.com\/pieces\/wp-json\/wp\/v2\/product\/2670","targetHints":{"allow":["GET"]}}],"collection":[{"href":"https:\/\/innovexalgerie.com\/pieces\/wp-json\/wp\/v2\/product"}],"about":[{"href":"https:\/\/innovexalgerie.com\/pieces\/wp-json\/wp\/v2\/types\/product"}],"wp:featuredmedia":[{"embeddable":true,"href":"https:\/\/innovexalgerie.com\/pieces\/wp-json\/wp\/v2\/media\/2671"}],"wp:attachment":[{"href":"https:\/\/innovexalgerie.com\/pieces\/wp-json\/wp\/v2\/media?parent=2670"}],"wp:term":[{"taxonomy":"product_cat","embeddable":true,"href":"https:\/\/innovexalgerie.com\/pieces\/wp-json\/wp\/v2\/product_cat?post=2670"},{"taxonomy":"product_tag","embeddable":true,"href":"https:\/\/innovexalgerie.com\/pieces\/wp-json\/wp\/v2\/product_tag?post=2670"}],"curies":[{"name":"wp","href":"https:\/\/api.w.org\/{rel}","templated":true}]}}