{"id":719,"date":"2022-09-25T09:46:07","date_gmt":"2022-09-25T08:46:07","guid":{"rendered":"https:\/\/innovexalgerie.com\/pieces\/?post_type=product&#038;p=719"},"modified":"2022-09-26T09:12:54","modified_gmt":"2022-09-26T08:12:54","slug":"moteur-yn70-15","status":"publish","type":"product","link":"https:\/\/innovexalgerie.com\/pieces\/produit\/moteurs\/moteur-yn70-15\/","title":{"rendered":"Moteur YN70-15"},"content":{"rendered":"<p data-spm-anchor-id=\"a2700.details.0.i12.7bd03e83kZps72\"><span class=\"\">Moteur YN70-15 monophas\u00e9 \u00e0 engrenage \u00e9lectrique, 15w tension 220V avec vitesse 1300\/1500 tours par minute.<\/span><\/p>\n<p data-spm-anchor-id=\"a2700.details.0.i4.335b3ea35Ye1VI\">\n","protected":false},"excerpt":{"rendered":"<p><span class=\"\">Moteur YN70-15 monophas\u00e9 \u00e0 engrenage \u00e9lectrique, 15w tension 220V avec vitesse 1300\/1500 tours par minute.<\/span><\/p>\n","protected":false},"featured_media":721,"template":"","meta":{"inline_featured_image":false,"_monsterinsights_skip_tracking":false,"_monsterinsights_sitenote_active":false,"_monsterinsights_sitenote_note":"","_monsterinsights_sitenote_category":0},"product_cat":[30],"product_tag":[],"class_list":["post-719","product","type-product","status-publish","has-post-thumbnail","hentry","product_cat-moteurs"],"acf":[],"_links":{"self":[{"href":"https:\/\/innovexalgerie.com\/pieces\/wp-json\/wp\/v2\/product\/719","targetHints":{"allow":["GET"]}}],"collection":[{"href":"https:\/\/innovexalgerie.com\/pieces\/wp-json\/wp\/v2\/product"}],"about":[{"href":"https:\/\/innovexalgerie.com\/pieces\/wp-json\/wp\/v2\/types\/product"}],"wp:featuredmedia":[{"embeddable":true,"href":"https:\/\/innovexalgerie.com\/pieces\/wp-json\/wp\/v2\/media\/721"}],"wp:attachment":[{"href":"https:\/\/innovexalgerie.com\/pieces\/wp-json\/wp\/v2\/media?parent=719"}],"wp:term":[{"taxonomy":"product_cat","embeddable":true,"href":"https:\/\/innovexalgerie.com\/pieces\/wp-json\/wp\/v2\/product_cat?post=719"},{"taxonomy":"product_tag","embeddable":true,"href":"https:\/\/innovexalgerie.com\/pieces\/wp-json\/wp\/v2\/product_tag?post=719"}],"curies":[{"name":"wp","href":"https:\/\/api.w.org\/{rel}","templated":true}]}}