{"id":745,"date":"2022-09-26T15:53:55","date_gmt":"2022-09-26T14:53:55","guid":{"rendered":"https:\/\/innovexalgerie.com\/pieces\/?post_type=product&#038;p=745"},"modified":"2022-09-26T15:53:55","modified_gmt":"2022-09-26T14:53:55","slug":"moteur-yl7154","status":"publish","type":"product","link":"https:\/\/innovexalgerie.com\/pieces\/produit\/moteurs\/moteur-yl7154\/","title":{"rendered":"Moteur YL7154"},"content":{"rendered":"<p><span class=\"\">Moteur YL7154 monophas\u00e9 \u00e0 engrenage \u00e9lectrique, 1000w tension 220V avec alimentation de 6.0A.<\/span><\/p>\n","protected":false},"excerpt":{"rendered":"<p><span class=\"\">Moteur YL7154 monophas\u00e9 \u00e0 engrenage \u00e9lectrique, 1000w tension 220V avec alimentation de 6.0A.<\/span><\/p>\n","protected":false},"featured_media":746,"template":"","meta":{"inline_featured_image":false,"_monsterinsights_skip_tracking":false,"_monsterinsights_sitenote_active":false,"_monsterinsights_sitenote_note":"","_monsterinsights_sitenote_category":0},"product_cat":[30],"product_tag":[],"class_list":["post-745","product","type-product","status-publish","has-post-thumbnail","hentry","product_cat-moteurs"],"acf":[],"_links":{"self":[{"href":"https:\/\/innovexalgerie.com\/pieces\/wp-json\/wp\/v2\/product\/745","targetHints":{"allow":["GET"]}}],"collection":[{"href":"https:\/\/innovexalgerie.com\/pieces\/wp-json\/wp\/v2\/product"}],"about":[{"href":"https:\/\/innovexalgerie.com\/pieces\/wp-json\/wp\/v2\/types\/product"}],"wp:featuredmedia":[{"embeddable":true,"href":"https:\/\/innovexalgerie.com\/pieces\/wp-json\/wp\/v2\/media\/746"}],"wp:attachment":[{"href":"https:\/\/innovexalgerie.com\/pieces\/wp-json\/wp\/v2\/media?parent=745"}],"wp:term":[{"taxonomy":"product_cat","embeddable":true,"href":"https:\/\/innovexalgerie.com\/pieces\/wp-json\/wp\/v2\/product_cat?post=745"},{"taxonomy":"product_tag","embeddable":true,"href":"https:\/\/innovexalgerie.com\/pieces\/wp-json\/wp\/v2\/product_tag?post=745"}],"curies":[{"name":"wp","href":"https:\/\/api.w.org\/{rel}","templated":true}]}}