{"id":756,"date":"2022-09-28T09:45:33","date_gmt":"2022-09-28T08:45:33","guid":{"rendered":"https:\/\/innovexalgerie.com\/pieces\/?post_type=product&#038;p=756"},"modified":"2023-01-18T12:31:16","modified_gmt":"2023-01-18T11:31:16","slug":"moteur-asr-80-c4","status":"publish","type":"product","link":"https:\/\/innovexalgerie.com\/pieces\/produit\/moteurs\/moteur-asr-80-c4\/","title":{"rendered":"Moteur ASR 80 C4"},"content":{"rendered":"<p><span class=\"\">\u00a0Moteur ASR 80 C4 monophas\u00e9 \u00e0 engrenage \u00e9lectrique, 750w tension 220V avec alimentation de 5.5A.<\/span><\/p>\n","protected":false},"excerpt":{"rendered":"<p><span class=\"\">Moteur ASR 80 C4 monophas\u00e9 \u00e0 engrenage \u00e9lectrique, 750w tension 220V avec alimentation de 5.5A.<\/span><\/p>\n","protected":false},"featured_media":1677,"template":"","meta":{"inline_featured_image":false,"_monsterinsights_skip_tracking":false,"_monsterinsights_sitenote_active":false,"_monsterinsights_sitenote_note":"","_monsterinsights_sitenote_category":0},"product_cat":[30],"product_tag":[],"class_list":["post-756","product","type-product","status-publish","has-post-thumbnail","hentry","product_cat-moteurs"],"acf":[],"_links":{"self":[{"href":"https:\/\/innovexalgerie.com\/pieces\/wp-json\/wp\/v2\/product\/756","targetHints":{"allow":["GET"]}}],"collection":[{"href":"https:\/\/innovexalgerie.com\/pieces\/wp-json\/wp\/v2\/product"}],"about":[{"href":"https:\/\/innovexalgerie.com\/pieces\/wp-json\/wp\/v2\/types\/product"}],"wp:featuredmedia":[{"embeddable":true,"href":"https:\/\/innovexalgerie.com\/pieces\/wp-json\/wp\/v2\/media\/1677"}],"wp:attachment":[{"href":"https:\/\/innovexalgerie.com\/pieces\/wp-json\/wp\/v2\/media?parent=756"}],"wp:term":[{"taxonomy":"product_cat","embeddable":true,"href":"https:\/\/innovexalgerie.com\/pieces\/wp-json\/wp\/v2\/product_cat?post=756"},{"taxonomy":"product_tag","embeddable":true,"href":"https:\/\/innovexalgerie.com\/pieces\/wp-json\/wp\/v2\/product_tag?post=756"}],"curies":[{"name":"wp","href":"https:\/\/api.w.org\/{rel}","templated":true}]}}