{"id":773,"date":"2022-10-02T10:46:53","date_gmt":"2022-10-02T09:46:53","guid":{"rendered":"https:\/\/innovexalgerie.com\/pieces\/?post_type=product&#038;p=773"},"modified":"2022-10-02T10:48:58","modified_gmt":"2022-10-02T09:48:58","slug":"batterie-6-evf-150a","status":"publish","type":"product","link":"https:\/\/innovexalgerie.com\/pieces\/produit\/batteries\/batterie-6-evf-150a\/","title":{"rendered":"Batterie 6-EVF-150A"},"content":{"rendered":"<p>Batterie 6-EVF-150A, Chilwee EVF Series VRLA Gel Battery adopte technologies de pointe internationales pour assurer les batteries avec des caract\u00e9ristiques de long cycle, une grande capacit\u00e9 de d\u00e9charge actuelle, une fiabilit\u00e9 et une s\u00e9curit\u00e9 \u00e9lev\u00e9es, con\u00e7ues pour les v\u00e9hicules \u00e9lectriques: voiturettes de golf et autres \u00e9quipements de traction \u00e9lectrique.<\/p>\n","protected":false},"excerpt":{"rendered":"<p>Batterie 6-EVF-150A, Chilwee EVF Series VRLA Gel Battery adopte technologies de pointe internationales pour assurer les batteries avec des caract\u00e9ristiques de long cycle.<\/p>\n","protected":false},"featured_media":774,"template":"","meta":{"inline_featured_image":false,"_monsterinsights_skip_tracking":false,"_monsterinsights_sitenote_active":false,"_monsterinsights_sitenote_note":"","_monsterinsights_sitenote_category":0},"product_cat":[44],"product_tag":[],"class_list":["post-773","product","type-product","status-publish","has-post-thumbnail","hentry","product_cat-batteries"],"acf":[],"_links":{"self":[{"href":"https:\/\/innovexalgerie.com\/pieces\/wp-json\/wp\/v2\/product\/773","targetHints":{"allow":["GET"]}}],"collection":[{"href":"https:\/\/innovexalgerie.com\/pieces\/wp-json\/wp\/v2\/product"}],"about":[{"href":"https:\/\/innovexalgerie.com\/pieces\/wp-json\/wp\/v2\/types\/product"}],"wp:featuredmedia":[{"embeddable":true,"href":"https:\/\/innovexalgerie.com\/pieces\/wp-json\/wp\/v2\/media\/774"}],"wp:attachment":[{"href":"https:\/\/innovexalgerie.com\/pieces\/wp-json\/wp\/v2\/media?parent=773"}],"wp:term":[{"taxonomy":"product_cat","embeddable":true,"href":"https:\/\/innovexalgerie.com\/pieces\/wp-json\/wp\/v2\/product_cat?post=773"},{"taxonomy":"product_tag","embeddable":true,"href":"https:\/\/innovexalgerie.com\/pieces\/wp-json\/wp\/v2\/product_tag?post=773"}],"curies":[{"name":"wp","href":"https:\/\/api.w.org\/{rel}","templated":true}]}}