{"id":775,"date":"2022-10-02T16:27:38","date_gmt":"2022-10-02T15:27:38","guid":{"rendered":"https:\/\/innovexalgerie.com\/pieces\/?post_type=product&#038;p=775"},"modified":"2023-01-16T11:54:23","modified_gmt":"2023-01-16T10:54:23","slug":"chargeur-de-batterie-czb5c-e24v-50a","status":"publish","type":"product","link":"https:\/\/innovexalgerie.com\/pieces\/produit\/manutention\/gerbeurs\/chargeur-batterie\/chargeur-de-batterie-czb5c-e24v-50a\/","title":{"rendered":"Chargeur de batterie CZB5C E24v\/45"},"content":{"rendered":"<p data-spm-anchor-id=\"a2700.details.0.i7.32677369lQ8qOg\">Chargeur de batterie CZB5C E24v\/45 intelligent multi chargeur de batterie pour v\u00e9hicule \u00e9lectrique de camion de palette de chariot \u00e9l\u00e9vateur empileur chariot de golf<span id=\"title-tag\"><\/span><\/p>\n","protected":false},"excerpt":{"rendered":"<p>Chargeur de batterie CZB5C E24v\/45 intelligent multi chargeur de batterie pour v\u00e9hicule \u00e9lectrique de camion de palette de chariot \u00e9l\u00e9vateur empileur chariot de golf.<\/p>\n","protected":false},"featured_media":776,"template":"","meta":{"inline_featured_image":false,"_monsterinsights_skip_tracking":false,"_monsterinsights_sitenote_active":false,"_monsterinsights_sitenote_note":"","_monsterinsights_sitenote_category":0},"product_cat":[45,91],"product_tag":[],"class_list":["post-775","product","type-product","status-publish","has-post-thumbnail","hentry","product_cat-chargeurs-batterie","product_cat-chargeur-batterie"],"acf":[],"_links":{"self":[{"href":"https:\/\/innovexalgerie.com\/pieces\/wp-json\/wp\/v2\/product\/775","targetHints":{"allow":["GET"]}}],"collection":[{"href":"https:\/\/innovexalgerie.com\/pieces\/wp-json\/wp\/v2\/product"}],"about":[{"href":"https:\/\/innovexalgerie.com\/pieces\/wp-json\/wp\/v2\/types\/product"}],"wp:featuredmedia":[{"embeddable":true,"href":"https:\/\/innovexalgerie.com\/pieces\/wp-json\/wp\/v2\/media\/776"}],"wp:attachment":[{"href":"https:\/\/innovexalgerie.com\/pieces\/wp-json\/wp\/v2\/media?parent=775"}],"wp:term":[{"taxonomy":"product_cat","embeddable":true,"href":"https:\/\/innovexalgerie.com\/pieces\/wp-json\/wp\/v2\/product_cat?post=775"},{"taxonomy":"product_tag","embeddable":true,"href":"https:\/\/innovexalgerie.com\/pieces\/wp-json\/wp\/v2\/product_tag?post=775"}],"curies":[{"name":"wp","href":"https:\/\/api.w.org\/{rel}","templated":true}]}}