{"id":777,"date":"2022-10-03T10:35:38","date_gmt":"2022-10-03T09:35:38","guid":{"rendered":"https:\/\/innovexalgerie.com\/pieces\/?post_type=product&#038;p=777"},"modified":"2023-01-16T11:54:30","modified_gmt":"2023-01-16T10:54:30","slug":"chargeur-de-batterie-gys-batium-15-24","status":"publish","type":"product","link":"https:\/\/innovexalgerie.com\/pieces\/produit\/manutention\/gerbeurs\/chargeur-batterie\/chargeur-de-batterie-gys-batium-15-24\/","title":{"rendered":"Chargeur de batterie GYS Batium 15-24"},"content":{"rendered":"<p>Chargeur de batterie GYS Batium 15-24 s\u2019adapte \u00e0 toutes les batteries 6, 12 ou 24 V d\u2019intensit\u00e9 35 \u00e0 225 Ah que vous retrouverez sur des motos, automobiles, camions, v\u00e9hicules de chantier, tracteurs et m\u00eame des poids lourds. Sa recharge automatique sans surveillance et son syst\u00e8me \u00ab SOS Recovery \u00bb qui r\u00e9g\u00e9n\u00e8re les batteries en cours de sulfatation, offrent une utilisation compl\u00e8te et intelligente.<\/p>\n<ul>\n<li>Chargeur automatique sans surveillance<\/li>\n<li>Charge \u00e0 100%\u00a0tous types de batteries au plomb 6\/12\/24V<\/li>\n<li>Pour\u00a0VL,\u00a0PL\u00a0ou\u00a0tracteurs\u00a0(batteries jusqu\u2019\u00e0 225Ah)<\/li>\n<li>Protection de l\u2019\u00e9lectronique embarqu\u00e9e<\/li>\n<li>D\u00e9connexion de la batterie du v\u00e9hicule non obligatoire* pour une charge courante<\/li>\n<li>Recharge\u00a0m\u00eame les\u00a0batteries fortement d\u00e9charg\u00e9es<\/li>\n<li>R\u00e9g\u00e9n\u00e8re\u00a0les batteries\u00a0en cours de sulfatation<\/li>\n<li>Charge rapide\u00a0gr\u00e2ce \u00e0 sa courbe IwUoU<\/li>\n<\/ul>\n","protected":false},"excerpt":{"rendered":"<p>Chargeur de batterie GYS Batium 15-24 s\u2019adapte \u00e0 toutes les batteries 6, 12 ou 24 V d\u2019intensit\u00e9 35 \u00e0 225 Ah que vous retrouverez sur des motos, automobiles, camions, v\u00e9hicules de chantier, tracteurs et m\u00eame des poids lourds<\/p>\n","protected":false},"featured_media":778,"template":"","meta":{"inline_featured_image":false,"_monsterinsights_skip_tracking":false,"_monsterinsights_sitenote_active":false,"_monsterinsights_sitenote_note":"","_monsterinsights_sitenote_category":0},"product_cat":[45,91],"product_tag":[],"class_list":["post-777","product","type-product","status-publish","has-post-thumbnail","hentry","product_cat-chargeurs-batterie","product_cat-chargeur-batterie"],"acf":[],"_links":{"self":[{"href":"https:\/\/innovexalgerie.com\/pieces\/wp-json\/wp\/v2\/product\/777","targetHints":{"allow":["GET"]}}],"collection":[{"href":"https:\/\/innovexalgerie.com\/pieces\/wp-json\/wp\/v2\/product"}],"about":[{"href":"https:\/\/innovexalgerie.com\/pieces\/wp-json\/wp\/v2\/types\/product"}],"wp:featuredmedia":[{"embeddable":true,"href":"https:\/\/innovexalgerie.com\/pieces\/wp-json\/wp\/v2\/media\/778"}],"wp:attachment":[{"href":"https:\/\/innovexalgerie.com\/pieces\/wp-json\/wp\/v2\/media?parent=777"}],"wp:term":[{"taxonomy":"product_cat","embeddable":true,"href":"https:\/\/innovexalgerie.com\/pieces\/wp-json\/wp\/v2\/product_cat?post=777"},{"taxonomy":"product_tag","embeddable":true,"href":"https:\/\/innovexalgerie.com\/pieces\/wp-json\/wp\/v2\/product_tag?post=777"}],"curies":[{"name":"wp","href":"https:\/\/api.w.org\/{rel}","templated":true}]}}