{"id":926,"date":"2022-10-31T12:30:01","date_gmt":"2022-10-31T11:30:01","guid":{"rendered":"https:\/\/innovexalgerie.com\/pieces\/?post_type=product&#038;p=926"},"modified":"2024-10-16T08:55:10","modified_gmt":"2024-10-16T07:55:10","slug":"regulateurs-de-vitesse-de-moteur","status":"publish","type":"product","link":"https:\/\/innovexalgerie.com\/pieces\/produit\/manutention\/gerbeurs\/piece-gerbeur\/regulateurs-de-vitesse-de-moteur\/","title":{"rendered":"Contr\u00f4leurs de vitesse de moteur"},"content":{"rendered":"<p>Les contr\u00f4leurs de vitesse de moteur Curtis mod\u00e8les 1212P et 1212S offrent un contr\u00f4le efficace et optimis\u00e9 des moteurs d&rsquo;entra\u00eenement \u00e0 aimants permanents pour les v\u00e9hicules industriels aliment\u00e9s par batterie.<\/p>\n","protected":false},"excerpt":{"rendered":"<p>Les contr\u00f4leurs de vitesse de moteur Curtis mod\u00e8les 1212P et 1212S offrent un contr\u00f4le efficace et optimis\u00e9 des moteurs d&rsquo;entra\u00eenement \u00e0 aimants permanents pour les v\u00e9hicules industriels aliment\u00e9s par batterie.<\/p>\n","protected":false},"featured_media":929,"template":"","meta":{"inline_featured_image":false,"_monsterinsights_skip_tracking":false,"_monsterinsights_sitenote_active":false,"_monsterinsights_sitenote_note":"","_monsterinsights_sitenote_category":0},"product_cat":[75,78,92,144],"product_tag":[],"class_list":["post-926","product","type-product","status-publish","has-post-thumbnail","hentry","product_cat-manutention","product_cat-gerbeurs","product_cat-piece-gerbeur","product_cat-pieces-electriques-2"],"acf":[],"_links":{"self":[{"href":"https:\/\/innovexalgerie.com\/pieces\/wp-json\/wp\/v2\/product\/926","targetHints":{"allow":["GET"]}}],"collection":[{"href":"https:\/\/innovexalgerie.com\/pieces\/wp-json\/wp\/v2\/product"}],"about":[{"href":"https:\/\/innovexalgerie.com\/pieces\/wp-json\/wp\/v2\/types\/product"}],"wp:featuredmedia":[{"embeddable":true,"href":"https:\/\/innovexalgerie.com\/pieces\/wp-json\/wp\/v2\/media\/929"}],"wp:attachment":[{"href":"https:\/\/innovexalgerie.com\/pieces\/wp-json\/wp\/v2\/media?parent=926"}],"wp:term":[{"taxonomy":"product_cat","embeddable":true,"href":"https:\/\/innovexalgerie.com\/pieces\/wp-json\/wp\/v2\/product_cat?post=926"},{"taxonomy":"product_tag","embeddable":true,"href":"https:\/\/innovexalgerie.com\/pieces\/wp-json\/wp\/v2\/product_tag?post=926"}],"curies":[{"name":"wp","href":"https:\/\/api.w.org\/{rel}","templated":true}]}}